--
--



--
-- Name: plpgsql; Type: EXTENSION; Schema: -; Owner: -
--

CREATE EXTENSION IF NOT EXISTS plpgsql WITH SCHEMA pg_catalog;


--
-- Name: EXTENSION plpgsql; Type: COMMENT; Schema: -; Owner: -
--

COMMENT ON EXTENSION plpgsql IS 'PL/pgSQL procedural language';


--
-- Name: update_user_delete(); Type: FUNCTION; Schema: public; Owner: -
--

CREATE FUNCTION public.update_user_delete() RETURNS trigger
    LANGUAGE plpgsql
    AS $$


BEGIN


	IF (TG_OP = 'DELETE') THEN


		DELETE FROM "organizations_users" WHERE "user_id" = OLD."id";


		DELETE FROM "boards_users" WHERE "user_id" = OLD."id";


		DELETE FROM "cards_users" WHERE "user_id" = OLD."id";


		DELETE FROM "card_voters" WHERE "user_id" = OLD."id";


		RETURN OLD;


	END IF;


END;


$$;


--
-- Name: acl_board_links_seq; Type: SEQUENCE; Schema: public; Owner: -
--

CREATE SEQUENCE public.acl_board_links_seq
    START WITH 1
    INCREMENT BY 1
    NO MINVALUE
    NO MAXVALUE
    CACHE 1;




--
-- Name: acl_board_links; Type: TABLE; Schema: public; Owner: -
--

CREATE TABLE public.acl_board_links (
    id bigint DEFAULT nextval('public.acl_board_links_seq'::regclass) NOT NULL,
    created timestamp without time zone NOT NULL,
    modified timestamp without time zone NOT NULL,
    name character varying(255) NOT NULL,
    url character varying(255) NOT NULL,
    method character varying(255) NOT NULL,
    slug character varying(255) NOT NULL,
    group_id smallint,
    is_hide smallint DEFAULT (0)::smallint NOT NULL
);


--
-- Name: acl_board_links_boards_user_roles_seq; Type: SEQUENCE; Schema: public; Owner: -
--

CREATE SEQUENCE public.acl_board_links_boards_user_roles_seq
    START WITH 1
    INCREMENT BY 1
    NO MINVALUE
    NO MAXVALUE
    CACHE 1;


--
-- Name: acl_board_links_boards_user_roles; Type: TABLE; Schema: public; Owner: -
--

CREATE TABLE public.acl_board_links_boards_user_roles (
    id bigint DEFAULT nextval('public.acl_board_links_boards_user_roles_seq'::regclass) NOT NULL,
    created timestamp without time zone NOT NULL,
    modified timestamp without time zone NOT NULL,
    acl_board_link_id bigint NOT NULL,
    board_user_role_id bigint NOT NULL
);


--
-- Name: acl_board_links_listing; Type: VIEW; Schema: public; Owner: -
--

CREATE VIEW public.acl_board_links_listing AS
 SELECT ablbur.board_user_role_id,
    abl.slug,
    abl.url,
    abl.method
   FROM (public.acl_board_links_boards_user_roles ablbur
     JOIN public.acl_board_links abl ON ((abl.id = ablbur.acl_board_link_id)));


--
-- Name: acl_links_id_seq; Type: SEQUENCE; Schema: public; Owner: -
--

CREATE SEQUENCE public.acl_links_id_seq
    START WITH 1
    INCREMENT BY 1
    NO MINVALUE
    NO MAXVALUE
    CACHE 1;


--
-- Name: acl_links; Type: TABLE; Schema: public; Owner: -
--

CREATE TABLE public.acl_links (
    id bigint DEFAULT nextval('public.acl_links_id_seq'::regclass) NOT NULL,
    created timestamp without time zone NOT NULL,
    modified timestamp without time zone NOT NULL,
    name character varying(255) NOT NULL,
    url character varying(255) NOT NULL,
    method character varying(255) NOT NULL,
    slug character varying(255) NOT NULL,
    group_id smallint,
    is_user_action smallint DEFAULT (0)::smallint NOT NULL,
    is_guest_action smallint DEFAULT (0)::smallint NOT NULL,
    is_admin_action smallint DEFAULT (0)::smallint NOT NULL,
    is_hide smallint DEFAULT (0)::smallint NOT NULL,
    is_default boolean DEFAULT false NOT NULL
);


--
-- Name: acl_links_roles_roles_id_seq; Type: SEQUENCE; Schema: public; Owner: -
--

CREATE SEQUENCE public.acl_links_roles_roles_id_seq
    START WITH 1
    INCREMENT BY 1
    NO MINVALUE
    NO MAXVALUE
    CACHE 1;


--
-- Name: acl_links_roles; Type: TABLE; Schema: public; Owner: -
--

CREATE TABLE public.acl_links_roles (
    id bigint DEFAULT nextval('public.acl_links_roles_roles_id_seq'::regclass) NOT NULL,
    created timestamp without time zone NOT NULL,
    modified timestamp without time zone NOT NULL,
    acl_link_id bigint NOT NULL,
    role_id bigint NOT NULL
);


--
-- Name: acl_links_listing; Type: VIEW; Schema: public; Owner: -
--

CREATE VIEW public.acl_links_listing AS
 SELECT aclr.role_id,
    acl.slug,
    acl.url,
    acl.method,
    acl.is_default
   FROM (public.acl_links_roles aclr
     JOIN public.acl_links acl ON ((acl.id = aclr.acl_link_id)));


--
-- Name: acl_organization_links_seq; Type: SEQUENCE; Schema: public; Owner: -
--

CREATE SEQUENCE public.acl_organization_links_seq
    START WITH 1
    INCREMENT BY 1
    NO MINVALUE
    NO MAXVALUE
    CACHE 1;


--
-- Name: acl_organization_links; Type: TABLE; Schema: public; Owner: -
--

CREATE TABLE public.acl_organization_links (
    id bigint DEFAULT nextval('public.acl_organization_links_seq'::regclass) NOT NULL,
    created timestamp without time zone NOT NULL,
    modified timestamp without time zone NOT NULL,
    name character varying(255) NOT NULL,
    url character varying(255) NOT NULL,
    method character varying(255) NOT NULL,
    slug character varying(255) NOT NULL,
    group_id smallint,
    is_hide smallint DEFAULT (0)::smallint NOT NULL
);


--
-- Name: acl_organization_links_organizations_user_roles_seq; Type: SEQUENCE; Schema: public; Owner: -
--

CREATE SEQUENCE public.acl_organization_links_organizations_user_roles_seq
    START WITH 1
    INCREMENT BY 1
    NO MINVALUE
    NO MAXVALUE
    CACHE 1;


--
-- Name: acl_organization_links_organizations_user_roles; Type: TABLE; Schema: public; Owner: -
--

CREATE TABLE public.acl_organization_links_organizations_user_roles (
    id bigint DEFAULT nextval('public.acl_organization_links_organizations_user_roles_seq'::regclass) NOT NULL,
    created timestamp without time zone NOT NULL,
    modified timestamp without time zone NOT NULL,
    acl_organization_link_id bigint NOT NULL,
    organization_user_role_id bigint NOT NULL
);


--
-- Name: acl_organization_links_listing; Type: VIEW; Schema: public; Owner: -
--

CREATE VIEW public.acl_organization_links_listing AS
 SELECT aolour.organization_user_role_id,
    aol.slug,
    aol.url,
    aol.method
   FROM (public.acl_organization_links_organizations_user_roles aolour
     JOIN public.acl_organization_links aol ON ((aol.id = aolour.acl_organization_link_id)));


--
-- Name: activities_id_seq; Type: SEQUENCE; Schema: public; Owner: -
--

CREATE SEQUENCE public.activities_id_seq
    START WITH 1
    INCREMENT BY 1
    NO MINVALUE
    NO MAXVALUE
    CACHE 1;


--
-- Name: boards_id_seq; Type: SEQUENCE; Schema: public; Owner: -
--

CREATE SEQUENCE public.boards_id_seq
    START WITH 1
    INCREMENT BY 1
    NO MINVALUE
    NO MAXVALUE
    CACHE 1;


--
-- Name: boards; Type: TABLE; Schema: public; Owner: -
--

CREATE TABLE public.boards (
    id bigint DEFAULT nextval('public.boards_id_seq'::regclass) NOT NULL,
    created timestamp without time zone NOT NULL,
    modified timestamp without time zone NOT NULL,
    user_id bigint NOT NULL,
    organization_id bigint DEFAULT 0,
    name text NOT NULL,
    board_visibility smallint,
    background_color character varying(255),
    background_picture_url text,
    commenting_permissions smallint,
    voting_permissions smallint,
    inivitation_permissions smallint,
    is_closed boolean DEFAULT false NOT NULL,
    is_allow_organization_members_to_join boolean DEFAULT false NOT NULL,
    boards_user_count bigint DEFAULT 0,
    list_count bigint DEFAULT 0,
    card_count bigint DEFAULT 0,
    boards_subscriber_count bigint DEFAULT 0,
    background_pattern_url character varying(255),
    boards_star_count bigint DEFAULT 0,
    is_show_image_front_of_card boolean DEFAULT true,
    background_picture_path character varying(255),
    music_name character varying(255),
    music_content text,
    archived_list_count bigint DEFAULT (0)::bigint,
    archived_card_count bigint DEFAULT (0)::bigint,
    default_email_list_id bigint DEFAULT (0)::bigint NOT NULL,
    is_default_email_position_as_bottom boolean DEFAULT false NOT NULL,
    custom_fields text,
    auto_subscribe_on_board boolean DEFAULT true NOT NULL,
    auto_subscribe_on_card boolean DEFAULT true NOT NULL,
    sort_by character varying(255),
    sort_direction character varying(255),
    support_list_id bigint,
    support_custom_fields text,
    is_expand_image_front_of_card boolean DEFAULT false NOT NULL,
    show_pending_checklist_item boolean DEFAULT false NOT NULL,
    CONSTRAINT name CHECK ((char_length(name) > 0))
);


--
-- Name: cards_id_seq; Type: SEQUENCE; Schema: public; Owner: -
--

CREATE SEQUENCE public.cards_id_seq
    START WITH 1
    INCREMENT BY 1
    NO MINVALUE
    NO MAXVALUE
    CACHE 1;


--
-- Name: cards; Type: TABLE; Schema: public; Owner: -
--

CREATE TABLE public.cards (
    id bigint DEFAULT nextval('public.cards_id_seq'::regclass) NOT NULL,
    created timestamp without time zone NOT NULL,
    modified timestamp without time zone NOT NULL,
    board_id bigint NOT NULL,
    list_id bigint NOT NULL,
    name text NOT NULL,
    description text,
    due_date timestamp without time zone,
    "position" double precision NOT NULL,
    is_archived boolean DEFAULT false NOT NULL,
    attachment_count bigint DEFAULT 0,
    checklist_count bigint DEFAULT 0,
    checklist_item_count bigint DEFAULT 0,
    checklist_item_completed_count bigint DEFAULT 0,
    label_count bigint DEFAULT 0,
    cards_user_count bigint DEFAULT 0,
    cards_subscriber_count bigint DEFAULT 0,
    card_voter_count bigint DEFAULT 0,
    activity_count bigint DEFAULT 0,
    user_id bigint NOT NULL,
    is_deleted boolean DEFAULT false NOT NULL,
    comment_count bigint DEFAULT (0)::bigint,
    custom_fields text,
    color character varying(255),
    is_due_date_notification_sent boolean DEFAULT false NOT NULL,
    archived_date timestamp without time zone,
    cover_image_id bigint,
    CONSTRAINT name CHECK ((char_length(name) > 0))
);


--
-- Name: checklist_items_id_seq; Type: SEQUENCE; Schema: public; Owner: -
--

CREATE SEQUENCE public.checklist_items_id_seq
    START WITH 1
    INCREMENT BY 1
    NO MINVALUE
    NO MAXVALUE
    CACHE 1;


--
-- Name: checklist_items; Type: TABLE; Schema: public; Owner: -
--

CREATE TABLE public.checklist_items (
    id bigint DEFAULT nextval('public.checklist_items_id_seq'::regclass) NOT NULL,
    created timestamp without time zone NOT NULL,
    modified timestamp without time zone NOT NULL,
    user_id bigint NOT NULL,
    card_id bigint NOT NULL,
    checklist_id bigint NOT NULL,
    name text NOT NULL,
    is_completed boolean DEFAULT false NOT NULL,
    "position" double precision NOT NULL,
    CONSTRAINT name CHECK ((char_length(name) > 0))
);


--
-- Name: checklists_id_seq; Type: SEQUENCE; Schema: public; Owner: -
--

CREATE SEQUENCE public.checklists_id_seq
    START WITH 1
    INCREMENT BY 1
    NO MINVALUE
    NO MAXVALUE
    CACHE 1;


--
-- Name: checklists; Type: TABLE; Schema: public; Owner: -
--

CREATE TABLE public.checklists (
    id bigint DEFAULT nextval('public.checklists_id_seq'::regclass) NOT NULL,
    created timestamp without time zone NOT NULL,
    modified timestamp without time zone NOT NULL,
    user_id bigint NOT NULL,
    card_id bigint NOT NULL,
    name character varying(255) NOT NULL,
    checklist_item_count bigint DEFAULT 0,
    checklist_item_completed_count bigint DEFAULT 0,
    "position" double precision NOT NULL,
    CONSTRAINT name CHECK ((char_length((name)::text) > 0))
);


--
-- Name: labels_id_seq; Type: SEQUENCE; Schema: public; Owner: -
--

CREATE SEQUENCE public.labels_id_seq
    START WITH 1
    INCREMENT BY 1
    NO MINVALUE
    NO MAXVALUE
    CACHE 1;


--
-- Name: labels; Type: TABLE; Schema: public; Owner: -
--

CREATE TABLE public.labels (
    id bigint DEFAULT nextval('public.labels_id_seq'::regclass) NOT NULL,
    created timestamp without time zone NOT NULL,
    modified timestamp without time zone NOT NULL,
    name character varying(255) NOT NULL,
    card_count bigint DEFAULT 0 NOT NULL,
    color character varying,
    CONSTRAINT name CHECK ((char_length((name)::text) > 0))
);


--
-- Name: lists_id_seq; Type: SEQUENCE; Schema: public; Owner: -
--

CREATE SEQUENCE public.lists_id_seq
    START WITH 1
    INCREMENT BY 1
    NO MINVALUE
    NO MAXVALUE
    CACHE 1;


--
-- Name: lists; Type: TABLE; Schema: public; Owner: -
--

CREATE TABLE public.lists (
    id bigint DEFAULT nextval('public.lists_id_seq'::regclass) NOT NULL,
    created timestamp without time zone NOT NULL,
    modified timestamp without time zone NOT NULL,
    board_id bigint NOT NULL,
    user_id bigint NOT NULL,
    name character varying(255) NOT NULL,
    "position" double precision NOT NULL,
    is_archived boolean DEFAULT false NOT NULL,
    card_count bigint DEFAULT 0,
    lists_subscriber_count bigint DEFAULT 0,
    is_deleted boolean DEFAULT false NOT NULL,
    custom_fields text,
    color character varying(255),
    CONSTRAINT name CHECK ((char_length((name)::text) > 0))
);


--
-- Name: organizations_id_seq; Type: SEQUENCE; Schema: public; Owner: -
--

CREATE SEQUENCE public.organizations_id_seq
    START WITH 1
    INCREMENT BY 1
    NO MINVALUE
    NO MAXVALUE
    CACHE 1;


--
-- Name: organizations; Type: TABLE; Schema: public; Owner: -
--

CREATE TABLE public.organizations (
    id bigint DEFAULT nextval('public.organizations_id_seq'::regclass) NOT NULL,
    created timestamp without time zone NOT NULL,
    modified timestamp without time zone NOT NULL,
    user_id bigint NOT NULL,
    name character varying(255) NOT NULL,
    website_url character varying(255),
    description text,
    logo_url character varying(255),
    organization_visibility smallint DEFAULT 1,
    organizations_user_count bigint DEFAULT 0,
    board_count bigint DEFAULT 0,
    CONSTRAINT name CHECK ((char_length((name)::text) > 0))
);


--
-- Name: users_id_seq; Type: SEQUENCE; Schema: public; Owner: -
--

CREATE SEQUENCE public.users_id_seq
    START WITH 2
    INCREMENT BY 1
    NO MINVALUE
    NO MAXVALUE
    CACHE 1;


--
-- Name: boards_users_id_seq; Type: SEQUENCE; Schema: public; Owner: -
--

CREATE SEQUENCE public.boards_users_id_seq
    START WITH 1
    INCREMENT BY 1
    NO MINVALUE
    NO MAXVALUE
    CACHE 1;


--
-- Name: boards_users; Type: TABLE; Schema: public; Owner: -
--

CREATE TABLE public.boards_users (
    id bigint DEFAULT nextval('public.boards_users_id_seq'::regclass) NOT NULL,
    created timestamp without time zone NOT NULL,
    modified timestamp without time zone NOT NULL,
    board_id bigint NOT NULL,
    user_id bigint NOT NULL,
    board_user_role_id smallint DEFAULT (0)::smallint NOT NULL
);


--
-- Name: cities; Type: TABLE; Schema: public; Owner: -
--

CREATE TABLE public.cities (
    id bigint NOT NULL,
    created timestamp without time zone,
    modified timestamp without time zone,
    country_id bigint,
    state_id bigint,
    latitude character varying(255),
    longitude character varying(255),
    name character varying(255),
    is_active boolean DEFAULT false
);


--
-- Name: countries; Type: TABLE; Schema: public; Owner: -
--

CREATE TABLE public.countries (
    id bigint NOT NULL,
    iso_alpha2 character(2) DEFAULT NULL::bpchar,
    iso_alpha3 character(3) DEFAULT NULL::bpchar,
    iso_numeric bigint,
    fips_code character varying(3) DEFAULT NULL::character varying,
    name character varying(200) DEFAULT NULL::character varying,
    capital character varying(200) DEFAULT NULL::character varying,
    areainsqkm double precision,
    population bigint,
    continent character(2) DEFAULT NULL::bpchar,
    tld character(3) DEFAULT NULL::bpchar,
    currency character(3) DEFAULT NULL::bpchar,
    currencyname character(20) DEFAULT NULL::bpchar,
    phone character(10) DEFAULT NULL::bpchar,
    postalcodeformat character(20) DEFAULT NULL::bpchar,
    postalcoderegex character(20) DEFAULT NULL::bpchar,
    languages character varying(200) DEFAULT NULL::character varying,
    geonameid bigint,
    neighbours character(20) DEFAULT NULL::bpchar,
    equivalentfipscode character(10) DEFAULT NULL::bpchar,
    created timestamp without time zone,
    iso2 character varying(2),
    iso3 character varying(3),
    modified timestamp without time zone
);


--
-- Name: ips_id_seq; Type: SEQUENCE; Schema: public; Owner: -
--

CREATE SEQUENCE public.ips_id_seq
    START WITH 1
    INCREMENT BY 1
    NO MINVALUE
    NO MAXVALUE
    CACHE 1;


--
-- Name: ips; Type: TABLE; Schema: public; Owner: -
--

CREATE TABLE public.ips (
    id bigint DEFAULT nextval('public.ips_id_seq'::regclass) NOT NULL,
    created timestamp without time zone,
    modified timestamp without time zone,
    ip character varying(255) NOT NULL,
    host character varying(255) NOT NULL,
    user_agent character varying(255) NOT NULL,
    "order" integer DEFAULT 0,
    city_id bigint,
    state_id bigint,
    country_id bigint,
    latitude double precision,
    longitude double precision
);


--
-- Name: login_types_id_seq; Type: SEQUENCE; Schema: public; Owner: -
--

CREATE SEQUENCE public.login_types_id_seq
    START WITH 1
    INCREMENT BY 1
    NO MINVALUE
    NO MAXVALUE
    CACHE 1;


--
-- Name: login_types; Type: TABLE; Schema: public; Owner: -
--

CREATE TABLE public.login_types (
    id bigint DEFAULT nextval('public.login_types_id_seq'::regclass) NOT NULL,
    created timestamp without time zone NOT NULL,
    modified timestamp without time zone NOT NULL,
    name character varying(255) NOT NULL
);


--
-- Name: states; Type: TABLE; Schema: public; Owner: -
--

CREATE TABLE public.states (
    id bigint NOT NULL,
    created timestamp without time zone,
    modified timestamp without time zone,
    country_id bigint,
    name character varying(45),
    is_active boolean DEFAULT false
);


--
-- Name: admin_users_listing; Type: VIEW; Schema: public; Owner: -
--

CREATE VIEW public.admin_users_listing AS
 SELECT users.id,
    users.role_id,
    users.username,
    users.password,
    users.email,
    users.full_name,
    users.initials,
    users.about_me,
    users.profile_picture_path,
    users.notification_frequency,
    (users.is_allow_desktop_notification)::integer AS is_allow_desktop_notification,
    (users.is_active)::integer AS is_active,
    (users.is_email_confirmed)::integer AS is_email_confirmed,
    users.created_organization_count,
    users.created_board_count,
    users.joined_organization_count,
    users.list_count,
    users.joined_card_count,
    users.created_card_count,
    users.joined_board_count,
    users.checklist_count,
    users.checklist_item_completed_count,
    users.checklist_item_count,
    users.activity_count,
    users.card_voter_count,
    (users.is_productivity_beats)::integer AS is_productivity_beats,
    users.last_activity_id,
    users.last_login_date,
    li.ip AS last_login_ip,
    lci.name AS login_city_name,
    lst.name AS login_state_name,
    lco.name AS login_country_name,
    lower((lco.iso_alpha2)::text) AS login_country_iso2,
    i.ip AS registered_ip,
    rci.name AS register_city_name,
    rst.name AS register_state_name,
    rco.name AS register_country_name,
    lower((rco.iso_alpha2)::text) AS register_country_iso2,
    lt.name AS login_type,
    to_char(users.created, 'YYYY-MM-DD"T"HH24:MI:SS'::text) AS created,
    users.user_login_count,
    users.is_send_newsletter,
    users.last_email_notified_activity_id,
    users.owner_board_count,
    users.member_board_count,
    users.owner_organization_count,
    users.member_organization_count,
    users.language,
    (users.is_ldap)::integer AS is_ldap,
    users.timezone
   FROM (((((((((public.users users
     LEFT JOIN public.ips i ON ((i.id = users.ip_id)))
     LEFT JOIN public.cities rci ON ((rci.id = i.city_id)))
     LEFT JOIN public.states rst ON ((rst.id = i.state_id)))
     LEFT JOIN public.countries rco ON ((rco.id = i.country_id)))
     LEFT JOIN public.ips li ON ((li.id = users.last_login_ip_id)))
     LEFT JOIN public.cities lci ON ((lci.id = li.city_id)))
     LEFT JOIN public.states lst ON ((lst.id = li.state_id)))
     LEFT JOIN public.countries lco ON ((lco.id = li.country_id)))
     LEFT JOIN public.login_types lt ON ((lt.id = users.login_type_id)));


--
-- Name: attachments_id_seq; Type: SEQUENCE; Schema: public; Owner: -
--

CREATE SEQUENCE public.attachments_id_seq
    START WITH 2
    INCREMENT BY 1
    NO MINVALUE
    NO MAXVALUE
    CACHE 1;


--
-- Name: boards_stars_id_seq; Type: SEQUENCE; Schema: public; Owner: -
--

CREATE SEQUENCE public.boards_stars_id_seq
    START WITH 1
    INCREMENT BY 1
    NO MINVALUE
    NO MAXVALUE
    CACHE 1;


--
-- Name: board_stars; Type: TABLE; Schema: public; Owner: -
--

CREATE TABLE public.board_stars (
    id bigint DEFAULT nextval('public.boards_stars_id_seq'::regclass) NOT NULL,
    created timestamp without time zone NOT NULL,
    modified timestamp without time zone NOT NULL,
    board_id bigint NOT NULL,
    user_id bigint NOT NULL,
    is_starred boolean NOT NULL
);


--
-- Name: boards_subscribers_id_seq; Type: SEQUENCE; Schema: public; Owner: -
--

CREATE SEQUENCE public.boards_subscribers_id_seq
    START WITH 1
    INCREMENT BY 1
    NO MINVALUE
    NO MAXVALUE
    CACHE 1;


--
-- Name: board_subscribers; Type: TABLE; Schema: public; Owner: -
--

CREATE TABLE public.board_subscribers (
    id bigint DEFAULT nextval('public.boards_subscribers_id_seq'::regclass) NOT NULL,
    created timestamp without time zone NOT NULL,
    modified timestamp without time zone NOT NULL,
    board_id bigint NOT NULL,
    user_id bigint NOT NULL,
    is_subscribed boolean NOT NULL
);


--
-- Name: board_user_roles_seq; Type: SEQUENCE; Schema: public; Owner: -
--

CREATE SEQUENCE public.board_user_roles_seq
    START WITH 1
    INCREMENT BY 1
    NO MINVALUE
    NO MAXVALUE
    CACHE 1;


--
-- Name: board_user_roles; Type: TABLE; Schema: public; Owner: -
--

CREATE TABLE public.board_user_roles (
    id bigint DEFAULT nextval('public.board_user_roles_seq'::regclass) NOT NULL,
    created timestamp without time zone NOT NULL,
    modified timestamp without time zone NOT NULL,
    name character varying(255) NOT NULL,
    description character varying
);


--
-- Name: cards_labels_id_seq; Type: SEQUENCE; Schema: public; Owner: -
--

CREATE SEQUENCE public.cards_labels_id_seq
    START WITH 1
    INCREMENT BY 1
    NO MINVALUE
    NO MAXVALUE
    CACHE 1;


--
-- Name: cards_labels; Type: TABLE; Schema: public; Owner: -
--

CREATE TABLE public.cards_labels (
    id bigint DEFAULT nextval('public.cards_labels_id_seq'::regclass) NOT NULL,
    created timestamp without time zone NOT NULL,
    modified timestamp without time zone NOT NULL,
    label_id bigint NOT NULL,
    card_id bigint NOT NULL,
    list_id bigint,
    board_id bigint
);


--
-- Name: boards_labels_listing; Type: VIEW; Schema: public; Owner: -
--

CREATE VIEW public.boards_labels_listing AS
 SELECT cards_labels.id,
    to_char(cards_labels.created, 'YYYY-MM-DD"T"HH24:MI:SS'::text) AS created,
    to_char(cards_labels.modified, 'YYYY-MM-DD"T"HH24:MI:SS'::text) AS modified,
    cards_labels.label_id,
    cards_labels.card_id,
    cards_labels.list_id,
    cards_labels.board_id,
    labels.name
   FROM (public.cards_labels cards_labels
     LEFT JOIN public.labels labels ON ((labels.id = cards_labels.label_id)));


--
-- Name: card_attachments_id_seq; Type: SEQUENCE; Schema: public; Owner: -
--

CREATE SEQUENCE public.card_attachments_id_seq
    START WITH 1
    INCREMENT BY 1
    NO MINVALUE
    NO MAXVALUE
    CACHE 1;


--
-- Name: card_attachments; Type: TABLE; Schema: public; Owner: -
--

CREATE TABLE public.card_attachments (
    id bigint DEFAULT nextval('public.card_attachments_id_seq'::regclass) NOT NULL,
    created timestamp without time zone NOT NULL,
    modified timestamp without time zone NOT NULL,
    card_id bigint,
    name character varying(255) NOT NULL,
    path character varying(255),
    list_id bigint,
    board_id bigint DEFAULT 1,
    mimetype character varying(255),
    link character varying(255),
    doc_image_path character varying(255)
);


--
-- Name: cards_subscribers_id_seq; Type: SEQUENCE; Schema: public; Owner: -
--

CREATE SEQUENCE public.cards_subscribers_id_seq
    START WITH 1
    INCREMENT BY 1
    NO MINVALUE
    NO MAXVALUE
    CACHE 1;


--
-- Name: card_subscribers; Type: TABLE; Schema: public; Owner: -
--

CREATE TABLE public.card_subscribers (
    id bigint DEFAULT nextval('public.cards_subscribers_id_seq'::regclass) NOT NULL,
    created timestamp without time zone NOT NULL,
    modified timestamp without time zone NOT NULL,
    card_id bigint NOT NULL,
    user_id bigint NOT NULL,
    is_subscribed boolean NOT NULL
);


--
-- Name: card_voters_id_seq; Type: SEQUENCE; Schema: public; Owner: -
--

CREATE SEQUENCE public.card_voters_id_seq
    START WITH 1
    INCREMENT BY 1
    NO MINVALUE
    NO MAXVALUE
    CACHE 1;


--
-- Name: card_voters; Type: TABLE; Schema: public; Owner: -
--

CREATE TABLE public.card_voters (
    id bigint DEFAULT nextval('public.card_voters_id_seq'::regclass) NOT NULL,
    created timestamp without time zone NOT NULL,
    modified timestamp without time zone NOT NULL,
    card_id bigint NOT NULL,
    user_id bigint NOT NULL
);


--
-- Name: cards_labels_listing; Type: VIEW; Schema: public; Owner: -
--

CREATE VIEW public.cards_labels_listing AS
 SELECT cl.id,
    to_char(cl.created, 'YYYY-MM-DD"T"HH24:MI:SS'::text) AS created,
    to_char(cl.modified, 'YYYY-MM-DD"T"HH24:MI:SS'::text) AS modified,
    cl.label_id,
    cl.card_id,
    c.name AS card_name,
    c.list_id,
    l.name,
    cl.board_id,
    l.color
   FROM ((public.cards_labels cl
     LEFT JOIN public.cards c ON ((c.id = cl.card_id)))
     LEFT JOIN public.labels l ON ((l.id = cl.label_id)));


--
-- Name: cards_users_id_seq; Type: SEQUENCE; Schema: public; Owner: -
--

CREATE SEQUENCE public.cards_users_id_seq
    START WITH 1
    INCREMENT BY 1
    NO MINVALUE
    NO MAXVALUE
    CACHE 1;


--
-- Name: cards_users; Type: TABLE; Schema: public; Owner: -
--

CREATE TABLE public.cards_users (
    id bigint DEFAULT nextval('public.cards_users_id_seq'::regclass) NOT NULL,
    created timestamp without time zone NOT NULL,
    modified timestamp without time zone NOT NULL,
    card_id bigint NOT NULL,
    user_id bigint NOT NULL
);


--
-- Name: lists_subscribers_id_seq; Type: SEQUENCE; Schema: public; Owner: -
--

CREATE SEQUENCE public.lists_subscribers_id_seq
    START WITH 1
    INCREMENT BY 1
    NO MINVALUE
    NO MAXVALUE
    CACHE 1;


--
-- Name: list_subscribers; Type: TABLE; Schema: public; Owner: -
--

CREATE TABLE public.list_subscribers (
    id bigint DEFAULT nextval('public.lists_subscribers_id_seq'::regclass) NOT NULL,
    created timestamp without time zone NOT NULL,
    modified timestamp without time zone,
    list_id bigint NOT NULL,
    user_id bigint NOT NULL,
    is_subscribed boolean DEFAULT false NOT NULL
);


--
-- Name: checklist_add_listing; Type: VIEW; Schema: public; Owner: -
--

CREATE VIEW public.checklist_add_listing AS
 SELECT c.id,
    c.name,
    c.board_id,
    cl.checklist_item_count,
    cl.name AS checklist_name,
    cl.id AS checklist_id
   FROM (public.cards c
     LEFT JOIN public.checklists cl ON ((cl.card_id = c.id)))
  WHERE (c.checklist_item_count > 0)
  ORDER BY c.id;


--
-- Name: cities_id_seq; Type: SEQUENCE; Schema: public; Owner: -
--

CREATE SEQUENCE public.cities_id_seq
    START WITH 15178
    INCREMENT BY 1
    NO MINVALUE
    NO MAXVALUE
    CACHE 1;


--
-- Name: cities_id_seq1; Type: SEQUENCE; Schema: public; Owner: -
--

CREATE SEQUENCE public.cities_id_seq1
    START WITH 1
    INCREMENT BY 1
    NO MINVALUE
    NO MAXVALUE
    CACHE 1;


--
-- Name: cities_id_seq1; Type: SEQUENCE OWNED BY; Schema: public; Owner: -
--

ALTER SEQUENCE public.cities_id_seq1 OWNED BY public.cities.id;


--
-- Name: countries_id_seq; Type: SEQUENCE; Schema: public; Owner: -
--

CREATE SEQUENCE public.countries_id_seq
    START WITH 262
    INCREMENT BY 1
    NO MINVALUE
    NO MAXVALUE
    CACHE 1;


--
-- Name: countries_id_seq1; Type: SEQUENCE; Schema: public; Owner: -
--

CREATE SEQUENCE public.countries_id_seq1
    START WITH 1
    INCREMENT BY 1
    NO MINVALUE
    NO MAXVALUE
    CACHE 1;


--
-- Name: countries_id_seq1; Type: SEQUENCE OWNED BY; Schema: public; Owner: -
--

ALTER SEQUENCE public.countries_id_seq1 OWNED BY public.countries.id;


--
-- Name: created_cards_listing; Type: VIEW; Schema: public; Owner: -
--

CREATE VIEW public.created_cards_listing AS
 SELECT b.name AS board_name,
    l.name AS list_name,
    c.id,
    to_char(c.created, 'YYYY-MM-DD"T"HH24:MI:SS'::text) AS created,
    to_char(c.modified, 'YYYY-MM-DD"T"HH24:MI:SS'::text) AS modified,
    c.board_id,
    c.list_id,
    c.name,
    c.description,
    c.due_date,
    c."position",
    (c.is_archived)::integer AS is_archived,
    c.attachment_count,
    c.checklist_count,
    c.checklist_item_count,
    c.checklist_item_completed_count,
    c.label_count,
    c.cards_user_count,
    c.cards_subscriber_count,
    c.card_voter_count,
    c.activity_count,
    c.user_id AS created_user_id,
    c.color AS card_color,
    (c.is_deleted)::integer AS is_deleted,
    c.comment_count
   FROM ((public.cards c
     JOIN public.boards b ON ((b.id = c.board_id)))
     JOIN public.lists l ON ((l.id = c.list_id)));


--
-- Name: email_templates_id_seq; Type: SEQUENCE; Schema: public; Owner: -
--

CREATE SEQUENCE public.email_templates_id_seq
    START WITH 1
    INCREMENT BY 1
    NO MINVALUE
    NO MAXVALUE
    CACHE 1;


--
-- Name: email_templates; Type: TABLE; Schema: public; Owner: -
--

CREATE TABLE public.email_templates (
    id bigint DEFAULT nextval('public.email_templates_id_seq'::regclass) NOT NULL,
    created timestamp without time zone,
    modified timestamp without time zone,
    from_email character varying(500) DEFAULT NULL::character varying,
    reply_to_email character varying(500) DEFAULT NULL::character varying,
    name character varying(150) DEFAULT NULL::character varying,
    description text,
    subject character varying(255) DEFAULT NULL::character varying,
    email_text_content text,
    email_variables character varying(1000) DEFAULT NULL::character varying,
    display_name text
);


--
-- Name: languages_id_seq; Type: SEQUENCE; Schema: public; Owner: -
--

CREATE SEQUENCE public.languages_id_seq
    START WITH 1
    INCREMENT BY 1
    NO MINVALUE
    NO MAXVALUE
    CACHE 1;


--
-- Name: languages; Type: TABLE; Schema: public; Owner: -
--

CREATE TABLE public.languages (
    id bigint DEFAULT nextval('public.languages_id_seq'::regclass) NOT NULL,
    created timestamp without time zone NOT NULL,
    modified timestamp without time zone NOT NULL,
    name character varying(80) NOT NULL,
    iso2 character varying(25) NOT NULL,
    iso3 character varying(25) NOT NULL,
    is_active smallint DEFAULT 1 NOT NULL
);


--
-- Name: list_subscribers_id_seq; Type: SEQUENCE; Schema: public; Owner: -
--

CREATE SEQUENCE public.list_subscribers_id_seq
    START WITH 1
    INCREMENT BY 1
    NO MINVALUE
    NO MAXVALUE
    CACHE 1;


--
-- Name: oauth_clients_id_seq; Type: SEQUENCE; Schema: public; Owner: -
--

CREATE SEQUENCE public.oauth_clients_id_seq
    START WITH 1
    INCREMENT BY 1
    NO MINVALUE
    NO MAXVALUE
    CACHE 1;


--
-- Name: oauth_clients_id_seq1; Type: SEQUENCE; Schema: public; Owner: -
--

CREATE SEQUENCE public.oauth_clients_id_seq1
    START WITH 1
    INCREMENT BY 1
    NO MINVALUE
    NO MAXVALUE
    CACHE 1;


--
-- Name: oauth_clients_id_seq1; Type: SEQUENCE OWNED BY; Schema: public; Owner: -
--

ALTER SEQUENCE public.oauth_clients_id_seq1 OWNED BY public.oauth_clients.id;


--
-- Name: oauth_jwt; Type: TABLE; Schema: public; Owner: -
--

CREATE TABLE public.oauth_jwt (
    client_id character varying(80) NOT NULL,
    subject character varying(80),
    public_key character varying(2000)
);


--
-- Name: oauth_scopes; Type: TABLE; Schema: public; Owner: -
--

CREATE TABLE public.oauth_scopes (
    scope text NOT NULL,
    is_default boolean
);


--
-- Name: organizations_users_id_seq; Type: SEQUENCE; Schema: public; Owner: -
--

CREATE SEQUENCE public.organizations_users_id_seq
    START WITH 1
    INCREMENT BY 1
    NO MINVALUE
    NO MAXVALUE
    CACHE 1;


--
-- Name: organizations_users; Type: TABLE; Schema: public; Owner: -
--

CREATE TABLE public.organizations_users (
    id bigint DEFAULT nextval('public.organizations_users_id_seq'::regclass) NOT NULL,
    created timestamp without time zone NOT NULL,
    modified timestamp without time zone NOT NULL,
    organization_id bigint NOT NULL,
    user_id bigint NOT NULL,
    organization_user_role_id smallint DEFAULT (0)::smallint NOT NULL
);


--
-- Name: organization_user_roles_seq; Type: SEQUENCE; Schema: public; Owner: -
--

CREATE SEQUENCE public.organization_user_roles_seq
    START WITH 1
    INCREMENT BY 1
    NO MINVALUE
    NO MAXVALUE
    CACHE 1;


--
-- Name: organization_user_roles; Type: TABLE; Schema: public; Owner: -
--

CREATE TABLE public.organization_user_roles (
    id bigint DEFAULT nextval('public.organization_user_roles_seq'::regclass) NOT NULL,
    created timestamp without time zone NOT NULL,
    modified timestamp without time zone NOT NULL,
    name character varying(255) NOT NULL,
    description character varying
);


--
-- Name: roles_id_seq; Type: SEQUENCE; Schema: public; Owner: -
--

CREATE SEQUENCE public.roles_id_seq
    START WITH 1
    INCREMENT BY 1
    NO MINVALUE
    NO MAXVALUE
    CACHE 1;


--
-- Name: roles; Type: TABLE; Schema: public; Owner: -
--

CREATE TABLE public.roles (
    id bigint DEFAULT nextval('public.roles_id_seq'::regclass) NOT NULL,
    created timestamp without time zone NOT NULL,
    modified timestamp without time zone NOT NULL,
    name character varying(255) NOT NULL
);


--
-- Name: role_links_listing; Type: VIEW; Schema: public; Owner: -
--

CREATE VIEW public.role_links_listing AS
 SELECT role.id,
    ( SELECT array_to_json(array_agg(link.*)) AS array_to_json
           FROM ( SELECT alls.slug
                   FROM public.acl_links_listing alls
                  WHERE (alls.role_id = role.id)) link) AS links
   FROM public.roles role;


--
-- Name: setting_categories; Type: TABLE; Schema: public; Owner: -
--

CREATE TABLE public.setting_categories (
    id integer NOT NULL,
    created timestamp without time zone,
    modified timestamp without time zone,
    parent_id bigint,
    name character varying(255),
    description text,
    "order" integer DEFAULT 0 NOT NULL
);


--
-- Name: setting_categories_id_seq; Type: SEQUENCE; Schema: public; Owner: -
--

CREATE SEQUENCE public.setting_categories_id_seq
    START WITH 1
    INCREMENT BY 1
    NO MINVALUE
    NO MAXVALUE
    CACHE 1;


--
-- Name: setting_categories_id_seq; Type: SEQUENCE OWNED BY; Schema: public; Owner: -
--

ALTER SEQUENCE public.setting_categories_id_seq OWNED BY public.setting_categories.id;


--
-- Name: settings_id_seq; Type: SEQUENCE; Schema: public; Owner: -
--

CREATE SEQUENCE public.settings_id_seq
    START WITH 1
    INCREMENT BY 1
    NO MINVALUE
    NO MAXVALUE
    CACHE 1;


--
-- Name: settings; Type: TABLE; Schema: public; Owner: -
--

CREATE TABLE public.settings (
    id bigint DEFAULT nextval('public.settings_id_seq'::regclass) NOT NULL,
    setting_category_id bigint NOT NULL,
    setting_category_parent_id bigint DEFAULT 0,
    name character varying(255),
    value text,
    description text,
    type character varying(8),
    options text,
    label character varying(255),
    "order" integer DEFAULT 0 NOT NULL
);


--
-- Name: states_id_seq; Type: SEQUENCE; Schema: public; Owner: -
--

CREATE SEQUENCE public.states_id_seq
    START WITH 15138
    INCREMENT BY 1
    NO MINVALUE
    NO MAXVALUE
    CACHE 1;


--
-- Name: states_id_seq1; Type: SEQUENCE; Schema: public; Owner: -
--

CREATE SEQUENCE public.states_id_seq1
    START WITH 1
    INCREMENT BY 1
    NO MINVALUE
    NO MAXVALUE
    CACHE 1;


--
-- Name: states_id_seq1; Type: SEQUENCE OWNED BY; Schema: public; Owner: -
--

ALTER SEQUENCE public.states_id_seq1 OWNED BY public.states.id;


--
-- Name: timezones_id_seq; Type: SEQUENCE; Schema: public; Owner: -
--

CREATE SEQUENCE public.timezones_id_seq
    START WITH 1
    INCREMENT BY 1
    NO MINVALUE
    NO MAXVALUE
    CACHE 1;


--
-- Name: timezones; Type: TABLE; Schema: public; Owner: -
--

CREATE TABLE public.timezones (
    id bigint DEFAULT nextval('public.timezones_id_seq'::regclass) NOT NULL,
    created timestamp without time zone NOT NULL,
    modified timestamp without time zone NOT NULL,
    country_iso2 character varying(255),
    country_id bigint,
    code character varying(255),
    utc_offset character varying(255) NOT NULL,
    utc_dst_offset character varying(255),
    name character varying(255)
);


--
-- Name: user_logins; Type: TABLE; Schema: public; Owner: -
--

CREATE TABLE public.user_logins (
    id integer NOT NULL,
    created timestamp without time zone NOT NULL,
    modified timestamp without time zone NOT NULL,
    user_id bigint DEFAULT (0)::bigint NOT NULL,
    ip_id bigint DEFAULT (0)::bigint NOT NULL,
    user_agent character varying(255),
    is_login_failed boolean DEFAULT false NOT NULL
);


--
-- Name: user_logins_id_seq; Type: SEQUENCE; Schema: public; Owner: -
--

CREATE SEQUENCE public.user_logins_id_seq
    START WITH 1
    INCREMENT BY 1
    NO MINVALUE
    NO MAXVALUE
    CACHE 1;


--
-- Name: user_logins_id_seq; Type: SEQUENCE OWNED BY; Schema: public; Owner: -
--

ALTER SEQUENCE public.user_logins_id_seq OWNED BY public.user_logins.id;


--
-- Name: user_push_tokens_id_seq; Type: SEQUENCE; Schema: public; Owner: -
--

CREATE SEQUENCE public.user_push_tokens_id_seq
    START WITH 1
    INCREMENT BY 1
    NO MINVALUE
    NO MAXVALUE
    CACHE 1;


--
-- Name: users_cards_listing; Type: VIEW; Schema: public; Owner: -
--

CREATE VIEW public.users_cards_listing AS
 SELECT b.name AS board_name,
    l.name AS list_name,
    c.id,
    to_char(c.created, 'YYYY-MM-DD"T"HH24:MI:SS'::text) AS created,
    to_char(c.modified, 'YYYY-MM-DD"T"HH24:MI:SS'::text) AS modified,
    c.board_id,
    c.list_id,
    c.name,
    c.description,
    c.due_date,
    c."position",
    (c.is_archived)::integer AS is_archived,
    c.attachment_count,
    c.checklist_count,
    c.checklist_item_count,
    c.checklist_item_completed_count,
    c.label_count,
    c.cards_user_count,
    c.cards_subscriber_count,
    c.card_voter_count,
    c.activity_count,
    c.user_id AS created_user_id,
    c.color AS card_color,
    (c.is_deleted)::integer AS is_deleted,
    cu.user_id,
    c.comment_count
   FROM (((public.cards_users cu
     JOIN public.cards c ON ((c.id = cu.card_id)))
     JOIN public.boards b ON ((b.id = c.board_id)))
     JOIN public.lists l ON ((l.id = c.list_id)));


--
-- Name: webhooks_id_seq; Type: SEQUENCE; Schema: public; Owner: -
--

CREATE SEQUENCE public.webhooks_id_seq
    START WITH 1
    INCREMENT BY 1
    NO MINVALUE
    NO MAXVALUE
    CACHE 1;


--
-- Name: cities id; Type: DEFAULT; Schema: public; Owner: -
--

ALTER TABLE ONLY public.cities ALTER COLUMN id SET DEFAULT nextval('public.cities_id_seq1'::regclass);


--
-- Name: countries id; Type: DEFAULT; Schema: public; Owner: -
--

ALTER TABLE ONLY public.countries ALTER COLUMN id SET DEFAULT nextval('public.countries_id_seq1'::regclass);


--
-- Name: setting_categories id; Type: DEFAULT; Schema: public; Owner: -
--

ALTER TABLE ONLY public.setting_categories ALTER COLUMN id SET DEFAULT nextval('public.setting_categories_id_seq'::regclass);


--
-- Name: states id; Type: DEFAULT; Schema: public; Owner: -
--

ALTER TABLE ONLY public.states ALTER COLUMN id SET DEFAULT nextval('public.states_id_seq1'::regclass);


--
-- Name: user_logins id; Type: DEFAULT; Schema: public; Owner: -
--

ALTER TABLE ONLY public.user_logins ALTER COLUMN id SET DEFAULT nextval('public.user_logins_id_seq'::regclass);


--
-- Data for Name: acl_board_links; Type: TABLE DATA; Schema: public; Owner: -
--

COPY public.acl_board_links (id, created, modified, name, url, method, slug, group_id, is_hide) FROM stdin;
1	2014-08-25 13:14:18.247	2014-08-25 13:14:18.247	Add board member	/boards/?/users	POST	add_board_users	2	0
2	2014-08-25 13:14:18.247	2014-08-25 13:14:18.247	Add card	/boards/?/lists/?/cards	POST	add_card	4	0
3	2014-08-25 13:14:18.247	2014-08-25 13:14:18.247	Add checklist to card	/boards/?/lists/?/cards/?/checklists	POST	add_checklists	4	0
4	2014-08-25 13:14:18.247	2014-08-25 13:14:18.247	Add item to checklist	/boards/?/lists/?/cards/?/checklists/?/items	POST	add_checklist_item	4	0
5	2014-08-25 13:14:18.247	2014-08-25 13:14:18.247	Add list	/boards/?/lists	POST	add_list	3	0
12	2014-08-25 13:14:18.247	2014-08-25 13:14:18.247	Assign member to card	/boards/?/lists/?/cards/?/users/?	POST	add_card_user	4	0
14	2014-08-25 13:14:18.247	2014-08-25 13:14:18.247	Board subscribers	/boards/?/board_subscribers	GET	view_board_subscribers	2	1
15	2014-08-25 13:14:18.247	2014-08-25 13:14:18.247	Board sync Google calendar URL	/boards/?/sync_calendar	GET	view_sync_calendar	2	0
16	2014-08-25 13:14:18.247	2014-08-25 13:14:18.247	Card activities	/boards/?/lists/?/cards/?/activities	GET	view_card_activities	4	0
18	2014-08-25 13:14:18.247	2014-08-25 13:14:18.247	Checklist listing	/boards/?/lists/?/cards/?/checklists	GET	view_checklist_listing	4	0
19	2014-08-25 13:14:18.247	2014-08-25 13:14:18.247	Convert item to card	/boards/?/lists/?/cards/?/checklists/?/items/?/convert_to_card	POST	convert_item_to_card	4	0
20	2014-08-25 13:14:18.247	2014-08-25 13:14:18.247	Copy board	/boards/?/copy	POST	copy_board	2	0
21	2014-08-25 13:14:18.247	2014-08-25 13:14:18.247	Copy card	/boards/?/lists/?/cards/?/copy	POST	copy_card	4	0
22	2016-02-16 16:57:48.45	2016-02-16 16:57:48.45	Delete all archived cards	/boards/?/cards	DELETE	delete_all_archived_cards	2	0
23	2016-02-16 16:57:48.372	2016-02-16 16:57:48.372	Delete all archived lists	/boards/?/lists	DELETE	delete_all_archived_lists	2	0
25	2014-08-25 13:14:18.247	2014-08-25 13:14:18.247	Delete card	/boards/?/lists/?/cards/?	DELETE	delete_card	4	0
26	2014-08-25 13:14:18.247	2014-08-25 13:14:18.247	Delete checklist	/boards/?/lists/?/cards/?/checklists/?	DELETE	delete_checklist	4	0
27	2014-08-25 13:14:18.247	2014-08-25 13:14:18.247	Delete comment	/boards/?/lists/?/cards/?/comments/?	DELETE	delete_comment	4	0
28	2014-08-25 13:14:18.247	2014-08-25 13:14:18.247	Delete item in checklist	/boards/?/lists/?/cards/?/checklists/?/items/?	DELETE	delete_checklist_item	4	0
30	2014-08-25 13:14:18.247	2014-08-25 13:14:18.247	Delete list	/boards/?/lists/?	DELETE	delete_list	3	0
31	2014-08-25 13:14:18.2	2014-08-25 13:14:18.2	Download attachment from card	/download/?	GET	download_attachment_card	4	0
32	2014-08-25 13:14:18.247	2014-08-25 13:14:18.247	Edit board	/boards/?	PUT	edit_board	2	0
33	2014-08-25 13:14:18.247	2014-08-25 13:14:18.247	Edit card	/boards/?/lists/?/cards/?	PUT	edit_card	4	0
34	2014-08-25 13:14:18.247	2014-08-25 13:14:18.247	Edit checklist	/boards/?/lists/?/cards/?/checklists/?	PUT	edit_checklist	4	0
35	2014-08-25 13:14:18.247	2014-08-25 13:14:18.247	Edit comment	/boards/?/lists/?/cards/?/comments/?	PUT	edit_comment	4	0
36	2014-08-25 13:14:18.247	2014-08-25 13:14:18.247	Edit item in checklist	/boards/?/lists/?/cards/?/checklists/?/items/?	PUT	edit_checklist_item	4	0
37	2014-08-25 13:14:18.247	2014-08-25 13:14:18.247	Edit list	/boards/?/lists/?	PUT	edit_list	3	0
39	2014-08-25 13:14:18.247	2014-08-25 13:14:18.247	Post comment to card	/boards/?/lists/?/cards/?/comments	POST	comment_card	4	0
40	2014-08-25 13:14:18.247	2014-08-25 13:14:18.247	Remove attachment from card	/boards/?/lists/?/cards/?/attachments/?	DELETE	remove_card_attachment	4	0
45	2014-08-25 13:14:18.247	2014-08-25 13:14:18.247	Subscribe board	/boards/?/board_subscribers	POST	subscribe_board	2	0
46	2014-08-25 13:14:18.247	2014-08-25 13:14:18.247	Subscribe card	/boards/?/lists/?/cards/?/card_subscribers	POST	subscribe_card	4	0
47	2014-08-25 13:14:18.247	2014-08-25 13:14:18.247	Subscribe list	/boards/?/lists/?/list_subscribers	POST	subscribe_list	3	0
49	2014-08-25 13:14:18.247	2014-08-25 13:14:18.247	Unsubscribe board	/boards/?/board_subscribers/?	PUT	board_subscriber	2	0
50	2014-08-25 13:14:18.247	2014-08-25 13:14:18.247	Unsubscribe card	/boards/?/lists/?/cards/?/card_subscribers/?	PUT	unsubscribe_card	4	0
51	2014-08-25 13:14:18.247	2014-08-25 13:14:18.247	Unsubscribe list	/boards/?/lists/?/list_subscribers/?	PUT	unsubscribe_list	3	0
52	2014-08-25 13:14:18.247	2014-08-25 13:14:18.247	Unvote card	/boards/?/lists/?/cards/?/card_voters/?	DELETE	unvote_card	4	0
53	2014-08-25 13:14:18.247	2014-08-25 13:14:18.247	Update board member permission	/boards_users/?	PUT	edit_board_user	2	0
54	2014-08-25 13:14:18.247	2014-08-25 13:14:18.247	Upload attachment to card	/boards/?/lists/?/cards/?/attachments	POST	add_card_attachment	4	0
55	2014-08-25 13:14:18.247	2014-08-25 13:14:18.247	Upload custom background to board	/boards/?/custom_backgrounds	POST	add_custom_background	2	0
56	2014-08-25 13:14:18.247	2014-08-25 13:14:18.247	View Archived card	/boards/?/archived_cards	GET	view_archived_cards	4	0
57	2014-08-25 13:14:18.247	2014-08-25 13:14:18.247	View archived list	/boards/?/archived_lists	GET	view_archived_lists	3	0
58	2014-08-25 13:14:18.247	2014-08-25 13:14:18.247	View board activities	/boards/?/activities	GET	view_board_activities	2	0
59	2014-08-25 13:14:18.247	2014-08-25 13:14:18.247	View card labels	/boards/?/lists/?/cards/?/labels	GET	view_card_labels	4	0
61	2014-08-25 13:14:18.247	2014-08-25 13:14:18.247	Vote card	/boards/?/lists/?/cards/?/card_voters	POST	vote_card	4	0
29	2016-02-16 16:57:48.45	2016-02-16 16:57:48.45	Delete Labels	/boards/?/labels/?	DELETE	delete_labels	2	0
44	2014-08-25 13:14:18.247	2014-08-25 13:14:18.247	Search card to add in comment	/boards/?/cards/search	GET	view_card_search	4	0
11	2014-08-25 13:14:18.247	2014-08-25 13:14:18.247	Assign labels to card	/boards/?/lists/?/cards/?/labels	POST	add_labels	4	0
41	2014-08-25 13:14:18.247	2014-08-25 13:14:18.247	Remove board member	/boards/?/boards_users/?	DELETE	remove_board_user	2	0
42	2014-08-25 13:14:18.247	2014-08-25 13:14:18.247	Remove card member	/boards/?/lists/?/cards/?/cards_users/?	DELETE	delete_card_user	4	0
62	2017-06-13 13:52:45.626123	2017-06-13 13:52:45.626123	Labels edit	/labels/?	PUT	edit_labels	4	1
38	2014-08-25 13:14:18.247	2014-08-25 13:14:18.247	Move list cards	/boards/?/lists/?/cards/?	PUT	move_list_cards	4	0
7	2016-02-19 16:21:04.718	2016-02-19 16:21:04.718	Archive card	/boards/?/lists/?/cards/?	PUT	archive_card	4	0
8	2016-02-19 16:21:04.687	2016-02-19 16:21:04.687	Archive list	/boaards/?/lists/?	PUT	archive_list	3	0
9	2014-08-25 13:14:18.247	2014-08-25 13:14:18.247	Archived card send back to board	/boards/?/lists/?/cards/?	PUT	send_back_to_archived_card	4	0
10	2014-08-25 13:14:18.247	2014-08-25 13:14:18.247	Archived list send back to board	/boards/?/lists/?	PUT	send_back_to_archived_list	2	0
63	2018-05-16 15:36:21.164586	2018-05-16 15:36:21.164586	Archive all cards in the list	/boards/?/lists/?/cards	PUT	archive_all_cards_in_the_list	4	0
64	2018-10-29 19:23:35.089284	2018-10-29 19:23:35.089284	Delete board	/boards/?	DELETE	delete_board	2	0
65	2019-04-19 19:34:07.684147	2019-04-19 19:34:07.684147	Get Board Lists	/boards/?/lists	GET	get_board_lists	3	0
66	2019-04-19 19:34:07.750578	2019-04-19 19:34:07.750578	Get Board Lists	/boards/?/lists/?/cards/?	GET	view_card_isting	4	0
67	2019-04-19 19:34:07.792192	2019-04-19 19:34:07.792192	Boards labels listing	/boards/?/labels	GET	view_board_label_isting	4	0
68	2021-07-24 12:21:20.529557	2021-07-24 12:21:20.529557	Title	/boards/?/lists/?/cards	GET	get_card_title	5	0
69	2021-07-24 12:21:20.529557	2021-07-24 12:21:20.529557	Description	/boards/?/lists/?/cards	GET	get_card_description	5	0
70	2021-07-24 12:21:20.529557	2021-07-24 12:21:20.529557	Due Date	/boards/?/lists/?/cards	GET	get_card_due_date	5	0
71	2021-07-24 12:21:20.529557	2021-07-24 12:21:20.529557	Member	/boards/?/lists/?/cards	GET	get_card_member	5	0
72	2021-07-24 12:21:20.529557	2021-07-24 12:21:20.529557	Labels	/boards/?/lists/?/cards	GET	get_card_labels	5	0
73	2021-07-24 12:21:20.529557	2021-07-24 12:21:20.529557	Vote	/boards/?/lists/?/cards	GET	get_card_vote	5	0
74	2021-07-24 12:21:20.529557	2021-07-24 12:21:20.529557	Color	/boards/?/lists/?/cards	GET	get_card_color	5	0
75	2021-07-24 12:21:20.529557	2021-07-24 12:21:20.529557	Move	/boards/?/lists/?/cards/?	PUT	move_card	5	0
76	2021-07-24 12:21:20.529557	2021-07-24 12:21:20.529557	Copy	/boards/?/lists/?/cards/?/copy	POST	copy_cards	5	0
77	2021-07-24 12:21:20.529557	2021-07-24 12:21:20.529557	Subscribe	/boards/?/lists/?/cards/?/card_subscribers	POST	subscribe_cards	5	0
78	2021-07-24 12:21:20.529557	2021-07-24 12:21:20.529557	Archive	/boards/?/lists/?/cards/?	PUT	archive_cards	5	0
79	2021-07-24 12:21:20.529557	2021-07-24 12:21:20.529557	Delete	/boards/?/lists/?/cards/?	PUT	delete_cards	5	0
80	2021-07-24 12:21:20.529557	2021-07-24 12:21:20.529557	Attachment	/boards/?/lists/?/cards	GET	get_card_attachment	5	0
81	2021-07-24 12:21:20.529557	2021-07-24 12:21:20.529557	Attachment Downloader	/boards/?/lists/?/cards	GET	get_attachment_downloader	5	0
82	2021-07-24 12:21:20.529557	2021-07-24 12:21:20.529557	Activity Feed - Display	/boards/?/lists/?/cards/?/activities	GET	view_card_activity_feed	5	0
83	2021-07-24 12:21:20.529557	2021-07-24 12:21:20.529557	Comment	/boards/?/lists/?/cards/?/comments	GET	get_card_comments	5	0
84	2021-07-24 12:21:20.529557	2021-07-24 12:21:20.529557	Canned Response	/boards/?/lists/?/cards	GET	get_canned_response	5	0
85	2021-07-24 12:21:20.529557	2021-07-24 12:21:20.529557	Checklist	/boards/?/lists/?/cards	GET	get_card_checklist	5	0
86	2021-07-24 12:21:20.529557	2021-07-24 12:21:20.529557	Checklist Item	/boards/?/lists/?/cards	GET	get_card_checklist_item	5	0
87	2021-07-24 12:21:20.529557	2021-07-24 12:21:20.529557	Card Template	/boards/?/lists/?/cards	GET	get_card_template	5	0
88	2021-07-24 12:21:20.529557	2021-07-24 12:21:20.529557	Add Custom Field	/boards/?/lists/?/cards	GET	get_custom_field	5	0
89	2021-07-24 12:21:20.529557	2021-07-24 12:21:20.529557	Estimated Time Tracking	/boards/?/lists/?/cards	GET	get_estimated_time	5	0
90	2021-07-24 12:21:20.529557	2021-07-24 12:21:20.529557	Gantt View	/boards/?/lists/?/cards	GET	get_gantt_view	5	0
91	2021-07-24 12:21:20.529557	2021-07-24 12:21:20.529557	Spent Time Tracking	/boards/?/lists/?/cards	GET	get_spent_time	5	0
92	2021-07-24 12:21:20.554838	2021-07-24 12:21:20.554838	Upload third party background image to board	/boards/?	PUT	add_third_party_background	2	0
\.


--
-- Data for Name: acl_board_links_boards_user_roles; Type: TABLE DATA; Schema: public; Owner: -
--

COPY public.acl_board_links_boards_user_roles (id, created, modified, acl_board_link_id, board_user_role_id) FROM stdin;
1	2016-02-22 12:43:35.008	2016-02-22 12:43:35.008	1	1
3	2016-02-22 12:43:36.131	2016-02-22 12:43:36.131	10	1
5	2016-02-22 12:43:37.17	2016-02-22 12:43:37.17	15	1
6	2016-02-22 12:43:37.888	2016-02-22 12:43:37.888	20	1
7	2016-02-22 12:43:38.505	2016-02-22 12:43:38.505	22	1
8	2016-02-22 12:43:39.931	2016-02-22 12:43:39.931	23	1
10	2016-02-22 12:43:40.966	2016-02-22 12:43:40.966	29	1
11	2016-02-22 12:43:41.585	2016-02-22 12:43:41.585	32	1
12	2016-02-22 12:43:42.23	2016-02-22 12:43:42.23	41	1
13	2016-02-22 12:43:42.736	2016-02-22 12:43:42.736	45	1
14	2016-02-22 12:43:43.589	2016-02-22 12:43:43.589	49	1
15	2016-02-22 12:43:45.065	2016-02-22 12:43:45.065	53	1
16	2016-02-22 12:43:45.646	2016-02-22 12:43:45.646	55	1
17	2016-02-22 12:43:46.14	2016-02-22 12:43:46.14	58	1
18	2016-02-22 12:43:47.394	2016-02-22 12:43:47.394	5	1
19	2016-02-22 12:43:47.942	2016-02-22 12:43:47.942	8	1
20	2016-02-22 12:43:48.548	2016-02-22 12:43:48.548	30	1
21	2016-02-22 12:43:49.176	2016-02-22 12:43:49.176	37	1
22	2016-02-22 12:43:49.848	2016-02-22 12:43:49.848	47	1
23	2016-02-22 12:43:51.762	2016-02-22 12:43:51.762	51	1
24	2016-02-22 12:43:52.402	2016-02-22 12:43:52.402	57	1
25	2016-02-22 12:43:53.654	2016-02-22 12:43:53.654	2	1
26	2016-02-22 12:43:55.821	2016-02-22 12:43:55.821	3	1
27	2016-02-22 12:43:56.556	2016-02-22 12:43:56.556	4	1
28	2016-02-22 12:43:57.59	2016-02-22 12:43:57.59	7	1
29	2016-02-22 12:43:58.523	2016-02-22 12:43:58.523	9	1
30	2016-02-22 12:43:59.332	2016-02-22 12:43:59.332	11	1
31	2016-02-22 12:44:00.126	2016-02-22 12:44:00.126	12	1
32	2016-02-22 12:44:00.853	2016-02-22 12:44:00.853	16	1
33	2016-02-22 12:44:01.581	2016-02-22 12:44:01.581	18	1
34	2016-02-22 12:44:03.168	2016-02-22 12:44:03.168	19	1
35	2016-02-22 12:44:03.774	2016-02-22 12:44:03.774	21	1
36	2016-02-22 12:44:04.428	2016-02-22 12:44:04.428	25	1
37	2016-02-22 12:44:05.131	2016-02-22 12:44:05.131	26	1
38	2016-02-22 12:44:05.738	2016-02-22 12:44:05.738	27	1
39	2016-02-22 12:44:06.437	2016-02-22 12:44:06.437	28	1
40	2016-02-22 12:44:08.372	2016-02-22 12:44:08.372	31	1
41	2016-02-22 12:44:08.95	2016-02-22 12:44:08.95	33	1
42	2016-02-22 12:44:09.715	2016-02-22 12:44:09.715	34	1
43	2016-02-22 12:44:10.4	2016-02-22 12:44:10.4	35	1
44	2016-02-22 12:44:11.628	2016-02-22 12:44:11.628	36	1
45	2016-02-22 12:44:13.156	2016-02-22 12:44:13.156	38	1
46	2016-02-22 12:44:13.809	2016-02-22 12:44:13.809	39	1
47	2016-02-22 12:44:15.24	2016-02-22 12:44:15.24	40	1
48	2016-02-22 12:44:15.774	2016-02-22 12:44:15.774	42	1
50	2016-02-22 12:44:18.192	2016-02-22 12:44:18.192	44	1
51	2016-02-22 12:44:18.738	2016-02-22 12:44:18.738	46	1
53	2016-02-22 12:44:20.659	2016-02-22 12:44:20.659	50	1
54	2016-02-22 12:44:21.955	2016-02-22 12:44:21.955	52	1
55	2016-02-22 12:44:22.802	2016-02-22 12:44:22.802	54	1
56	2016-02-22 12:44:23.529	2016-02-22 12:44:23.529	56	1
57	2016-02-22 12:44:24.402	2016-02-22 12:44:24.402	59	1
59	2016-02-22 12:44:26.051	2016-02-22 12:44:26.051	61	1
62	2016-02-22 12:46:11.58	2016-02-22 12:46:11.58	15	2
63	2016-02-22 12:46:14.307	2016-02-22 12:46:14.307	20	2
64	2016-02-22 12:46:45.613	2016-02-22 12:46:45.613	32	2
65	2016-02-22 12:46:50.203	2016-02-22 12:46:50.203	45	2
66	2016-02-22 12:46:51.058	2016-02-22 12:46:51.058	49	2
67	2016-02-22 12:47:00.281	2016-02-22 12:47:00.281	58	2
68	2016-02-22 12:47:04.274	2016-02-22 12:47:04.274	55	2
69	2016-02-22 12:47:06.413	2016-02-22 12:47:06.413	5	2
70	2016-02-22 12:47:08.035	2016-02-22 12:47:08.035	8	2
71	2016-02-22 12:47:09.228	2016-02-22 12:47:09.228	30	2
72	2016-02-22 12:47:10.195	2016-02-22 12:47:10.195	37	2
73	2016-02-22 12:47:11.524	2016-02-22 12:47:11.524	47	2
74	2016-02-22 12:47:12.297	2016-02-22 12:47:12.297	51	2
75	2016-02-22 12:47:13.172	2016-02-22 12:47:13.172	57	2
76	2016-02-22 12:47:16.28	2016-02-22 12:47:16.28	2	2
77	2016-02-22 12:47:17.203	2016-02-22 12:47:17.203	3	2
78	2016-02-22 12:47:17.917	2016-02-22 12:47:17.917	4	2
79	2016-02-22 12:47:19.217	2016-02-22 12:47:19.217	7	2
80	2016-02-22 12:47:24.908	2016-02-22 12:47:24.908	11	2
81	2016-02-22 12:47:25.573	2016-02-22 12:47:25.573	12	2
82	2016-02-22 12:47:26.632	2016-02-22 12:47:26.632	16	2
83	2016-02-22 12:47:27.406	2016-02-22 12:47:27.406	18	2
84	2016-02-22 12:47:28.325	2016-02-22 12:47:28.325	19	2
85	2016-02-22 12:47:30.053	2016-02-22 12:47:30.053	21	2
86	2016-02-22 12:47:31.461	2016-02-22 12:47:31.461	25	2
87	2016-02-22 12:47:32.572	2016-02-22 12:47:32.572	26	2
88	2016-02-22 12:47:34.276	2016-02-22 12:47:34.276	27	2
89	2016-02-22 12:47:36.189	2016-02-22 12:47:36.189	28	2
90	2016-02-22 12:47:37.972	2016-02-22 12:47:37.972	31	2
91	2016-02-22 12:47:38.728	2016-02-22 12:47:38.728	33	2
92	2016-02-22 12:47:39.751	2016-02-22 12:47:39.751	34	2
93	2016-02-22 12:47:40.498	2016-02-22 12:47:40.498	35	2
94	2016-02-22 12:47:41.485	2016-02-22 12:47:41.485	36	2
95	2016-02-22 12:47:42.15	2016-02-22 12:47:42.15	38	2
96	2016-02-22 12:47:43.781	2016-02-22 12:47:43.781	39	2
97	2016-02-22 12:47:44.712	2016-02-22 12:47:44.712	40	2
98	2016-02-22 12:47:45.469	2016-02-22 12:47:45.469	42	2
100	2016-02-22 12:47:47.076	2016-02-22 12:47:47.076	44	2
101	2016-02-22 12:47:48.52	2016-02-22 12:47:48.52	46	2
103	2016-02-22 12:47:58.03	2016-02-22 12:47:58.03	50	2
104	2016-02-22 12:47:59.63	2016-02-22 12:47:59.63	52	2
105	2016-02-22 12:48:01.776	2016-02-22 12:48:01.776	54	2
106	2016-02-22 12:48:02.615	2016-02-22 12:48:02.615	56	2
107	2016-02-22 12:48:03.725	2016-02-22 12:48:03.725	59	2
109	2016-02-22 12:48:07.046	2016-02-22 12:48:07.046	61	2
112	2016-02-22 12:48:30.485	2016-02-22 12:48:30.485	15	3
113	2016-02-22 12:48:37.553	2016-02-22 12:48:37.553	45	3
114	2016-02-22 12:48:38.118	2016-02-22 12:48:38.118	49	3
115	2016-02-22 12:48:43.07	2016-02-22 12:48:43.07	58	3
116	2016-02-22 12:48:47.487	2016-02-22 12:48:47.487	47	3
117	2016-02-22 12:48:48.016	2016-02-22 12:48:48.016	51	3
118	2016-02-22 12:48:49.539	2016-02-22 12:48:49.539	57	3
119	2016-02-22 12:49:05.555	2016-02-22 12:49:05.555	16	3
120	2016-02-22 12:49:07.169	2016-02-22 12:49:07.169	18	3
121	2016-02-22 12:49:13.259	2016-02-22 12:49:13.259	31	3
123	2016-02-22 12:49:27.487	2016-02-22 12:49:27.487	46	3
124	2016-02-22 12:49:29.363	2016-02-22 12:49:29.363	50	3
125	2016-02-22 12:49:43.194	2016-02-22 12:49:43.194	56	3
126	2016-02-22 12:49:44.285	2016-02-22 12:49:44.285	59	3
128	2016-02-22 12:49:49.309	2016-02-22 12:49:49.309	61	3
129	2017-06-13 13:52:45.634449	2017-06-13 13:52:45.634449	62	1
130	2017-06-13 13:52:45.642858	2017-06-13 13:52:45.642858	62	2
131	2018-05-16 15:36:21.181269	2018-05-16 15:36:21.181269	63	1
132	2018-05-16 15:36:21.181269	2018-05-16 15:36:21.181269	63	2
133	2018-10-29 19:23:35.105509	2018-10-29 19:23:35.105509	64	1
134	2019-04-19 19:34:07.717194	2019-04-19 19:34:07.717194	65	1
135	2019-04-19 19:34:07.725484	2019-04-19 19:34:07.725484	65	2
136	2019-04-19 19:34:07.767193	2019-04-19 19:34:07.767193	66	1
137	2019-04-19 19:34:07.775468	2019-04-19 19:34:07.775468	66	2
138	2019-04-19 19:34:07.808949	2019-04-19 19:34:07.808949	67	1
139	2019-04-19 19:34:07.817227	2019-04-19 19:34:07.817227	67	2
140	2021-07-24 12:21:20.546408	2021-07-24 12:21:20.546408	68	1
141	2021-07-24 12:21:20.546408	2021-07-24 12:21:20.546408	68	2
142	2021-07-24 12:21:20.546408	2021-07-24 12:21:20.546408	69	1
143	2021-07-24 12:21:20.546408	2021-07-24 12:21:20.546408	69	2
144	2021-07-24 12:21:20.546408	2021-07-24 12:21:20.546408	70	1
145	2021-07-24 12:21:20.546408	2021-07-24 12:21:20.546408	70	2
146	2021-07-24 12:21:20.546408	2021-07-24 12:21:20.546408	71	1
147	2021-07-24 12:21:20.546408	2021-07-24 12:21:20.546408	71	2
148	2021-07-24 12:21:20.546408	2021-07-24 12:21:20.546408	72	1
149	2021-07-24 12:21:20.546408	2021-07-24 12:21:20.546408	72	2
150	2021-07-24 12:21:20.546408	2021-07-24 12:21:20.546408	73	1
151	2021-07-24 12:21:20.546408	2021-07-24 12:21:20.546408	73	2
152	2021-07-24 12:21:20.546408	2021-07-24 12:21:20.546408	80	1
153	2021-07-24 12:21:20.546408	2021-07-24 12:21:20.546408	80	2
154	2021-07-24 12:21:20.546408	2021-07-24 12:21:20.546408	74	1
155	2021-07-24 12:21:20.546408	2021-07-24 12:21:20.546408	74	2
156	2021-07-24 12:21:20.546408	2021-07-24 12:21:20.546408	85	1
157	2021-07-24 12:21:20.546408	2021-07-24 12:21:20.546408	85	2
158	2021-07-24 12:21:20.546408	2021-07-24 12:21:20.546408	86	1
159	2021-07-24 12:21:20.546408	2021-07-24 12:21:20.546408	86	2
160	2021-07-24 12:21:20.546408	2021-07-24 12:21:20.546408	75	1
161	2021-07-24 12:21:20.546408	2021-07-24 12:21:20.546408	75	2
162	2021-07-24 12:21:20.546408	2021-07-24 12:21:20.546408	76	1
163	2021-07-24 12:21:20.546408	2021-07-24 12:21:20.546408	76	2
164	2021-07-24 12:21:20.546408	2021-07-24 12:21:20.546408	77	1
165	2021-07-24 12:21:20.546408	2021-07-24 12:21:20.546408	77	2
166	2021-07-24 12:21:20.546408	2021-07-24 12:21:20.546408	78	1
167	2021-07-24 12:21:20.546408	2021-07-24 12:21:20.546408	78	2
168	2021-07-24 12:21:20.546408	2021-07-24 12:21:20.546408	79	1
169	2021-07-24 12:21:20.546408	2021-07-24 12:21:20.546408	79	2
170	2021-07-24 12:21:20.546408	2021-07-24 12:21:20.546408	82	1
171	2021-07-24 12:21:20.546408	2021-07-24 12:21:20.546408	82	2
172	2021-07-24 12:21:20.546408	2021-07-24 12:21:20.546408	83	1
173	2021-07-24 12:21:20.546408	2021-07-24 12:21:20.546408	83	2
174	2021-07-24 12:21:20.546408	2021-07-24 12:21:20.546408	81	1
175	2021-07-24 12:21:20.546408	2021-07-24 12:21:20.546408	81	2
176	2021-07-24 12:21:20.546408	2021-07-24 12:21:20.546408	84	1
177	2021-07-24 12:21:20.546408	2021-07-24 12:21:20.546408	84	2
178	2021-07-24 12:21:20.546408	2021-07-24 12:21:20.546408	87	1
179	2021-07-24 12:21:20.546408	2021-07-24 12:21:20.546408	87	2
180	2021-07-24 12:21:20.546408	2021-07-24 12:21:20.546408	88	1
181	2021-07-24 12:21:20.546408	2021-07-24 12:21:20.546408	88	2
182	2021-07-24 12:21:20.546408	2021-07-24 12:21:20.546408	89	1
183	2021-07-24 12:21:20.546408	2021-07-24 12:21:20.546408	89	2
184	2021-07-24 12:21:20.546408	2021-07-24 12:21:20.546408	90	1
185	2021-07-24 12:21:20.546408	2021-07-24 12:21:20.546408	90	2
186	2021-07-24 12:21:20.546408	2021-07-24 12:21:20.546408	91	1
187	2021-07-24 12:21:20.546408	2021-07-24 12:21:20.546408	91	2
188	2021-07-24 12:21:20.563045	2021-07-24 12:21:20.563045	92	1
189	2021-07-24 12:21:20.563045	2021-07-24 12:21:20.563045	92	2
190	2021-08-02 11:07:06.272175	2021-08-02 11:07:06.272175	15	4
191	2021-08-02 11:07:13.743212	2021-08-02 11:07:13.743212	20	4
192	2021-08-02 11:07:20.088466	2021-08-02 11:07:20.088466	32	4
193	2021-08-02 11:07:27.932181	2021-08-02 11:07:27.932181	45	4
194	2021-08-02 11:07:28.543605	2021-08-02 11:07:28.543605	49	4
195	2021-08-02 11:07:35.501568	2021-08-02 11:07:35.501568	58	4
196	2021-08-02 11:07:43.183839	2021-08-02 11:07:43.183839	5	4
197	2021-08-02 11:07:43.599678	2021-08-02 11:07:43.599678	8	4
198	2021-08-02 11:07:44.365397	2021-08-02 11:07:44.365397	30	4
199	2021-08-02 11:07:45.759869	2021-08-02 11:07:45.759869	37	4
200	2021-08-02 11:07:46.173709	2021-08-02 11:07:46.173709	47	4
201	2021-08-02 11:07:47.334318	2021-08-02 11:07:47.334318	51	4
202	2021-08-02 11:07:47.905602	2021-08-02 11:07:47.905602	57	4
203	2021-08-02 11:07:48.913112	2021-08-02 11:07:48.913112	65	4
204	2021-08-02 11:07:58.326436	2021-08-02 11:07:58.326436	3	4
205	2021-08-02 11:07:59.223323	2021-08-02 11:07:59.223323	4	4
206	2021-08-02 11:08:00.042975	2021-08-02 11:08:00.042975	7	4
207	2021-08-02 11:08:13.459821	2021-08-02 11:08:13.459821	12	4
208	2021-08-02 11:08:13.93817	2021-08-02 11:08:13.93817	16	4
209	2021-08-02 11:08:15.096975	2021-08-02 11:08:15.096975	18	4
210	2021-08-02 11:08:15.556779	2021-08-02 11:08:15.556779	19	4
211	2021-08-02 11:08:16.599516	2021-08-02 11:08:16.599516	21	4
212	2021-08-02 11:08:22.360451	2021-08-02 11:08:22.360451	25	4
213	2021-08-02 11:08:22.768818	2021-08-02 11:08:22.768818	26	4
214	2021-08-02 11:08:24.104831	2021-08-02 11:08:24.104831	27	4
215	2021-08-02 11:08:24.944345	2021-08-02 11:08:24.944345	28	4
216	2021-08-02 11:08:25.683638	2021-08-02 11:08:25.683638	31	4
217	2021-08-02 11:08:27.04298	2021-08-02 11:08:27.04298	33	4
218	2021-08-02 11:08:27.605279	2021-08-02 11:08:27.605279	34	4
219	2021-08-02 11:08:29.140237	2021-08-02 11:08:29.140237	35	4
220	2021-08-02 11:08:29.590368	2021-08-02 11:08:29.590368	36	4
221	2021-08-02 11:08:30.173848	2021-08-02 11:08:30.173848	38	4
222	2021-08-02 11:08:31.386456	2021-08-02 11:08:31.386456	39	4
223	2021-08-02 11:08:31.805304	2021-08-02 11:08:31.805304	40	4
224	2021-08-02 11:08:32.498924	2021-08-02 11:08:32.498924	42	4
225	2021-08-02 11:08:33.149704	2021-08-02 11:08:33.149704	44	4
226	2021-08-02 11:08:34.603781	2021-08-02 11:08:34.603781	46	4
227	2021-08-02 11:08:35.052601	2021-08-02 11:08:35.052601	50	4
228	2021-08-02 11:08:35.62437	2021-08-02 11:08:35.62437	52	4
229	2021-08-02 11:08:36.980213	2021-08-02 11:08:36.980213	54	4
230	2021-08-02 11:08:37.519423	2021-08-02 11:08:37.519423	56	4
231	2021-08-02 11:08:38.854123	2021-08-02 11:08:38.854123	59	4
232	2021-08-02 11:08:39.495962	2021-08-02 11:08:39.495962	61	4
233	2021-08-02 11:08:40.528229	2021-08-02 11:08:40.528229	63	4
234	2021-08-02 11:08:42.552606	2021-08-02 11:08:42.552606	67	4
235	2021-08-02 11:08:43.173454	2021-08-02 11:08:43.173454	66	4
236	2021-08-02 15:49:46.42371	2021-08-02 15:49:46.42371	68	4
237	2021-08-02 15:49:47.335758	2021-08-02 15:49:47.335758	69	4
238	2021-08-02 15:49:48.154245	2021-08-02 15:49:48.154245	70	4
239	2021-08-02 15:49:48.945261	2021-08-02 15:49:48.945261	71	4
240	2021-08-02 15:49:50.744855	2021-08-02 15:49:50.744855	72	4
241	2021-08-02 15:49:51.102921	2021-08-02 15:49:51.102921	73	4
243	2021-08-02 15:49:52.653707	2021-08-02 15:49:52.653707	75	4
244	2021-08-02 15:49:54.300197	2021-08-02 15:49:54.300197	76	4
245	2021-08-02 15:49:55.086943	2021-08-02 15:49:55.086943	77	4
247	2021-08-02 15:50:03.966638	2021-08-02 15:50:03.966638	79	4
248	2021-08-02 15:50:04.411499	2021-08-02 15:50:04.411499	80	4
249	2021-08-02 15:50:04.416496	2021-08-02 15:50:04.416496	81	4
250	2021-08-02 15:50:05.515065	2021-08-02 15:50:05.515065	82	4
251	2021-08-02 15:50:05.520125	2021-08-02 15:50:05.520125	83	4
252	2021-08-02 15:50:05.526754	2021-08-02 15:50:05.526754	84	4
253	2021-08-02 15:50:06.490611	2021-08-02 15:50:06.490611	85	4
254	2021-08-02 15:50:06.495257	2021-08-02 15:50:06.495257	86	4
\.



--
-- Data for Name: acl_links; Type: TABLE DATA; Schema: public; Owner: -
--

COPY public.acl_links (id, created, modified, name, url, method, slug, group_id, is_user_action, is_guest_action, is_admin_action, is_hide, is_default) FROM stdin;
1	2014-08-25 13:14:18.247	2014-08-25 13:14:18.247	Add board	/boards	POST	add_board	2	1	0	0	0	f
2	2014-08-25 13:14:18.247	2014-08-25 13:14:18.247	Add organization	/organizations	POST	add_organization	2	1	0	0	0	f
3	2016-02-09 16:51:25.779	2016-02-09 16:51:25.779	Add webhooks	/webhooks	POST	add_webhook	2	1	0	0	0	f
5	2014-08-25 13:14:18.247	2014-08-25 13:14:18.247	Board search	/boards/search	GET	view_board_search	2	1	0	0	0	f
6	2014-08-25 13:14:18.247	2014-08-25 13:14:18.247	Board visibility	/boards/?/visibility	GET	view_board_visibility	2	1	0	0	0	f
8	2016-02-09 16:51:25.779	2016-02-09 16:51:25.779	Delete webhooks	/webhooks/?	DELETE	delete_webhook	2	1	0	0	0	f
10	2016-02-09 16:51:25.779	2016-02-09 16:51:25.779	Edit webhooks	/webhooks/?	PUT	edit_webhook	2	1	0	0	0	f
11	2014-08-25 13:14:18.247	2014-08-25 13:14:18.247	Forgot password	/users/forgotpassword	POST	users_forgotpassword	1	0	1	0	0	f
15	2014-08-25 13:14:18.247	2014-08-25 13:14:18.247	Organization visibility	/organizations/?/visibility	GET	view_organization_visibility	2	1	0	0	0	f
16	2016-02-09 16:51:26.139	2016-02-09 16:51:26.139	Post oauth token	/oauth/token	POST	post_oauth_token	1	0	1	0	0	f
17	2014-08-25 13:14:18.247	2014-08-25 13:14:18.247	Register	/users/register	POST	users_register	1	0	1	0	0	f
18	2016-02-09 16:51:25.217	2016-02-09 16:51:25.217	Revoke OAuth authorized applications	/oauth/applications/?	DELETE	delete_connected_applications	2	1	0	0	0	f
22	2016-02-16 20:06:48.576	2016-02-16 20:06:48.576	Starred boards listing	/boards/starred	GET	view_stared_boards	2	1	0	0	0	f
23	2016-02-18 17:24:25.733	2016-02-18 17:24:25.733	Unstar board	/boards/?/boards_stars/?	PUT	board_star	2	1	0	0	0	f
29	2014-08-25 13:14:18.247	2014-08-25 13:14:18.247	View closed boards	/boards/closed_boards	GET	view_closed_boards	2	1	0	0	0	f
30	2016-02-09 16:51:25.217	2016-02-09 16:51:25.217	View OAuth authorized applications	/oauth/applications	GET	view_connected_applications	2	1	0	0	0	f
31	2014-08-25 13:14:18.247	2014-08-25 13:14:18.247	View organization	/organizations/?	GET	view_organization	2	1	0	0	0	f
33	2014-08-25 13:14:18.247	2014-08-25 13:14:18.247	View starred boards listing	/boards/?/boards_stars	GET	view_board_star	2	1	0	0	0	f
38	2014-08-25 13:14:18.247	2014-08-25 13:14:18.247	View user search	/users/search	GET	view_user_search	2	1	0	0	0	f
39	2016-02-09 16:51:25.779	2016-02-09 16:51:25.779	View webhooks	/webhooks	GET	view_webhooks	2	1	0	0	0	f
122	2014-08-25 13:14:18.247	2014-08-25 13:14:18.247	Undo activity	/activities/undo/?	PUT	undo_activity	2	1	0	0	0	f
40	2016-06-22 04:50:42.011	2016-06-22 04:50:42.011	Allow to post comments in public board	/boards/?/lists/?/cards/?/comments	POST	comment_card	2	1	0	0	0	f
41	2016-06-22 04:50:42.011	2016-06-22 04:50:42.011	Allow to subscribe board in public board	/boards/?/board_subscribers	POST	subscribe_board	2	1	0	0	0	f
42	2016-06-22 04:50:42.011	2016-06-22 04:50:42.011	Allow to subscribe list in public board	/boards/?/lists/?/list_subscribers	POST	subscribe_list	2	1	0	0	0	f
43	2016-06-22 04:50:42.011	2016-06-22 04:50:42.011	Allow to subscribe card in public board	/boards/?/lists/?/cards/?/card_subscribers	POST	subscribe_card	2	1	0	0	0	f
124	2015-10-05 13:14:18.2	2015-10-05 13:14:18.2	XMPP chat login	/xmpp_login	GET	xmpp_login	2	1	0	1	0	f
126	2016-06-22 04:50:42.236	2016-06-22 04:50:42.236	Role add	/roles	POST	role_add	1	0	0	1	1	f
127	2016-06-22 04:50:42.236	2016-06-22 04:50:42.236	Board user role add	/board_user_roles	POST	board_user_role_add	1	0	0	1	1	f
128	2016-06-22 04:50:42.236	2016-06-22 04:50:42.236	Organization user role add	/organization_user_roles	POST	organization_user_role_add	1	0	0	1	1	f
129	2016-06-22 04:50:42.239	2016-06-22 04:50:42.239	Role edit	/roles/?	PUT	role_edit	1	0	0	1	1	f
130	2016-06-22 04:50:42.239	2016-06-22 04:50:42.239	Board user role edit	/board_user_roles/?	PUT	board_user_role_edit	1	0	0	1	1	f
131	2016-06-22 04:50:42.239	2016-06-22 04:50:42.239	Organization user role edit	/organization_user_roles/?	PUT	organization_user_role_edit	1	0	0	1	1	f
40	2016-06-28 07:47:21.424	2016-06-28 07:47:21.424	Allow to post comments in public board	/boards/?/lists/?/cards/?/comments	POST	comment_card	2	1	0	0	0	f
41	2016-06-28 07:47:21.424	2016-06-28 07:47:21.424	Allow to subscribe board in public board	/boards/?/board_subscribers	POST	subscribe_board	2	1	0	0	0	f
42	2016-06-28 07:47:21.424	2016-06-28 07:47:21.424	Allow to subscribe list in public board	/boards/?/lists/?/list_subscribers	POST	subscribe_list	2	1	0	0	0	f
43	2016-06-28 07:47:21.424	2016-06-28 07:47:21.424	Allow to subscribe card in public board	/boards/?/lists/?/cards/?/card_subscribers	POST	subscribe_card	2	1	0	0	0	f
21	2016-02-18 17:42:32.045	2016-02-18 17:42:32.045	Allow to star/unstar in public board, card in public board	/boards/?/boards_stars	POST	starred_board	2	1	0	0	0	f
134	2016-06-28 07:47:21.742	2016-06-28 07:47:21.742	Role add	/roles	POST	role_add	1	0	0	1	1	f
135	2016-06-28 07:47:21.742	2016-06-28 07:47:21.742	Board user role add	/board_user_roles	POST	board_user_role_add	1	0	0	1	1	f
136	2016-06-28 07:47:21.742	2016-06-28 07:47:21.742	Organization user role add	/organization_user_roles	POST	organization_user_role_add	1	0	0	1	1	f
137	2016-06-28 07:47:21.747	2016-06-28 07:47:21.747	Role edit	/roles/?	PUT	role_edit	1	0	0	1	1	f
138	2016-06-28 07:47:21.747	2016-06-28 07:47:21.747	Board user role edit	/board_user_roles/?	PUT	board_user_role_edit	1	0	0	1	1	f
139	2016-06-28 07:47:21.747	2016-06-28 07:47:21.747	Organization user role edit	/organization_user_roles/?	PUT	organization_user_role_edit	1	0	0	1	1	f
125	2015-10-05 13:14:18.2	2015-10-05 13:14:18.2	Chat History	/boards/?/chat_history	GET	chat_history	2	1	0	1	0	f
141	2017-06-13 13:52:45.854008	2017-06-13 13:52:45.854008	Labels Edit	/labels/?	PUT	label_edit	1	0	0	1	1	f
4	2014-08-25 13:14:18.2	2014-08-25 13:14:18.2	All activities	/activities	GET	activities_listing	2	1	0	0	0	t
7	2014-08-25 13:14:18.247	2014-08-25 13:14:18.247	Change password	/users/?/changepassword	POST	user_changepassword	2	1	0	0	0	t
9	2014-08-25 13:14:18.247	2014-08-25 13:14:18.247	Edit user details	/users/?	PUT	edit_user_details	2	1	0	0	0	t
12	2014-08-25 13:14:18.247	2014-08-25 13:14:18.247	Load workflow templates	/workflow_templates	GET	view_workflow_templates	2	1	0	0	0	t
14	2016-02-16 20:04:41.092	2016-02-16 20:04:41.092	My boards listing	/boards/my_boards	GET	view_my_boards	2	1	0	0	0	t
19	2014-08-25 13:14:18.247	2014-08-25 13:14:18.247	Search	/search	GET	view_search	2	1	0	0	0	t
20	2014-08-25 13:14:18.247	2014-08-25 13:14:18.247	Settings management	/settings	GET	load_settings	3	0	0	1	1	t
25	2014-08-25 13:14:18.247	2014-08-25 13:14:18.247	Upload profile picture	/users/?	POST	add_user_profile_picture	2	1	0	0	0	t
26	2014-08-25 13:14:18.247	2014-08-25 13:14:18.247	User activation	/users/?/activation	PUT	user_activation	1	0	1	0	0	t
28	2014-08-25 13:14:18.247	2014-08-25 13:14:18.247	View boards listing	/boards	GET	view_board_listing	2	1	0	0	0	t
32	2014-08-25 13:14:18.247	2014-08-25 13:14:18.247	View organizations listing	/organizations	GET	view_organization_listing	2	1	0	0	0	t
34	2014-08-25 13:14:18.247	2014-08-25 13:14:18.247	View user	/users/?	GET	view_user	2	1	0	0	0	t
36	2014-08-25 13:14:18.247	2014-08-25 13:14:18.247	View user assigned boards	/users/?/boards	GET	view_user_board	2	1	0	0	0	t
37	2014-08-25 13:14:18.247	2014-08-25 13:14:18.247	View user assigned cards	/users/?/cards	GET	view_user_cards	2	1	0	0	0	t
123	2016-03-07 11:45:43.8	2016-03-07 11:45:43.8	User detail	/users/me	GET	user_detail	0	1	0	1	1	t
27	2016-02-18 20:11:14.482	2016-02-18 20:11:14.482	View board	/boards/?	GET	view_board	2	1	0	0	0	t
35	2014-08-25 13:14:18.247	2014-08-25 13:14:18.247	View other users activities		GET	view_user_activities	2	1	0	0	0	t
152	2018-05-16 15:36:21.072177	2018-05-16 15:36:21.072177	Users invite	/users/invite	POST	users_invite	1	0	0	1	1	f
153	2018-05-16 15:36:21.088804	2018-05-16 15:36:21.088804	Get timezones listing	/timezones	GET	get_timezones	1	0	0	1	1	f
154	2019-12-16 21:44:29.491548	2019-12-16 21:44:29.491548	Allow to unsubscribe board in public board	/boards/?/board_subscribers/?	PUT	unsubscribe_board	2	1	0	0	0	f
155	2019-12-16 21:44:29.491548	2019-12-16 21:44:29.491548	Allow to unsubscribe list in public board	/boards/?/lists/?/list_subscribers/?	PUT	unsubscribe_list	2	1	0	0	0	f
156	2019-12-16 21:44:29.491548	2019-12-16 21:44:29.491548	Allow to unsubscribe card in public board	/boards/?/lists/?/cards/?/card_subscribers/?	POST	unsubscribe_card	2	1	0	0	0	f
157	2020-06-12 19:03:13.498349	2020-06-12 19:03:13.498349	Card search with Custom Field	/cards/search	GET	view_card_search_custom_field	3	1	0	1	0	f
158	2020-06-12 19:21:43.506093	2020-06-12 19:21:43.506093	Card search with Custom Field	/cards/search	GET	view_card_search_custom_field	3	1	0	1	0	f
159	2021-07-24 12:21:21.858991	2021-07-24 12:21:21.858991	Login	/users/login	POST	users_login	1	0	1	0	0	f
160	2022-02-28 10:41:23.833814	2022-02-28 10:41:23.833814	User activities	/users/?/activities	GET	user_activities_listing	2	1	0	0	0	t
\.



--
-- Data for Name: acl_links_roles; Type: TABLE DATA; Schema: public; Owner: -
--

COPY public.acl_links_roles (id, created, modified, acl_link_id, role_id) FROM stdin;
1	2016-02-20 19:07:50.849	2016-02-20 19:07:50.849	23	1
2	2016-02-20 19:08:19.584	2016-02-20 19:08:19.584	24	2
3	2016-02-20 19:08:19.584	2016-02-20 19:08:19.584	24	1
4	2016-02-20 19:07:31.102	2016-02-20 19:07:31.102	25	2
5	2016-02-20 19:07:31.102	2016-02-20 19:07:31.102	25	1
6	2016-02-20 19:07:27.124	2016-02-20 19:07:27.124	26	3
7	2016-02-20 19:08:20.385	2016-02-20 19:08:20.385	27	2
8	2016-02-20 19:08:21.237	2016-02-20 19:08:21.237	27	3
9	2016-02-20 19:08:20.385	2016-02-20 19:08:20.385	27	1
10	2016-02-20 19:07:57.812	2016-02-20 19:07:57.812	39	2
11	2016-02-20 19:07:57.812	2016-02-20 19:07:57.812	39	1
12	2016-02-20 19:07:29.971	2016-02-20 19:07:29.971	1	2
13	2016-02-20 19:07:29.971	2016-02-20 19:07:29.971	1	1
14	2016-02-20 19:07:29.324	2016-02-20 19:07:29.324	2	2
15	2016-02-20 19:07:29.324	2016-02-20 19:07:29.324	2	1
16	2016-02-20 19:07:58.59	2016-02-20 19:07:58.59	3	2
17	2016-02-20 19:07:58.59	2016-02-20 19:07:58.59	3	1
18	2016-02-20 19:07:47.43	2016-02-20 19:07:47.43	4	1
19	2016-02-20 19:07:36.217	2016-02-20 19:07:36.217	5	2
20	2016-02-20 19:07:36.217	2016-02-20 19:07:36.217	5	1
21	2016-02-20 19:07:38.318	2016-02-20 19:07:38.318	6	2
22	2016-02-20 19:07:31.771	2016-02-20 19:07:31.771	9	1
23	2016-02-20 19:08:16.346	2016-02-20 19:08:16.346	10	2
25	2016-02-20 19:07:25.664	2016-02-20 19:07:25.664	11	3
26	2016-02-20 19:07:39.589	2016-02-20 19:07:39.589	12	2
27	2016-02-20 19:07:26.404	2016-02-20 19:07:26.404	17	3
28	2016-02-20 19:07:57.006	2016-02-20 19:07:57.006	18	2
29	2016-02-20 19:07:57.006	2016-02-20 19:07:57.006	18	1
30	2016-02-20 19:07:41.054	2016-02-20 19:07:41.054	19	2
31	2016-02-20 19:07:41.054	2016-02-20 19:07:41.054	19	1
32	2016-02-22 10:58:31.89	2016-02-22 10:58:31.89	20	3
33	2016-02-22 12:17:06.002	2016-02-22 12:17:06.002	20	1
34	2016-02-20 19:08:18.616	2016-02-20 19:08:18.616	21	1
35	2016-02-20 19:07:32.362	2016-02-20 19:07:32.362	28	2
36	2016-02-20 19:07:32.362	2016-02-20 19:07:32.362	28	1
37	2016-02-20 19:07:34.351	2016-02-20 19:07:34.351	31	2
38	2016-02-20 19:07:34.351	2016-02-20 19:07:34.351	31	1
39	2016-02-20 19:07:45.749	2016-02-20 19:07:45.749	32	2
40	2016-02-20 19:07:45.749	2016-02-20 19:07:45.749	32	1
41	2016-02-20 19:07:43.927	2016-02-20 19:07:43.927	33	2
42	2016-02-20 19:07:43.927	2016-02-20 19:07:43.927	33	1
43	2016-02-20 19:07:41.755	2016-02-20 19:07:41.755	34	2
44	2016-02-20 19:07:41.755	2016-02-20 19:07:41.755	34	1
45	2016-02-20 19:07:47.43	2016-02-20 19:07:47.43	4	2
46	2016-02-20 19:07:39.589	2016-02-20 19:07:39.589	12	1
47	2016-02-20 19:07:38.318	2016-02-20 19:07:38.318	6	1
49	2016-02-20 19:07:48.396	2016-02-20 19:07:48.396	14	2
50	2016-02-20 19:07:48.396	2016-02-20 19:07:48.396	14	1
51	2016-02-20 19:07:45.001	2016-02-20 19:07:45.001	29	2
52	2016-02-20 19:07:45.001	2016-02-20 19:07:45.001	29	1
53	2016-02-20 19:07:52.525	2016-02-20 19:07:52.525	30	2
54	2016-02-20 19:07:52.525	2016-02-20 19:07:52.525	30	1
55	2016-02-20 19:07:39.029	2016-02-20 19:07:39.029	15	2
56	2016-02-20 19:07:39.029	2016-02-20 19:07:39.029	15	1
57	2016-02-20 19:07:27.772	2016-02-20 19:07:27.772	16	3
58	2016-02-20 19:07:35.269	2016-02-20 19:07:35.269	35	2
59	2016-02-20 19:07:35.269	2016-02-20 19:07:35.269	35	1
60	2016-02-20 19:07:43.227	2016-02-20 19:07:43.227	36	2
61	2016-02-20 19:07:43.227	2016-02-20 19:07:43.227	36	1
62	2016-02-20 19:07:42.416	2016-02-20 19:07:42.416	37	2
63	2016-02-20 19:07:42.416	2016-02-20 19:07:42.416	37	1
64	2016-02-20 19:07:37.681	2016-02-20 19:07:37.681	38	2
65	2016-02-20 19:07:37.681	2016-02-20 19:07:37.681	38	1
66	2016-02-20 19:07:50.147	2016-02-20 19:07:50.147	22	2
67	2016-02-20 19:07:50.147	2016-02-20 19:07:50.147	22	1
68	2016-02-20 19:07:50.849	2016-02-20 19:07:50.849	23	2
69	2016-02-20 19:07:30.541	2016-02-20 19:07:30.541	7	2
70	2016-02-20 19:08:18.616	2016-02-20 19:08:18.616	21	2
71	2016-02-22 12:58:43.86	2016-02-22 12:58:43.86	20	2
72	2016-02-20 19:07:30.541	2016-02-20 19:07:30.541	7	1
73	2016-02-20 19:08:17.963	2016-02-20 19:08:17.963	8	2
74	2016-02-20 19:08:17.963	2016-02-20 19:08:17.963	8	1
75	2016-02-20 19:07:31.771	2016-02-20 19:07:31.771	9	2
1218	2016-02-20 19:07:50.849	2016-02-20 19:07:50.849	122	1
1219	2016-02-20 19:07:50.849	2016-02-20 19:07:50.849	123	2
1220	2016-06-22 04:50:42.032	2016-06-22 04:50:42.032	40	1
1221	2016-06-22 04:50:42.032	2016-06-22 04:50:42.032	40	2
1222	2016-06-22 04:50:42.032	2016-06-22 04:50:42.032	41	1
1223	2016-06-22 04:50:42.032	2016-06-22 04:50:42.032	41	2
1224	2016-06-22 04:50:42.032	2016-06-22 04:50:42.032	42	1
1225	2016-06-22 04:50:42.032	2016-06-22 04:50:42.032	42	2
1226	2016-06-22 04:50:42.032	2016-06-22 04:50:42.032	43	1
1227	2016-06-22 04:50:42.032	2016-06-22 04:50:42.032	43	2
1228	2016-02-20 19:07:50.849	2016-02-20 19:07:50.849	124	1
1229	2016-02-20 19:07:50.849	2016-02-20 19:07:50.849	124	2
1230	2016-02-20 19:07:50.849	2016-02-20 19:07:50.849	125	1
1231	2016-02-20 19:07:50.849	2016-02-20 19:07:50.849	125	2
1232	2016-02-20 19:07:50.849	2016-02-20 19:07:50.849	126	1
1233	2016-02-20 19:07:50.849	2016-02-20 19:07:50.849	127	1
1234	2016-02-20 19:07:50.849	2016-02-20 19:07:50.849	128	1
1235	2016-02-20 19:07:50.849	2016-02-20 19:07:50.849	129	1
1236	2016-02-20 19:07:50.849	2016-02-20 19:07:50.849	130	1
1237	2016-02-20 19:07:50.849	2016-02-20 19:07:50.849	131	1
1238	2016-06-28 07:47:21.437	2016-06-28 07:47:21.437	40	1
1239	2016-06-28 07:47:21.437	2016-06-28 07:47:21.437	40	2
1240	2016-06-28 07:47:21.437	2016-06-28 07:47:21.437	41	1
1241	2016-06-28 07:47:21.437	2016-06-28 07:47:21.437	41	2
1242	2016-06-28 07:47:21.437	2016-06-28 07:47:21.437	42	1
1243	2016-06-28 07:47:21.437	2016-06-28 07:47:21.437	42	2
1244	2016-06-28 07:47:21.437	2016-06-28 07:47:21.437	43	1
1245	2016-06-28 07:47:21.437	2016-06-28 07:47:21.437	43	2
1246	2016-02-20 19:07:50.849	2016-02-20 19:07:50.849	124	1
1247	2016-02-20 19:07:50.849	2016-02-20 19:07:50.849	132	1
1248	2016-02-20 19:07:50.849	2016-02-20 19:07:50.849	124	2
1249	2016-02-20 19:07:50.849	2016-02-20 19:07:50.849	132	2
1250	2016-02-20 19:07:50.849	2016-02-20 19:07:50.849	125	1
1251	2016-02-20 19:07:50.849	2016-02-20 19:07:50.849	133	1
1252	2016-02-20 19:07:50.849	2016-02-20 19:07:50.849	125	2
1253	2016-02-20 19:07:50.849	2016-02-20 19:07:50.849	133	2
1254	2016-02-20 19:07:50.849	2016-02-20 19:07:50.849	126	1
1255	2016-02-20 19:07:50.849	2016-02-20 19:07:50.849	134	1
1256	2016-02-20 19:07:50.849	2016-02-20 19:07:50.849	127	1
1257	2016-02-20 19:07:50.849	2016-02-20 19:07:50.849	135	1
1258	2016-02-20 19:07:50.849	2016-02-20 19:07:50.849	128	1
1259	2016-02-20 19:07:50.849	2016-02-20 19:07:50.849	136	1
1260	2016-02-20 19:07:50.849	2016-02-20 19:07:50.849	129	1
1261	2016-02-20 19:07:50.849	2016-02-20 19:07:50.849	137	1
1262	2016-02-20 19:07:50.849	2016-02-20 19:07:50.849	130	1
1263	2016-02-20 19:07:50.849	2016-02-20 19:07:50.849	138	1
1264	2016-02-20 19:07:50.849	2016-02-20 19:07:50.849	131	1
1265	2016-02-20 19:07:50.849	2016-02-20 19:07:50.849	139	1
1266	2017-06-13 13:52:45.862325	2017-06-13 13:52:45.862325	141	1
1267	2017-06-13 13:52:45.862325	2017-06-13 13:52:45.862325	141	2
1268	2018-02-28 10:32:32.431588	2018-02-28 10:32:32.431588	16	3
1269	2018-05-16 15:36:21.08041	2018-05-16 15:36:21.08041	152	1
1270	2018-05-16 15:36:21.08041	2018-05-16 15:36:21.08041	152	2
1271	2018-05-16 15:36:21.097113	2018-05-16 15:36:21.097113	153	1
1272	2018-05-16 15:36:21.097113	2018-05-16 15:36:21.097113	153	2
1273	2019-12-16 21:44:29.517313	2019-12-16 21:44:29.517313	154	1
1274	2019-12-16 21:44:29.517313	2019-12-16 21:44:29.517313	154	2
1275	2019-12-16 21:44:29.517313	2019-12-16 21:44:29.517313	155	1
1276	2019-12-16 21:44:29.517313	2019-12-16 21:44:29.517313	155	2
1277	2019-12-16 21:44:29.517313	2019-12-16 21:44:29.517313	156	1
1278	2019-12-16 21:44:29.517313	2019-12-16 21:44:29.517313	156	2
1279	2020-06-12 19:03:13.573564	2020-06-12 19:03:13.573564	157	1
1280	2020-06-12 19:03:13.573564	2020-06-12 19:03:13.573564	157	2
1281	2021-07-24 12:21:21.875677	2021-07-24 12:21:21.875677	159	3
1282	2022-02-28 10:41:23.836104	2022-02-28 10:41:23.836104	160	1
1283	2022-02-28 10:41:23.836104	2022-02-28 10:41:23.836104	160	2
\.



--
-- Data for Name: acl_organization_links; Type: TABLE DATA; Schema: public; Owner: -
--

COPY public.acl_organization_links (id, created, modified, name, url, method, slug, group_id, is_hide) FROM stdin;
1	2014-08-25 13:14:18.247	2014-08-25 13:14:18.247	Add organization member	/organizations/?/users/?	POST	add_organization_user	5	0
2	2014-08-25 13:14:18.247	2014-08-25 13:14:18.247	Delete organization	/organizations/?	DELETE	delete_organization	5	0
3	2014-08-25 13:14:18.247	2014-08-25 13:14:18.247	Edit organization	/organizations/?	PUT	edit_organization	5	0
4	2014-08-25 13:14:18.247	2014-08-25 13:14:18.247	Organization members listing	/organizations_users/?	GET	view_organization_user_listing	5	0
5	2014-08-25 13:14:18.247	2014-08-25 13:14:18.247	Organization visibility	/organizations/?/visibility	GET	view_organization_visibility	5	0
6	2014-08-25 13:14:18.247	2014-08-25 13:14:18.247	Remove organization member	/organizations/?/organizations_users/?	DELETE	remove_organization_user	5	0
7	2014-08-25 13:14:18.247	2014-08-25 13:14:18.247	Update organization member permission	/organizations_users/?	PUT	edit_organization_user	5	0
8	2014-08-25 13:14:18.247	2014-08-25 13:14:18.247	Upload organization logo	/organizations/?/upload_logo	POST	upload_organization_logo	5	0
\.


--
-- Data for Name: acl_organization_links_organizations_user_roles; Type: TABLE DATA; Schema: public; Owner: -
--

COPY public.acl_organization_links_organizations_user_roles (id, created, modified, acl_organization_link_id, organization_user_role_id) FROM stdin;
1	2016-02-22 12:44:27.98	2016-02-22 12:44:27.98	1	1
2	2016-02-22 12:44:28.532	2016-02-22 12:44:28.532	2	1
3	2016-02-22 12:44:29.562	2016-02-22 12:44:29.562	3	1
4	2016-02-22 12:44:30.3	2016-02-22 12:44:30.3	4	1
5	2016-02-22 12:44:30.946	2016-02-22 12:44:30.946	5	1
6	2016-02-22 12:44:32.307	2016-02-22 12:44:32.307	6	1
7	2016-02-22 12:44:33.987	2016-02-22 12:44:33.987	7	1
8	2016-02-22 12:44:34.861	2016-02-22 12:44:34.861	8	1
9	2016-02-22 12:45:11.11	2016-02-22 12:45:11.11	4	2
10	2016-02-22 12:45:12.731	2016-02-22 12:45:12.731	5	2
11	2016-02-22 12:45:18.662	2016-02-22 12:45:18.662	8	2
12	2016-02-22 12:45:19.841	2016-02-22 12:45:19.841	3	2
13	2016-02-22 12:45:30.059	2016-02-22 12:45:30.059	4	3
14	2016-02-22 12:45:36.157	2016-02-22 12:45:36.157	5	3
\.



--
-- Data for Name: board_stars; Type: TABLE DATA; Schema: public; Owner: -
--

COPY public.board_stars (id, created, modified, board_id, user_id, is_starred) FROM stdin;
\.


--
-- Data for Name: board_subscribers; Type: TABLE DATA; Schema: public; Owner: -
--

COPY public.board_subscribers (id, created, modified, board_id, user_id, is_subscribed) FROM stdin;
\.


--
-- Data for Name: board_user_roles; Type: TABLE DATA; Schema: public; Owner: -
--

COPY public.board_user_roles (id, created, modified, name, description) FROM stdin;
1	2016-02-22 17:39:17.68	2016-02-22 17:39:17.68	Owner	Can view and edit cards, remove members, and change settings for the board.
2	2016-02-22 17:39:17.68	2016-02-22 17:39:17.68	Editor	Can view and edit cards, remove members, but not change settings.
3	2016-02-22 17:39:17.68	2016-02-22 17:39:17.68	Viewer	Can view only.
4	2020-08-11 13:03:57.053261	2020-08-11 13:03:57.053261	Restricted	Can view and edit cards, remove members, but not add cards and change settings.
\.



--
-- Data for Name: boards; Type: TABLE DATA; Schema: public; Owner: -
--

COPY public.boards (id, created, modified, user_id, organization_id, name, board_visibility, background_color, background_picture_url, commenting_permissions, voting_permissions, inivitation_permissions, is_closed, is_allow_organization_members_to_join, boards_user_count, list_count, card_count, boards_subscriber_count, background_pattern_url, boards_star_count, is_show_image_front_of_card, background_picture_path, music_name, music_content, archived_list_count, archived_card_count, default_email_list_id, is_default_email_position_as_bottom, custom_fields, auto_subscribe_on_board, auto_subscribe_on_card, sort_by, sort_direction, support_list_id, support_custom_fields, is_expand_image_front_of_card, show_pending_checklist_item) FROM stdin;
\.



--
-- Data for Name: boards_users; Type: TABLE DATA; Schema: public; Owner: -
--

COPY public.boards_users (id, created, modified, board_id, user_id, board_user_role_id) FROM stdin;
\.



--
-- Data for Name: card_attachments; Type: TABLE DATA; Schema: public; Owner: -
--

COPY public.card_attachments (id, created, modified, card_id, name, path, list_id, board_id, mimetype, link, doc_image_path) FROM stdin;
\.



--
-- Data for Name: card_subscribers; Type: TABLE DATA; Schema: public; Owner: -
--

COPY public.card_subscribers (id, created, modified, card_id, user_id, is_subscribed) FROM stdin;
\.


--
-- Data for Name: card_voters; Type: TABLE DATA; Schema: public; Owner: -
--

COPY public.card_voters (id, created, modified, card_id, user_id) FROM stdin;
\.



--
-- Data for Name: cards; Type: TABLE DATA; Schema: public; Owner: -
--

COPY public.cards (id, created, modified, board_id, list_id, name, description, due_date, "position", is_archived, attachment_count, checklist_count, checklist_item_count, checklist_item_completed_count, label_count, cards_user_count, cards_subscriber_count, card_voter_count, activity_count, user_id, is_deleted, comment_count, custom_fields, color, is_due_date_notification_sent, archived_date, cover_image_id) FROM stdin;
\.



--
-- Data for Name: cards_labels; Type: TABLE DATA; Schema: public; Owner: -
--

COPY public.cards_labels (id, created, modified, label_id, card_id, list_id, board_id) FROM stdin;
\.



--
-- Data for Name: cards_users; Type: TABLE DATA; Schema: public; Owner: -
--

COPY public.cards_users (id, created, modified, card_id, user_id) FROM stdin;
\.



--
-- Data for Name: checklist_items; Type: TABLE DATA; Schema: public; Owner: -
--

COPY public.checklist_items (id, created, modified, user_id, card_id, checklist_id, name, is_completed, "position") FROM stdin;
\.



--
-- Data for Name: checklists; Type: TABLE DATA; Schema: public; Owner: -
--

COPY public.checklists (id, created, modified, user_id, card_id, name, checklist_item_count, checklist_item_completed_count, "position") FROM stdin;
\.



--
-- Data for Name: cities; Type: TABLE DATA; Schema: public; Owner: -
--

COPY public.cities (id, created, modified, country_id, state_id, latitude, longitude, name, is_active) FROM stdin;
1	2015-05-21 11:45:47.245	2015-05-21 11:45:47.245	240	1	42.1508	-70.8228	Norwell	f
\.



--
-- Data for Name: countries; Type: TABLE DATA; Schema: public; Owner: -
--

COPY public.countries (id, iso_alpha2, iso_alpha3, iso_numeric, fips_code, name, capital, areainsqkm, population, continent, tld, currency, currencyname, phone, postalcodeformat, postalcoderegex, languages, geonameid, neighbours, equivalentfipscode, created, iso2, iso3, modified) FROM stdin;
1	AF	AFG	4	AF	Afghanistan	Kabul	647500	29121286	AS	.af	AFN	Afghani             	93        	                    	                    	fa-AF,ps,uz-AF,tk	1149361	TM,CN,IR,TJ,PK,UZ   	          	2013-02-07 10:11:00	\N	\N	2013-02-07 10:11:00
2	AX	ALA	248		Aland Islands	Mariehamn	0	26711	EU	.ax	EUR	Euro                	+358-18   	                    	                    	sv-AX	661882	                    	          	2013-02-07 10:11:00	\N	\N	2013-02-07 10:11:00
4	DZ	DZA	12	AG	Algeria	Algiers	2381740	34586184	AF	.dz	DZD	Dinar               	213       	#####               	^(d{5})$            	ar-DZ	2589581	NE,EH,LY,MR,TN,MA,ML	          	2013-02-07 10:11:00	\N	\N	2013-02-07 10:11:00
5	AS	ASM	16	AQ	American Samoa	Pago Pago	199	57881	OC	.as	USD	Dollar              	+1-684    	                    	                    	en-AS,sm,to	5880801	                    	          	2013-02-07 10:11:00	\N	\N	2013-02-07 10:11:00
6	AD	AND	20	AN	Andorra	Andorra la Vella	468	84000	EU	.ad	EUR	Euro                	376       	AD###               	^(?:AD)*(d{3})$     	ca	3041565	ES,FR               	          	2013-02-07 10:11:00	\N	\N	2013-02-07 10:11:00
7	AO	AGO	24	AO	Angola	Luanda	1246700	13068161	AF	.ao	AOA	Kwanza              	244       	                    	                    	pt-AO	3351879	CD,NA,ZM,CG         	          	2013-02-07 10:11:00	\N	\N	2013-02-07 10:11:00
8	AI	AIA	660	AV	Anguilla	The Valley	102	13254	NA	.ai	XCD	Dollar              	+1-264    	                    	                    	en-AI	3573511	                    	          	2013-02-07 10:11:00	\N	\N	2013-02-07 10:11:00
9	AQ	ATA	10	AY	Antarctica		14000000	0	AN	.aq	   	                    	          	                    	                    		6697173	                    	          	2013-02-07 10:11:00	\N	\N	2013-02-07 10:11:00
10	AG	ATG	28	AC	Antigua and Barbuda	St. John's	443	86754	NA	.ag	XCD	Dollar              	+1-268    	                    	                    	en-AG	3576396	                    	          	2013-02-07 10:11:00	\N	\N	2013-02-07 10:11:00
11	AR	ARG	32	AR	Argentina	Buenos Aires	2766890	41343201	SA	.ar	ARS	Peso                	54        	@####@@@            	^([A-Z]d{4}[A-Z]{3})	es-AR,en,it,de,fr,gn	3865483	CL,BO,UY,PY,BR      	          	2013-02-07 10:11:00	\N	\N	2013-02-07 10:11:00
12	AM	ARM	51	AM	Armenia	Yerevan	29800	2968000	AS	.am	AMD	Dram                	374       	######              	^(d{6})$            	hy	174982	GE,IR,AZ,TR         	          	2013-02-07 10:11:00	\N	\N	2013-02-07 10:11:00
13	AW	ABW	533	AA	Aruba	Oranjestad	193	71566	NA	.aw	AWG	Guilder             	297       	                    	                    	nl-AW,es,en	3577279	                    	          	2013-02-07 10:11:00	\N	\N	2013-02-07 10:11:00
14	AU	AUS	36	AS	Australia	Canberra	7686850	21515754	OC	.au	AUD	Dollar              	61        	####                	^(d{4})$            	en-AU	2077456	                    	          	2013-02-07 10:11:00	\N	\N	2013-02-07 10:11:00
15	AT	AUT	40	AU	Austria	Vienna	83858	8205000	EU	.at	EUR	Euro                	43        	####                	^(d{4})$            	de-AT,hr,hu,sl	2782113	CH,DE,HU,SK,CZ,IT,SI	          	2013-02-07 10:11:00	\N	\N	2013-02-07 10:11:00
16	AZ	AZE	31	AJ	Azerbaijan	Baku	86600	8303512	AS	.az	AZN	Manat               	994       	AZ ####             	^(?:AZ)*(d{4})$     	az,ru,hy	587116	GE,IR,AM,TR,RU      	          	2013-02-07 10:11:00	\N	\N	2013-02-07 10:11:00
17	BS	BHS	44	BF	Bahamas	Nassau	13940	301790	NA	.bs	BSD	Dollar              	+1-242    	                    	                    	en-BS	3572887	                    	          	2013-02-07 10:11:00	\N	\N	2013-02-07 10:11:00
18	BH	BHR	48	BA	Bahrain	Manama	665	738004	AS	.bh	BHD	Dinar               	973       	####|###            	^(d{3}d?)$          	ar-BH,en,fa,ur	290291	                    	          	2013-02-07 10:11:00	\N	\N	2013-02-07 10:11:00
19	BD	BGD	50	BG	Bangladesh	Dhaka	144000	156118464	AS	.bd	BDT	Taka                	880       	####                	^(d{4})$            	bn-BD,en	1210997	MM,IN               	          	2013-02-07 10:11:00	\N	\N	2013-02-07 10:11:00
20	BB	BRB	52	BB	Barbados	Bridgetown	431	285653	NA	.bb	BBD	Dollar              	+1-246    	BB#####             	^(?:BB)*(d{5})$     	en-BB	3374084	                    	          	2013-02-07 10:11:00	\N	\N	2013-02-07 10:11:00
21	BY	BLR	112	BO	Belarus	Minsk	207600	9685000	EU	.by	BYR	Ruble               	375       	######              	^(d{6})$            	be,ru	630336	PL,LT,UA,RU,LV      	          	2013-02-07 10:11:00	\N	\N	2013-02-07 10:11:00
22	BE	BEL	56	BE	Belgium	Brussels	30510	10403000	EU	.be	EUR	Euro                	32        	####                	^(d{4})$            	nl-BE,fr-BE,de-BE	2802361	DE,NL,LU,FR         	          	2013-02-07 10:11:00	\N	\N	2013-02-07 10:11:00
23	BZ	BLZ	84	BH	Belize	Belmopan	22966	314522	NA	.bz	BZD	Dollar              	501       	                    	                    	en-BZ,es	3582678	GT,MX               	          	2013-02-07 10:11:00	\N	\N	2013-02-07 10:11:00
24	BJ	BEN	204	BN	Benin	Porto-Novo	112620	9056010	AF	.bj	XOF	Franc               	229       	                    	                    	fr-BJ	2395170	NE,TG,BF,NG         	          	2013-02-07 10:11:00	\N	\N	2013-02-07 10:11:00
25	BM	BMU	60	BD	Bermuda	Hamilton	53	65365	NA	.bm	BMD	Dollar              	+1-441    	@@ ##               	^([A-Z]{2}d{2})$    	en-BM,pt	3573345	                    	          	2013-02-07 10:11:00	\N	\N	2013-02-07 10:11:00
26	BT	BTN	64	BT	Bhutan	Thimphu	47000	699847	AS	.bt	BTN	Ngultrum            	975       	                    	                    	dz	1252634	CN,IN               	          	2013-02-07 10:11:00	\N	\N	2013-02-07 10:11:00
27	BO	BOL	68	BL	Bolivia	Sucre	1098580	9947418	SA	.bo	BOB	Boliviano           	591       	                    	                    	es-BO,qu,ay	3923057	PE,CL,PY,BR,AR      	          	2013-02-07 10:11:00	\N	\N	2013-02-07 10:11:00
28	BQ	BES	535		Bonaire, Saint Eustatius and Saba 		0	18012	NA	.bq	USD	Dollar              	599       	                    	                    	nl,pap,en	7626844	                    	          	2013-02-07 10:11:00	\N	\N	2013-02-07 10:11:00
29	BA	BIH	70	BK	Bosnia and Herzegovina	Sarajevo	51129	4590000	EU	.ba	BAM	Marka               	387       	#####               	^(d{5})$            	bs,hr-BA,sr-BA	3277605	CS,HR,ME,RS         	          	2013-02-07 10:11:00	\N	\N	2013-02-07 10:11:00
30	BW	BWA	72	BC	Botswana	Gaborone	600370	2029307	AF	.bw	BWP	Pula                	267       	                    	                    	en-BW,tn-BW	933860	ZW,ZA,NA            	          	2013-02-07 10:11:00	\N	\N	2013-02-07 10:11:00
31	BV	BVT	74	BV	Bouvet Island		0	0	AN	.bv	NOK	Krone               	          	                    	                    		3371123	                    	          	2013-02-07 10:11:00	\N	\N	2013-02-07 10:11:00
33	IO	IOT	86	IO	British Indian Ocean Territory	Diego Garcia	60	4000	AS	.io	USD	Dollar              	246       	                    	                    	en-IO	1282588	                    	          	2013-02-07 10:11:00	\N	\N	2013-02-07 10:11:00
34	VG	VGB	92	VI	British Virgin Islands	Road Town	153	21730	NA	.vg	USD	Dollar              	+1-284    	                    	                    	en-VG	3577718	                    	          	2013-02-07 10:11:00	\N	\N	2013-02-07 10:11:00
35	BN	BRN	96	BX	Brunei	Bandar Seri Begawan	5770	395027	AS	.bn	BND	Dollar              	673       	@@####              	^([A-Z]{2}d{4})$    	ms-BN,en-BN	1820814	MY                  	          	2013-02-07 10:11:00	\N	\N	2013-02-07 10:11:00
36	BG	BGR	100	BU	Bulgaria	Sofia	110910	7148785	EU	.bg	BGN	Lev                 	359       	####                	^(d{4})$            	bg,tr-BG	732800	MK,GR,RO,CS,TR,RS   	          	2013-02-07 10:11:00	\N	\N	2013-02-07 10:11:00
37	BF	BFA	854	UV	Burkina Faso	Ouagadougou	274200	16241811	AF	.bf	XOF	Franc               	226       	                    	                    	fr-BF	2361809	NE,BJ,GH,CI,TG,ML   	          	2013-02-07 10:11:00	\N	\N	2013-02-07 10:11:00
38	BI	BDI	108	BY	Burundi	Bujumbura	27830	9863117	AF	.bi	BIF	Franc               	257       	                    	                    	fr-BI,rn	433561	TZ,CD,RW            	          	2013-02-07 10:11:00	\N	\N	2013-02-07 10:11:00
39	KH	KHM	116	CB	Cambodia	Phnom Penh	181040	14453680	AS	.kh	KHR	Riels               	855       	#####               	^(d{5})$            	km,fr,en	1831722	LA,TH,VN            	          	2013-02-07 10:11:00	\N	\N	2013-02-07 10:11:00
40	CM	CMR	120	CM	Cameroon	Yaounde	475440	19294149	AF	.cm	XAF	Franc               	237       	                    	                    	en-CM,fr-CM	2233387	TD,CF,GA,GQ,CG,NG   	          	2013-02-07 10:11:00	\N	\N	2013-02-07 10:11:00
41	CA	CAN	124	CA	Canada	Ottawa	9984670	33679000	NA	.ca	CAD	Dollar              	1         	@#@ #@#             	^([a-zA-Z]d[a-zA-Z]d	en-CA,fr-CA,iu	6251999	US                  	          	2013-02-07 10:11:00	\N	\N	2013-02-07 10:11:00
42	CV	CPV	132	CV	Cape Verde	Praia	4033	508659	AF	.cv	CVE	Escudo              	238       	####                	^(d{4})$            	pt-CV	3374766	                    	          	2013-02-07 10:11:00	\N	\N	2013-02-07 10:11:00
43	KY	CYM	136	CJ	Cayman Islands	George Town	262	44270	NA	.ky	KYD	Dollar              	+1-345    	                    	                    	en-KY	3580718	                    	          	2013-02-07 10:11:00	\N	\N	2013-02-07 10:11:00
44	CF	CAF	140	CT	Central African Republic	Bangui	622984	4844927	AF	.cf	XAF	Franc               	236       	                    	                    	fr-CF,sg,ln,kg	239880	TD,SD,CD,SS,CM,CG   	          	2013-02-07 10:11:00	\N	\N	2013-02-07 10:11:00
45	TD	TCD	148	CD	Chad	N'Djamena	1284000	10543464	AF	.td	XAF	Franc               	235       	                    	                    	fr-TD,ar-TD,sre	2434508	NE,LY,CF,SD,CM,NG   	          	2013-02-07 10:11:00	\N	\N	2013-02-07 10:11:00
46	CL	CHL	152	CI	Chile	Santiago	756950	16746491	SA	.cl	CLP	Peso                	56        	#######             	^(d{7})$            	es-CL	3895114	PE,BO,AR            	          	2013-02-07 10:11:00	\N	\N	2013-02-07 10:11:00
47	CN	CHN	156	CH	China	Beijing	9596960	1330044000	AS	.cn	CNY	Yuan Renminbi       	86        	######              	^(d{6})$            	zh-CN,yue,wuu,dta,ug,za	1814991	LA,BT,TJ,KZ,MN,AF,NP	          	2013-02-07 10:11:00	\N	\N	2013-02-07 10:11:00
48	CX	CXR	162	KT	Christmas Island	Flying Fish Cove	135	1500	AS	.cx	AUD	Dollar              	61        	####                	^(d{4})$            	en,zh,ms-CC	2078138	                    	          	2013-02-07 10:11:00	\N	\N	2013-02-07 10:11:00
49	CC	CCK	166	CK	Cocos Islands	West Island	14	628	AS	.cc	AUD	Dollar              	61        	                    	                    	ms-CC,en	1547376	                    	          	2013-02-07 10:11:00	\N	\N	2013-02-07 10:11:00
50	CO	COL	170	CO	Colombia	Bogota	1138910	44205293	SA	.co	COP	Peso                	57        	                    	                    	es-CO	3686110	EC,PE,PA,BR,VE      	          	2013-02-07 10:11:00	\N	\N	2013-02-07 10:11:00
51	KM	COM	174	CN	Comoros	Moroni	2170	773407	AF	.km	KMF	Franc               	269       	                    	                    	ar,fr-KM	921929	                    	          	2013-02-07 10:11:00	\N	\N	2013-02-07 10:11:00
52	CK	COK	184	CW	Cook Islands	Avarua	240	21388	OC	.ck	NZD	Dollar              	682       	                    	                    	en-CK,mi	1899402	                    	          	2013-02-07 10:11:00	\N	\N	2013-02-07 10:11:00
53	CR	CRI	188	CS	Costa Rica	San Jose	51100	4516220	NA	.cr	CRC	Colon               	506       	####                	^(d{4})$            	es-CR,en	3624060	PA,NI               	          	2013-02-07 10:11:00	\N	\N	2013-02-07 10:11:00
54	HR	HRV	191	HR	Croatia	Zagreb	56542	4491000	EU	.hr	HRK	Kuna                	385       	HR-#####            	^(?:HR)*(d{5})$     	hr-HR,sr	3202326	HU,SI,CS,BA,ME,RS   	          	2013-02-07 10:11:00	\N	\N	2013-02-07 10:11:00
55	CU	CUB	192	CU	Cuba	Havana	110860	11423000	NA	.cu	CUP	Peso                	53        	CP #####            	^(?:CP)*(d{5})$     	es-CU	3562981	US                  	          	2013-02-07 10:11:00	\N	\N	2013-02-07 10:11:00
56	CW	CUW	531	UC	Curacao	 Willemstad	0	141766	NA	.cw	ANG	Guilder             	599       	                    	                    	nl,pap	7626836	                    	          	2013-02-07 10:11:00	\N	\N	2013-02-07 10:11:00
57	CY	CYP	196	CY	Cyprus	Nicosia	9250	1102677	EU	.cy	EUR	Euro                	357       	####                	^(d{4})$            	el-CY,tr-CY,en	146669	                    	          	2013-02-07 10:11:00	\N	\N	2013-02-07 10:11:00
58	CZ	CZE	203	EZ	Czech Republic	Prague	78866	10476000	EU	.cz	CZK	Koruna              	420       	### ##              	^(d{5})$            	cs,sk	3077311	PL,DE,SK,AT         	          	2013-02-07 10:11:00	\N	\N	2013-02-07 10:11:00
59	CD	COD	180	CG	Democratic Republic of the Congo	Kinshasa	2345410	70916439	AF	.cd	CDF	Franc               	243       	                    	                    	fr-CD,ln,kg	203312	TZ,CF,SS,RW,ZM,BI,UG	          	2013-02-07 10:11:00	\N	\N	2013-02-07 10:11:00
60	DK	DNK	208	DA	Denmark	Copenhagen	43094	5484000	EU	.dk	DKK	Krone               	45        	####                	^(d{4})$            	da-DK,en,fo,de-DK	2623032	DE                  	          	2013-02-07 10:11:00	\N	\N	2013-02-07 10:11:00
61	DJ	DJI	262	DJ	Djibouti	Djibouti	23000	740528	AF	.dj	DJF	Franc               	253       	                    	                    	fr-DJ,ar,so-DJ,aa	223816	ER,ET,SO            	          	2013-02-07 10:11:00	\N	\N	2013-02-07 10:11:00
62	DM	DMA	212	DO	Dominica	Roseau	754	72813	NA	.dm	XCD	Dollar              	+1-767    	                    	                    	en-DM	3575830	                    	          	2013-02-07 10:11:00	\N	\N	2013-02-07 10:11:00
63	DO	DOM	214	DR	Dominican Republic	Santo Domingo	48730	9823821	NA	.do	DOP	Peso                	+1-809 and	#####               	^(d{5})$            	es-DO	3508796	HT                  	          	2013-02-07 10:11:00	\N	\N	2013-02-07 10:11:00
64	TL	TLS	626	TT	East Timor	Dili	15007	1154625	OC	.tl	USD	Dollar              	670       	                    	                    	tet,pt-TL,id,en	1966436	ID                  	          	2013-02-07 10:11:00	\N	\N	2013-02-07 10:11:00
65	EC	ECU	218	EC	Ecuador	Quito	283560	14790608	SA	.ec	USD	Dollar              	593       	@####@              	^([a-zA-Z]d{4}[a-zA-	es-EC	3658394	PE,CO               	          	2013-02-07 10:11:00	\N	\N	2013-02-07 10:11:00
66	EG	EGY	818	EG	Egypt	Cairo	1001450	80471869	AF	.eg	EGP	Pound               	20        	#####               	^(d{5})$            	ar-EG,en,fr	357994	LY,SD,IL            	          	2013-02-07 10:11:00	\N	\N	2013-02-07 10:11:00
67	SV	SLV	222	ES	El Salvador	San Salvador	21040	6052064	NA	.sv	USD	Dollar              	503       	CP ####             	^(?:CP)*(d{4})$     	es-SV	3585968	GT,HN               	          	2013-02-07 10:11:00	\N	\N	2013-02-07 10:11:00
68	GQ	GNQ	226	EK	Equatorial Guinea	Malabo	28051	1014999	AF	.gq	XAF	Franc               	240       	                    	                    	es-GQ,fr	2309096	GA,CM               	          	2013-02-07 10:11:00	\N	\N	2013-02-07 10:11:00
69	ER	ERI	232	ER	Eritrea	Asmara	121320	5792984	AF	.er	ERN	Nakfa               	291       	                    	                    	aa-ER,ar,tig,kun,ti-ER	338010	ET,SD,DJ            	          	2013-02-07 10:11:00	\N	\N	2013-02-07 10:11:00
70	EE	EST	233	EN	Estonia	Tallinn	45226	1291170	EU	.ee	EUR	Euro                	372       	#####               	^(d{5})$            	et,ru	453733	RU,LV               	          	2013-02-07 10:11:00	\N	\N	2013-02-07 10:11:00
71	ET	ETH	231	ET	Ethiopia	Addis Ababa	1127127	88013491	AF	.et	ETB	Birr                	251       	####                	^(d{4})$            	am,en-ET,om-ET,ti-ET,so-ET,sid	337996	ER,KE,SD,SS,SO,DJ   	          	2013-02-07 10:11:00	\N	\N	2013-02-07 10:11:00
72	FK	FLK	238	FK	Falkland Islands	Stanley	12173	2638	SA	.fk	FKP	Pound               	500       	                    	                    	en-FK	3474414	                    	          	2013-02-07 10:11:00	\N	\N	2013-02-07 10:11:00
73	FO	FRO	234	FO	Faroe Islands	Torshavn	1399	48228	EU	.fo	DKK	Krone               	298       	FO-###              	^(?:FO)*(d{3})$     	fo,da-FO	2622320	                    	          	2013-02-07 10:11:00	\N	\N	2013-02-07 10:11:00
74	FJ	FJI	242	FJ	Fiji	Suva	18270	875983	OC	.fj	FJD	Dollar              	679       	                    	                    	en-FJ,fj	2205218	                    	          	2013-02-07 10:11:00	\N	\N	2013-02-07 10:11:00
75	FI	FIN	246	FI	Finland	Helsinki	337030	5244000	EU	.fi	EUR	Euro                	358       	#####               	^(?:FI)*(d{5})$     	fi-FI,sv-FI,smn	660013	NO,RU,SE            	          	2013-02-07 10:11:00	\N	\N	2013-02-07 10:11:00
76	FR	FRA	250	FR	France	Paris	547030	64768389	EU	.fr	EUR	Euro                	33        	#####               	^(d{5})$            	fr-FR,frp,br,co,ca,eu,oc	3017382	CH,DE,BE,LU,IT,AD,MC	          	2013-02-07 10:11:00	\N	\N	2013-02-07 10:11:00
77	GF	GUF	254	FG	French Guiana	Cayenne	91000	195506	SA	.gf	EUR	Euro                	594       	#####               	^((97)|(98)3d{2})$  	fr-GF	3381670	SR,BR               	          	2013-02-07 10:11:00	\N	\N	2013-02-07 10:11:00
78	PF	PYF	258	FP	French Polynesia	Papeete	4167	270485	OC	.pf	XPF	Franc               	689       	#####               	^((97)|(98)7d{2})$  	fr-PF,ty	4030656	                    	          	2013-02-07 10:11:00	\N	\N	2013-02-07 10:11:00
79	TF	ATF	260	FS	French Southern Territories	Port-aux-Francais	7829	140	AN	.tf	EUR	Euro                	          	                    	                    	fr	1546748	                    	          	2013-02-07 10:11:00	\N	\N	2013-02-07 10:11:00
80	GA	GAB	266	GB	Gabon	Libreville	267667	1545255	AF	.ga	XAF	Franc               	241       	                    	                    	fr-GA	2400553	CM,GQ,CG            	          	2013-02-07 10:11:00	\N	\N	2013-02-07 10:11:00
81	GM	GMB	270	GA	Gambia	Banjul	11300	1593256	AF	.gm	GMD	Dalasi              	220       	                    	                    	en-GM,mnk,wof,wo,ff	2413451	SN                  	          	2013-02-07 10:11:00	\N	\N	2013-02-07 10:11:00
82	GE	GEO	268	GG	Georgia	Tbilisi	69700	4630000	AS	.ge	GEL	Lari                	995       	####                	^(d{4})$            	ka,ru,hy,az	614540	AM,AZ,TR,RU         	          	2013-02-07 10:11:00	\N	\N	2013-02-07 10:11:00
83	DE	DEU	276	GM	Germany	Berlin	357021	81802257	EU	.de	EUR	Euro                	49        	#####               	^(d{5})$            	de	2921044	CH,PL,NL,DK,BE,CZ,LU	          	2013-02-07 10:11:00	\N	\N	2013-02-07 10:11:00
84	GH	GHA	288	GH	Ghana	Accra	239460	24339838	AF	.gh	GHS	Cedi                	233       	                    	                    	en-GH,ak,ee,tw	2300660	CI,TG,BF            	          	2013-02-07 10:11:00	\N	\N	2013-02-07 10:11:00
85	GI	GIB	292	GI	Gibraltar	Gibraltar	6.5	27884	EU	.gi	GIP	Pound               	350       	                    	                    	en-GI,es,it,pt	2411586	ES                  	          	2013-02-07 10:11:00	\N	\N	2013-02-07 10:11:00
86	GR	GRC	300	GR	Greece	Athens	131940	11000000	EU	.gr	EUR	Euro                	30        	### ##              	^(d{5})$            	el-GR,en,fr	390903	AL,MK,TR,BG         	          	2013-02-07 10:11:00	\N	\N	2013-02-07 10:11:00
87	GL	GRL	304	GL	Greenland	Nuuk	2166086	56375	NA	.gl	DKK	Krone               	299       	####                	^(d{4})$            	kl,da-GL,en	3425505	                    	          	2013-02-07 10:11:00	\N	\N	2013-02-07 10:11:00
88	GD	GRD	308	GJ	Grenada	St. George's	344	107818	NA	.gd	XCD	Dollar              	+1-473    	                    	                    	en-GD	3580239	                    	          	2013-02-07 10:11:00	\N	\N	2013-02-07 10:11:00
89	GP	GLP	312	GP	Guadeloupe	Basse-Terre	1780	443000	NA	.gp	EUR	Euro                	590       	#####               	^((97)|(98)d{3})$   	fr-GP	3579143	AN                  	          	2013-02-07 10:11:00	\N	\N	2013-02-07 10:11:00
90	GU	GUM	316	GQ	Guam	Hagatna	549	159358	OC	.gu	USD	Dollar              	+1-671    	969##               	^(969d{2})$         	en-GU,ch-GU	4043988	                    	          	2013-02-07 10:11:00	\N	\N	2013-02-07 10:11:00
91	GT	GTM	320	GT	Guatemala	Guatemala City	108890	13550440	NA	.gt	GTQ	Quetzal             	502       	#####               	^(d{5})$            	es-GT	3595528	MX,HN,BZ,SV         	          	2013-02-07 10:11:00	\N	\N	2013-02-07 10:11:00
92	GG	GGY	831	GK	Guernsey	St Peter Port	78	65228	EU	.gg	GBP	Pound               	+44-1481  	@# #@@|@## #@@|@@# #	^(([A-Z]d{2}[A-Z]{2}	en,fr	3042362	                    	          	2013-02-07 10:11:00	\N	\N	2013-02-07 10:11:00
93	GN	GIN	324	GV	Guinea	Conakry	245857	10324025	AF	.gn	GNF	Franc               	224       	                    	                    	fr-GN	2420477	LR,SN,SL,CI,GW,ML   	          	2013-02-07 10:11:00	\N	\N	2013-02-07 10:11:00
94	GW	GNB	624	PU	Guinea-Bissau	Bissau	36120	1565126	AF	.gw	XOF	Franc               	245       	####                	^(d{4})$            	pt-GW,pov	2372248	SN,GN               	          	2013-02-07 10:11:00	\N	\N	2013-02-07 10:11:00
95	GY	GUY	328	GY	Guyana	Georgetown	214970	748486	SA	.gy	GYD	Dollar              	592       	                    	                    	en-GY	3378535	SR,BR,VE            	          	2013-02-07 10:11:00	\N	\N	2013-02-07 10:11:00
96	HT	HTI	332	HA	Haiti	Port-au-Prince	27750	9648924	NA	.ht	HTG	Gourde              	509       	HT####              	^(?:HT)*(d{4})$     	ht,fr-HT	3723988	DO                  	          	2013-02-07 10:11:00	\N	\N	2013-02-07 10:11:00
97	HM	HMD	334	HM	Heard Island and McDonald Islands		412	0	AN	.hm	AUD	Dollar              	          	                    	                    		1547314	                    	          	2013-02-07 10:11:00	\N	\N	2013-02-07 10:11:00
98	HN	HND	340	HO	Honduras	Tegucigalpa	112090	7989415	NA	.hn	HNL	Lempira             	504       	@@####              	^([A-Z]{2}d{4})$    	es-HN	3608932	GT,NI,SV            	          	2013-02-07 10:11:00	\N	\N	2013-02-07 10:11:00
99	HK	HKG	344	HK	Hong Kong	Hong Kong	1092	6898686	AS	.hk	HKD	Dollar              	852       	                    	                    	zh-HK,yue,zh,en	1819730	                    	          	2013-02-07 10:11:00	\N	\N	2013-02-07 10:11:00
100	HU	HUN	348	HU	Hungary	Budapest	93030	9930000	EU	.hu	HUF	Forint              	36        	####                	^(d{4})$            	hu-HU	719819	SK,SI,RO,UA,CS,HR,AT	          	2013-02-07 10:11:00	\N	\N	2013-02-07 10:11:00
101	IS	ISL	352	IC	Iceland	Reykjavik	103000	308910	EU	.is	ISK	Krona               	354       	###                 	^(d{3})$            	is,en,de,da,sv,no	2629691	                    	          	2013-02-07 10:11:00	\N	\N	2013-02-07 10:11:00
102	IN	IND	356	IN	India	New Delhi	3287590	1173108018	AS	.in	INR	Rupee               	91        	######              	^(d{6})$            	en-IN,hi,bn,te,mr,ta,ur,gu,kn,ml,or,pa,as,bh,sat,ks,ne,sd,kok,doi,mni,sit,sa,fr,lus,inc	1269750	CN,NP,MM,BT,PK,BD   	          	2013-02-07 10:11:00	\N	\N	2013-02-07 10:11:00
103	ID	IDN	360	ID	Indonesia	Jakarta	1919440	242968342	AS	.id	IDR	Rupiah              	62        	#####               	^(d{5})$            	id,en,nl,jv	1643084	PG,TL,MY            	          	2013-02-07 10:11:00	\N	\N	2013-02-07 10:11:00
104	IR	IRN	364	IR	Iran	Tehran	1648000	76923300	AS	.ir	IRR	Rial                	98        	##########          	^(d{10})$           	fa-IR,ku	130758	TM,AF,IQ,AM,PK,AZ,TR	          	2013-02-07 10:11:00	\N	\N	2013-02-07 10:11:00
105	IQ	IRQ	368	IZ	Iraq	Baghdad	437072	29671605	AS	.iq	IQD	Dinar               	964       	#####               	^(d{5})$            	ar-IQ,ku,hy	99237	SY,SA,IR,JO,TR,KW   	          	2013-02-07 10:11:00	\N	\N	2013-02-07 10:11:00
106	IE	IRL	372	EI	Ireland	Dublin	70280	4622917	EU	.ie	EUR	Euro                	353       	                    	                    	en-IE,ga-IE	2963597	GB                  	          	2013-02-07 10:11:00	\N	\N	2013-02-07 10:11:00
107	IM	IMN	833	IM	Isle of Man	Douglas, Isle of Man	572	75049	EU	.im	GBP	Pound               	+44-1624  	@# #@@|@## #@@|@@# #	^(([A-Z]d{2}[A-Z]{2}	en,gv	3042225	                    	          	2013-02-07 10:11:00	\N	\N	2013-02-07 10:11:00
108	IL	ISR	376	IS	Israel	Jerusalem	20770	7353985	AS	.il	ILS	Shekel              	972       	#####               	^(d{5})$            	he,ar-IL,en-IL,	294640	SY,JO,LB,EG,PS      	          	2013-02-07 10:11:00	\N	\N	2013-02-07 10:11:00
109	IT	ITA	380	IT	Italy	Rome	301230	60340328	EU	.it	EUR	Euro                	39        	#####               	^(d{5})$            	it-IT,de-IT,fr-IT,sc,ca,co,sl	3175395	CH,VA,SI,SM,FR,AT   	          	2013-02-07 10:11:00	\N	\N	2013-02-07 10:11:00
110	CI	CIV	384	IV	Ivory Coast	Yamoussoukro	322460	21058798	AF	.ci	XOF	Franc               	225       	                    	                    	fr-CI	2287781	LR,GH,GN,BF,ML      	          	2013-02-07 10:11:00	\N	\N	2013-02-07 10:11:00
111	JM	JAM	388	JM	Jamaica	Kingston	10991	2847232	NA	.jm	JMD	Dollar              	+1-876    	                    	                    	en-JM	3489940	                    	          	2013-02-07 10:11:00	\N	\N	2013-02-07 10:11:00
113	JE	JEY	832	JE	Jersey	Saint Helier	116	90812	EU	.je	GBP	Pound               	+44-1534  	@# #@@|@## #@@|@@# #	^(([A-Z]d{2}[A-Z]{2}	en,pt	3042142	                    	          	2013-02-07 10:11:00	\N	\N	2013-02-07 10:11:00
114	JO	JOR	400	JO	Jordan	Amman	92300	6407085	AS	.jo	JOD	Dinar               	962       	#####               	^(d{5})$            	ar-JO,en	248816	SY,SA,IQ,IL,PS      	          	2013-02-07 10:11:00	\N	\N	2013-02-07 10:11:00
115	KZ	KAZ	398	KZ	Kazakhstan	Astana	2717300	15340000	AS	.kz	KZT	Tenge               	7         	######              	^(d{6})$            	kk,ru	1522867	TM,CN,KG,UZ,RU      	          	2013-02-07 10:11:00	\N	\N	2013-02-07 10:11:00
116	KE	KEN	404	KE	Kenya	Nairobi	582650	40046566	AF	.ke	KES	Shilling            	254       	#####               	^(d{5})$            	en-KE,sw-KE	192950	ET,TZ,SS,SO,UG      	          	2013-02-07 10:11:00	\N	\N	2013-02-07 10:11:00
117	KI	KIR	296	KR	Kiribati	Tarawa	811	92533	OC	.ki	AUD	Dollar              	686       	                    	                    	en-KI,gil	4030945	                    	          	2013-02-07 10:11:00	\N	\N	2013-02-07 10:11:00
118	XK	XKX	0	KV	Kosovo	Pristina	0	1800000	EU	   	EUR	Euro                	          	                    	                    	sq,sr	831053	RS,AL,MK,ME         	          	2013-02-07 10:11:00	\N	\N	2013-02-07 10:11:00
119	KW	KWT	414	KU	Kuwait	Kuwait City	17820	2789132	AS	.kw	KWD	Dinar               	965       	#####               	^(d{5})$            	ar-KW,en	285570	SA,IQ               	          	2013-02-07 10:11:00	\N	\N	2013-02-07 10:11:00
120	KG	KGZ	417	KG	Kyrgyzstan	Bishkek	198500	5508626	AS	.kg	KGS	Som                 	996       	######              	^(d{6})$            	ky,uz,ru	1527747	CN,TJ,UZ,KZ         	          	2013-02-07 10:11:00	\N	\N	2013-02-07 10:11:00
121	LA	LAO	418	LA	Laos	Vientiane	236800	6368162	AS	.la	LAK	Kip                 	856       	#####               	^(d{5})$            	lo,fr,en	1655842	CN,MM,KH,TH,VN      	          	2013-02-07 10:11:00	\N	\N	2013-02-07 10:11:00
122	LV	LVA	428	LG	Latvia	Riga	64589	2217969	EU	.lv	LVL	Lat                 	371       	LV-####             	^(?:LV)*(d{4})$     	lv,ru,lt	458258	LT,EE,BY,RU         	          	2013-02-07 10:11:00	\N	\N	2013-02-07 10:11:00
123	LB	LBN	422	LE	Lebanon	Beirut	10400	4125247	AS	.lb	LBP	Pound               	961       	#### ####|####      	^(d{4}(d{4})?)$     	ar-LB,fr-LB,en,hy	272103	SY,IL               	          	2013-02-07 10:11:00	\N	\N	2013-02-07 10:11:00
124	LS	LSO	426	LT	Lesotho	Maseru	30355	1919552	AF	.ls	LSL	Loti                	266       	###                 	^(d{3})$            	en-LS,st,zu,xh	932692	ZA                  	          	2013-02-07 10:11:00	\N	\N	2013-02-07 10:11:00
125	LR	LBR	430	LI	Liberia	Monrovia	111370	3685076	AF	.lr	LRD	Dollar              	231       	####                	^(d{4})$            	en-LR	2275384	SL,CI,GN            	          	2013-02-07 10:11:00	\N	\N	2013-02-07 10:11:00
126	LY	LBY	434	LY	Libya	Tripolis	1759540	6461454	AF	.ly	LYD	Dinar               	218       	                    	                    	ar-LY,it,en	2215636	TD,NE,DZ,SD,TN,EG   	          	2013-02-07 10:11:00	\N	\N	2013-02-07 10:11:00
127	LI	LIE	438	LS	Liechtenstein	Vaduz	160	35000	EU	.li	CHF	Franc               	423       	####                	^(d{4})$            	de-LI	3042058	CH,AT               	          	2013-02-07 10:11:00	\N	\N	2013-02-07 10:11:00
128	LT	LTU	440	LH	Lithuania	Vilnius	65200	3565000	EU	.lt	LTL	Litas               	370       	LT-#####            	^(?:LT)*(d{5})$     	lt,ru,pl	597427	PL,BY,RU,LV         	          	2013-02-07 10:11:00	\N	\N	2013-02-07 10:11:00
129	LU	LUX	442	LU	Luxembourg	Luxembourg	2586	497538	EU	.lu	EUR	Euro                	352       	####                	^(d{4})$            	lb,de-LU,fr-LU	2960313	DE,BE,FR            	          	2013-02-07 10:11:00	\N	\N	2013-02-07 10:11:00
130	MO	MAC	446	MC	Macao	Macao	254	449198	AS	.mo	MOP	Pataca              	853       	                    	                    	zh,zh-MO,pt	1821275	                    	          	2013-02-07 10:11:00	\N	\N	2013-02-07 10:11:00
131	MK	MKD	807	MK	Macedonia	Skopje	25333	2061000	EU	.mk	MKD	Denar               	389       	####                	^(d{4})$            	mk,sq,tr,rmm,sr	718075	AL,GR,CS,BG,RS,XK   	          	2013-02-07 10:11:00	\N	\N	2013-02-07 10:11:00
132	MG	MDG	450	MA	Madagascar	Antananarivo	587040	21281844	AF	.mg	MGA	Ariary              	261       	###                 	^(d{3})$            	fr-MG,mg	1062947	                    	          	2013-02-07 10:11:00	\N	\N	2013-02-07 10:11:00
133	MW	MWI	454	MI	Malawi	Lilongwe	118480	15447500	AF	.mw	MWK	Kwacha              	265       	                    	                    	ny,yao,tum,swk	927384	TZ,MZ,ZM            	          	2013-02-07 10:11:00	\N	\N	2013-02-07 10:11:00
134	MY	MYS	458	MY	Malaysia	Kuala Lumpur	329750	28274729	AS	.my	MYR	Ringgit             	60        	#####               	^(d{5})$            	ms-MY,en,zh,ta,te,ml,pa,th	1733045	BN,TH,ID            	          	2013-02-07 10:11:00	\N	\N	2013-02-07 10:11:00
135	MV	MDV	462	MV	Maldives	Male	300	395650	AS	.mv	MVR	Rufiyaa             	960       	#####               	^(d{5})$            	dv,en	1282028	                    	          	2013-02-07 10:11:00	\N	\N	2013-02-07 10:11:00
136	ML	MLI	466	ML	Mali	Bamako	1240000	13796354	AF	.ml	XOF	Franc               	223       	                    	                    	fr-ML,bm	2453866	SN,NE,DZ,CI,GN,MR,BF	          	2013-02-07 10:11:00	\N	\N	2013-02-07 10:11:00
137	MT	MLT	470	MT	Malta	Valletta	316	403000	EU	.mt	EUR	Euro                	356       	@@@ ###|@@@ ##      	^([A-Z]{3}d{2}d?)$  	mt,en-MT	2562770	                    	          	2013-02-07 10:11:00	\N	\N	2013-02-07 10:11:00
138	MH	MHL	584	RM	Marshall Islands	Majuro	181.300000000000011	65859	OC	.mh	USD	Dollar              	692       	                    	                    	mh,en-MH	2080185	                    	          	2013-02-07 10:11:00	\N	\N	2013-02-07 10:11:00
139	MQ	MTQ	474	MB	Martinique	Fort-de-France	1100	432900	NA	.mq	EUR	Euro                	596       	#####               	^(d{5})$            	fr-MQ	3570311	                    	          	2013-02-07 10:11:00	\N	\N	2013-02-07 10:11:00
140	MR	MRT	478	MR	Mauritania	Nouakchott	1030700	3205060	AF	.mr	MRO	Ouguiya             	222       	                    	                    	ar-MR,fuc,snk,fr,mey,wo	2378080	SN,DZ,EH,ML         	          	2013-02-07 10:11:00	\N	\N	2013-02-07 10:11:00
141	MU	MUS	480	MP	Mauritius	Port Louis	2040	1294104	AF	.mu	MUR	Rupee               	230       	                    	                    	en-MU,bho,fr	934292	                    	          	2013-02-07 10:11:00	\N	\N	2013-02-07 10:11:00
142	YT	MYT	175	MF	Mayotte	Mamoudzou	374	159042	AF	.yt	EUR	Euro                	262       	#####               	^(d{5})$            	fr-YT	1024031	                    	          	2013-02-07 10:11:00	\N	\N	2013-02-07 10:11:00
143	MX	MEX	484	MX	Mexico	Mexico City	1972550	112468855	NA	.mx	MXN	Peso                	52        	#####               	^(d{5})$            	es-MX	3996063	GT,US,BZ            	          	2013-02-07 10:11:00	\N	\N	2013-02-07 10:11:00
144	FM	FSM	583	FM	Micronesia	Palikir	702	107708	OC	.fm	USD	Dollar              	691       	#####               	^(d{5})$            	en-FM,chk,pon,yap,kos,uli,woe,nkr,kpg	2081918	                    	          	2013-02-07 10:11:00	\N	\N	2013-02-07 10:11:00
145	MD	MDA	498	MD	Moldova	Chisinau	33843	4324000	EU	.md	MDL	Leu                 	373       	MD-####             	^(?:MD)*(d{4})$     	ro,ru,gag,tr	617790	RO,UA               	          	2013-02-07 10:11:00	\N	\N	2013-02-07 10:11:00
146	MC	MCO	492	MN	Monaco	Monaco	1.94999999999999996	32965	EU	.mc	EUR	Euro                	377       	#####               	^(d{5})$            	fr-MC,en,it	2993457	FR                  	          	2013-02-07 10:11:00	\N	\N	2013-02-07 10:11:00
147	MN	MNG	496	MG	Mongolia	Ulan Bator	1565000	3086918	AS	.mn	MNT	Tugrik              	976       	######              	^(d{6})$            	mn,ru	2029969	CN,RU               	          	2013-02-07 10:11:00	\N	\N	2013-02-07 10:11:00
148	ME	MNE	499	MJ	Montenegro	Podgorica	14026	666730	EU	.me	EUR	Euro                	382       	#####               	^(d{5})$            	sr,hu,bs,sq,hr,rom	3194884	AL,HR,BA,RS,XK      	          	2013-02-07 10:11:00	\N	\N	2013-02-07 10:11:00
149	MS	MSR	500	MH	Montserrat	Plymouth	102	9341	NA	.ms	XCD	Dollar              	+1-664    	                    	                    	en-MS	3578097	                    	          	2013-02-07 10:11:00	\N	\N	2013-02-07 10:11:00
150	MA	MAR	504	MO	Morocco	Rabat	446550	31627428	AF	.ma	MAD	Dirham              	212       	#####               	^(d{5})$            	ar-MA,fr	2542007	DZ,EH,ES            	          	2013-02-07 10:11:00	\N	\N	2013-02-07 10:11:00
151	MZ	MOZ	508	MZ	Mozambique	Maputo	801590	22061451	AF	.mz	MZN	Metical             	258       	####                	^(d{4})$            	pt-MZ,vmw	1036973	ZW,TZ,SZ,ZA,ZM,MW   	          	2013-02-07 10:11:00	\N	\N	2013-02-07 10:11:00
152	MM	MMR	104	BM	Myanmar	Nay Pyi Taw	678500	53414374	AS	.mm	MMK	Kyat                	95        	#####               	^(d{5})$            	my	1327865	CN,LA,TH,BD,IN      	          	2013-02-07 10:11:00	\N	\N	2013-02-07 10:11:00
153	NA	NAM	516	WA	Namibia	Windhoek	825418	2128471	AF	.na	NAD	Dollar              	264       	                    	                    	en-NA,af,de,hz,naq	3355338	ZA,BW,ZM,AO         	          	2013-02-07 10:11:00	\N	\N	2013-02-07 10:11:00
154	NR	NRU	520	NR	Nauru	Yaren	21	10065	OC	.nr	AUD	Dollar              	674       	                    	                    	na,en-NR	2110425	                    	          	2013-02-07 10:11:00	\N	\N	2013-02-07 10:11:00
155	NP	NPL	524	NP	Nepal	Kathmandu	140800	28951852	AS	.np	NPR	Rupee               	977       	#####               	^(d{5})$            	ne,en	1282988	CN,IN               	          	2013-02-07 10:11:00	\N	\N	2013-02-07 10:11:00
156	NL	NLD	528	NL	Netherlands	Amsterdam	41526	16645000	EU	.nl	EUR	Euro                	31        	#### @@             	^(d{4}[A-Z]{2})$    	nl-NL,fy-NL	2750405	DE,BE               	          	2013-02-07 10:11:00	\N	\N	2013-02-07 10:11:00
157	AN	ANT	530	NT	Netherlands Antilles	Willemstad	960	136197	NA	.an	ANG	Guilder             	599       	                    	                    	nl-AN,en,es	0	GP                  	          	2013-02-07 10:11:00	\N	\N	2013-02-07 10:11:00
158	NC	NCL	540	NC	New Caledonia	Noumea	19060	216494	OC	.nc	XPF	Franc               	687       	#####               	^(d{5})$            	fr-NC	2139685	                    	          	2013-02-07 10:11:00	\N	\N	2013-02-07 10:11:00
159	NZ	NZL	554	NZ	New Zealand	Wellington	268680	4252277	OC	.nz	NZD	Dollar              	64        	####                	^(d{4})$            	en-NZ,mi	2186224	                    	          	2013-02-07 10:11:00	\N	\N	2013-02-07 10:11:00
160	NI	NIC	558	NU	Nicaragua	Managua	129494	5995928	NA	.ni	NIO	Cordoba             	505       	###-###-#           	^(d{7})$            	es-NI,en	3617476	CR,HN               	          	2013-02-07 10:11:00	\N	\N	2013-02-07 10:11:00
161	NE	NER	562	NG	Niger	Niamey	1267000	15878271	AF	.ne	XOF	Franc               	227       	####                	^(d{4})$            	fr-NE,ha,kr,dje	2440476	TD,BJ,DZ,LY,BF,NG,ML	          	2013-02-07 10:11:00	\N	\N	2013-02-07 10:11:00
162	NG	NGA	566	NI	Nigeria	Abuja	923768	154000000	AF	.ng	NGN	Naira               	234       	######              	^(d{6})$            	en-NG,ha,yo,ig,ff	2328926	TD,NE,BJ,CM         	          	2013-02-07 10:11:00	\N	\N	2013-02-07 10:11:00
163	NU	NIU	570	NE	Niue	Alofi	260	2166	OC	.nu	NZD	Dollar              	683       	                    	                    	niu,en-NU	4036232	                    	          	2013-02-07 10:11:00	\N	\N	2013-02-07 10:11:00
164	NF	NFK	574	NF	Norfolk Island	Kingston	34.6000000000000014	1828	OC	.nf	AUD	Dollar              	672       	                    	                    	en-NF	2155115	                    	          	2013-02-07 10:11:00	\N	\N	2013-02-07 10:11:00
165	KP	PRK	408	KN	North Korea	Pyongyang	120540	22912177	AS	.kp	KPW	Won                 	850       	###-###             	^(d{6})$            	ko-KP	1873107	CN,KR,RU            	          	2013-02-07 10:11:00	\N	\N	2013-02-07 10:11:00
166	MP	MNP	580	CQ	Northern Mariana Islands	Saipan	477	53883	OC	.mp	USD	Dollar              	+1-670    	                    	                    	fil,tl,zh,ch-MP,en-MP	4041468	                    	          	2013-02-07 10:11:00	\N	\N	2013-02-07 10:11:00
167	NO	NOR	578	NO	Norway	Oslo	324220	4985870	EU	.no	NOK	Krone               	47        	####                	^(d{4})$            	no,nb,nn,se,fi	3144096	FI,RU,SE            	          	2013-02-07 10:11:00	\N	\N	2013-02-07 10:11:00
168	OM	OMN	512	MU	Oman	Muscat	212460	2967717	AS	.om	OMR	Rial                	968       	###                 	^(d{3})$            	ar-OM,en,bal,ur	286963	SA,YE,AE            	          	2013-02-07 10:11:00	\N	\N	2013-02-07 10:11:00
169	PK	PAK	586	PK	Pakistan	Islamabad	803940	184404791	AS	.pk	PKR	Rupee               	92        	#####               	^(d{5})$            	ur-PK,en-PK,pa,sd,ps,brh	1168579	CN,AF,IR,IN         	          	2013-02-07 10:11:00	\N	\N	2013-02-07 10:11:00
170	PW	PLW	585	PS	Palau	Melekeok	458	19907	OC	.pw	USD	Dollar              	680       	96940               	^(96940)$           	pau,sov,en-PW,tox,ja,fil,zh	1559582	                    	          	2013-02-07 10:11:00	\N	\N	2013-02-07 10:11:00
171	PS	PSE	275	WE	Palestinian Territory	East Jerusalem	5970	3800000	AS	.ps	ILS	Shekel              	970       	                    	                    	ar-PS	6254930	JO,IL               	          	2013-02-07 10:11:00	\N	\N	2013-02-07 10:11:00
172	PA	PAN	591	PM	Panama	Panama City	78200	3410676	NA	.pa	PAB	Balboa              	507       	                    	                    	es-PA,en	3703430	CR,CO               	          	2013-02-07 10:11:00	\N	\N	2013-02-07 10:11:00
173	PG	PNG	598	PP	Papua New Guinea	Port Moresby	462840	6064515	OC	.pg	PGK	Kina                	675       	###                 	^(d{3})$            	en-PG,ho,meu,tpi	2088628	ID                  	          	2013-02-07 10:11:00	\N	\N	2013-02-07 10:11:00
174	PY	PRY	600	PA	Paraguay	Asuncion	406750	6375830	SA	.py	PYG	Guarani             	595       	####                	^(d{4})$            	es-PY,gn	3437598	BO,BR,AR            	          	2013-02-07 10:11:00	\N	\N	2013-02-07 10:11:00
175	PE	PER	604	PE	Peru	Lima	1285220	29907003	SA	.pe	PEN	Sol                 	51        	                    	                    	es-PE,qu,ay	3932488	EC,CL,BO,BR,CO      	          	2013-02-07 10:11:00	\N	\N	2013-02-07 10:11:00
176	PH	PHL	608	RP	Philippines	Manila	300000	99900177	AS	.ph	PHP	Peso                	63        	####                	^(d{4})$            	tl,en-PH,fil	1694008	                    	          	2013-02-07 10:11:00	\N	\N	2013-02-07 10:11:00
177	PN	PCN	612	PC	Pitcairn	Adamstown	47	46	OC	.pn	NZD	Dollar              	870       	                    	                    	en-PN	4030699	                    	          	2013-02-07 10:11:00	\N	\N	2013-02-07 10:11:00
178	PL	POL	616	PL	Poland	Warsaw	312685	38500000	EU	.pl	PLN	Zloty               	48        	##-###              	^(d{5})$            	pl	798544	DE,LT,SK,CZ,BY,UA,RU	          	2013-02-07 10:11:00	\N	\N	2013-02-07 10:11:00
179	PT	PRT	620	PO	Portugal	Lisbon	92391	10676000	EU	.pt	EUR	Euro                	351       	####-###            	^(d{7})$            	pt-PT,mwl	2264397	ES                  	          	2013-02-07 10:11:00	\N	\N	2013-02-07 10:11:00
180	PR	PRI	630	RQ	Puerto Rico	San Juan	9104	3916632	NA	.pr	USD	Dollar              	+1-787 and	#####-####          	^(d{9})$            	en-PR,es-PR	4566966	                    	          	2013-02-07 10:11:00	\N	\N	2013-02-07 10:11:00
181	QA	QAT	634	QA	Qatar	Doha	11437	840926	AS	.qa	QAR	Rial                	974       	                    	                    	ar-QA,es	289688	SA                  	          	2013-02-07 10:11:00	\N	\N	2013-02-07 10:11:00
182	CG	COG	178	CF	Republic of the Congo	Brazzaville	342000	3039126	AF	.cg	XAF	Franc               	242       	                    	                    	fr-CG,kg,ln-CG	2260494	CF,GA,CD,CM,AO      	          	2013-02-07 10:11:00	\N	\N	2013-02-07 10:11:00
183	RE	REU	638	RE	Reunion	Saint-Denis	2517	776948	AF	.re	EUR	Euro                	262       	#####               	^((97)|(98)(4|7|8)d{	fr-RE	935317	                    	          	2013-02-07 10:11:00	\N	\N	2013-02-07 10:11:00
184	RO	ROU	642	RO	Romania	Bucharest	237500	21959278	EU	.ro	RON	Leu                 	40        	######              	^(d{6})$            	ro,hu,rom	798549	MD,HU,UA,CS,BG,RS   	          	2013-02-07 10:11:00	\N	\N	2013-02-07 10:11:00
185	RU	RUS	643	RS	Russia	Moscow	17100000	140702000	EU	.ru	RUB	Ruble               	7         	######              	^(d{6})$            	ru,tt,xal,cau,ady,kv,ce,tyv,cv,udm,tut,mns,bua,myv,mdf,chm,ba,inh,tut,kbd,krc,ava,sah,nog	2017370	GE,CN,BY,UA,KZ,LV,PL	          	2013-02-07 10:11:00	\N	\N	2013-02-07 10:11:00
186	RW	RWA	646	RW	Rwanda	Kigali	26338	11055976	AF	.rw	RWF	Franc               	250       	                    	                    	rw,en-RW,fr-RW,sw	49518	TZ,CD,BI,UG         	          	2013-02-07 10:11:00	\N	\N	2013-02-07 10:11:00
187	BL	BLM	652	TB	Saint Barthelemy	Gustavia	21	8450	NA	.gp	EUR	Euro                	590       	### ###             	                    	fr	3578476	                    	          	2013-02-07 10:11:00	\N	\N	2013-02-07 10:11:00
188	SH	SHN	654	SH	Saint Helena	Jamestown	410	7460	AF	.sh	SHP	Pound               	290       	STHL 1ZZ            	^(STHL1ZZ)$         	en-SH	3370751	                    	          	2013-02-07 10:11:00	\N	\N	2013-02-07 10:11:00
189	KN	KNA	659	SC	Saint Kitts and Nevis	Basseterre	261	49898	NA	.kn	XCD	Dollar              	+1-869    	                    	                    	en-KN	3575174	                    	          	2013-02-07 10:11:00	\N	\N	2013-02-07 10:11:00
190	LC	LCA	662	ST	Saint Lucia	Castries	616	160922	NA	.lc	XCD	Dollar              	+1-758    	                    	                    	en-LC	3576468	                    	          	2013-02-07 10:11:00	\N	\N	2013-02-07 10:11:00
191	MF	MAF	663	RN	Saint Martin	Marigot	53	35925	NA	.gp	EUR	Euro                	590       	### ###             	                    	fr	3578421	SX                  	          	2013-02-07 10:11:00	\N	\N	2013-02-07 10:11:00
192	PM	SPM	666	SB	Saint Pierre and Miquelon	Saint-Pierre	242	7012	NA	.pm	EUR	Euro                	508       	#####               	^(97500)$           	fr-PM	3424932	                    	          	2013-02-07 10:11:00	\N	\N	2013-02-07 10:11:00
193	VC	VCT	670	VC	Saint Vincent and the Grenadines	Kingstown	389	104217	NA	.vc	XCD	Dollar              	+1-784    	                    	                    	en-VC,fr	3577815	                    	          	2013-02-07 10:11:00	\N	\N	2013-02-07 10:11:00
194	WS	WSM	882	WS	Samoa	Apia	2944	192001	OC	.ws	WST	Tala                	685       	                    	                    	sm,en-WS	4034894	                    	          	2013-02-07 10:11:00	\N	\N	2013-02-07 10:11:00
195	SM	SMR	674	SM	San Marino	San Marino	61.2000000000000028	31477	EU	.sm	EUR	Euro                	378       	4789#               	^(4789d)$           	it-SM	3168068	IT                  	          	2013-02-07 10:11:00	\N	\N	2013-02-07 10:11:00
196	ST	STP	678	TP	Sao Tome and Principe	Sao Tome	1001	175808	AF	.st	STD	Dobra               	239       	                    	                    	pt-ST	2410758	                    	          	2013-02-07 10:11:00	\N	\N	2013-02-07 10:11:00
197	SA	SAU	682	SA	Saudi Arabia	Riyadh	1960582	25731776	AS	.sa	SAR	Rial                	966       	#####               	^(d{5})$            	ar-SA	102358	QA,OM,IQ,YE,JO,AE,KW	          	2013-02-07 10:11:00	\N	\N	2013-02-07 10:11:00
198	SN	SEN	686	SG	Senegal	Dakar	196190	12323252	AF	.sn	XOF	Franc               	221       	#####               	^(d{5})$            	fr-SN,wo,fuc,mnk	2245662	GN,MR,GW,GM,ML      	          	2013-02-07 10:11:00	\N	\N	2013-02-07 10:11:00
199	RS	SRB	688	RI	Serbia	Belgrade	88361	7344847	EU	.rs	RSD	Dinar               	381       	######              	^(d{6})$            	sr,hu,bs,rom	6290252	AL,HU,MK,RO,HR,BA,BG	          	2013-02-07 10:11:00	\N	\N	2013-02-07 10:11:00
200	CS	SCG	891	YI	Serbia and Montenegro	Belgrade	102350	10829175	EU	.cs	RSD	Dinar               	381       	#####               	^(d{5})$            	cu,hu,sq,sr	0	AL,HU,MK,RO,HR,BA,BG	          	2013-02-07 10:11:00	\N	\N	2013-02-07 10:11:00
201	SC	SYC	690	SE	Seychelles	Victoria	455	88340	AF	.sc	SCR	Rupee               	248       	                    	                    	en-SC,fr-SC	241170	                    	          	2013-02-07 10:11:00	\N	\N	2013-02-07 10:11:00
202	SL	SLE	694	SL	Sierra Leone	Freetown	71740	5245695	AF	.sl	SLL	Leone               	232       	                    	                    	en-SL,men,tem	2403846	LR,GN               	          	2013-02-07 10:11:00	\N	\N	2013-02-07 10:11:00
203	SG	SGP	702	SN	Singapore	Singapur	692.700000000000045	4701069	AS	.sg	SGD	Dollar              	65        	######              	^(d{6})$            	cmn,en-SG,ms-SG,ta-SG,zh-SG	1880251	                    	          	2013-02-07 10:11:00	\N	\N	2013-02-07 10:11:00
204	SX	SXM	534	NN	Sint Maarten	Philipsburg	0	37429	NA	.sx	ANG	Guilder             	599       	                    	                    	nl,en	7609695	MF                  	          	2013-02-07 10:11:00	\N	\N	2013-02-07 10:11:00
205	SK	SVK	703	LO	Slovakia	Bratislava	48845	5455000	EU	.sk	EUR	Euro                	421       	###  ##             	^(d{5})$            	sk,hu	3057568	PL,HU,CZ,UA,AT      	          	2013-02-07 10:11:00	\N	\N	2013-02-07 10:11:00
206	SI	SVN	705	SI	Slovenia	Ljubljana	20273	2007000	EU	.si	EUR	Euro                	386       	SI- ####            	^(?:SI)*(d{4})$     	sl,sh	3190538	HU,IT,HR,AT         	          	2013-02-07 10:11:00	\N	\N	2013-02-07 10:11:00
207	SB	SLB	90	BP	Solomon Islands	Honiara	28450	559198	OC	.sb	SBD	Dollar              	677       	                    	                    	en-SB,tpi	2103350	                    	          	2013-02-07 10:11:00	\N	\N	2013-02-07 10:11:00
208	SO	SOM	706	SO	Somalia	Mogadishu	637657	10112453	AF	.so	SOS	Shilling            	252       	@@  #####           	^([A-Z]{2}d{5})$    	so-SO,ar-SO,it,en-SO	51537	ET,KE,DJ            	          	2013-02-07 10:11:00	\N	\N	2013-02-07 10:11:00
209	ZA	ZAF	710	SF	South Africa	Pretoria	1219912	49000000	AF	.za	ZAR	Rand                	27        	####                	^(d{4})$            	zu,xh,af,nso,en-ZA,tn,st,ts,ss,ve,nr	953987	ZW,SZ,MZ,BW,NA,LS   	          	2013-02-07 10:11:00	\N	\N	2013-02-07 10:11:00
210	GS	SGS	239	SX	South Georgia and the South Sandwich Islands	Grytviken	3903	30	AN	.gs	GBP	Pound               	          	                    	                    	en	3474415	                    	          	2013-02-07 10:11:00	\N	\N	2013-02-07 10:11:00
211	KR	KOR	410	KS	South Korea	Seoul	98480	48422644	AS	.kr	KRW	Won                 	82        	SEOUL ###-###       	^(?:SEOUL)*(d{6})$  	ko-KR,en	1835841	KP                  	          	2013-02-07 10:11:00	\N	\N	2013-02-07 10:11:00
212	SS	SSD	728	OD	South Sudan	Juba	644329	8260490	AF	   	SSP	Pound               	211       	                    	                    	en	7909807	CD,CF,ET,KE,SD,UG,  	          	2013-02-07 10:11:00	\N	\N	2013-02-07 10:11:00
213	ES	ESP	724	SP	Spain	Madrid	504782	46505963	EU	.es	EUR	Euro                	34        	#####               	^(d{5})$            	es-ES,ca,gl,eu,oc	2510769	AD,PT,GI,FR,MA      	          	2013-02-07 10:11:00	\N	\N	2013-02-07 10:11:00
214	LK	LKA	144	CE	Sri Lanka	Colombo	65610	21513990	AS	.lk	LKR	Rupee               	94        	#####               	^(d{5})$            	si,ta,en	1227603	                    	          	2013-02-07 10:11:00	\N	\N	2013-02-07 10:11:00
215	SD	SDN	729	SU	Sudan	Khartoum	1861484	35000000	AF	.sd	SDG	Pound               	249       	#####               	^(d{5})$            	ar-SD,en,fia	366755	SS,TD,EG,ET,ER,LY,CF	          	2013-02-07 10:11:00	\N	\N	2013-02-07 10:11:00
216	SR	SUR	740	NS	Suriname	Paramaribo	163270	492829	SA	.sr	SRD	Dollar              	597       	                    	                    	nl-SR,en,srn,hns,jv	3382998	GY,BR,GF            	          	2013-02-07 10:11:00	\N	\N	2013-02-07 10:11:00
217	SJ	SJM	744	SV	Svalbard and Jan Mayen	Longyearbyen	62049	2550	EU	.sj	NOK	Krone               	47        	                    	                    	no,ru	607072	                    	          	2013-02-07 10:11:00	\N	\N	2013-02-07 10:11:00
218	SZ	SWZ	748	WZ	Swaziland	Mbabane	17363	1354051	AF	.sz	SZL	Lilangeni           	268       	@###                	^([A-Z]d{3})$       	en-SZ,ss-SZ	934841	ZA,MZ               	          	2013-02-07 10:11:00	\N	\N	2013-02-07 10:11:00
219	SE	SWE	752	SW	Sweden	Stockholm	449964	9045000	EU	.se	SEK	Krona               	46        	SE-### ##           	^(?:SE)*(d{5})$     	sv-SE,se,sma,fi-SE	2661886	NO,FI               	          	2013-02-07 10:11:00	\N	\N	2013-02-07 10:11:00
220	CH	CHE	756	SZ	Switzerland	Berne	41290	7581000	EU	.ch	CHF	Franc               	41        	####                	^(d{4})$            	de-CH,fr-CH,it-CH,rm	2658434	DE,IT,LI,FR,AT      	          	2013-02-07 10:11:00	\N	\N	2013-02-07 10:11:00
221	SY	SYR	760	SY	Syria	Damascus	185180	22198110	AS	.sy	SYP	Pound               	963       	                    	                    	ar-SY,ku,hy,arc,fr,en	163843	IQ,JO,IL,TR,LB      	          	2013-02-07 10:11:00	\N	\N	2013-02-07 10:11:00
222	TW	TWN	158	TW	Taiwan	Taipei	35980	22894384	AS	.tw	TWD	Dollar              	886       	#####               	^(d{5})$            	zh-TW,zh,nan,hak	1668284	                    	          	2013-02-07 10:11:00	\N	\N	2013-02-07 10:11:00
223	TJ	TJK	762	TI	Tajikistan	Dushanbe	143100	7487489	AS	.tj	TJS	Somoni              	992       	######              	^(d{6})$            	tg,ru	1220409	CN,AF,KG,UZ         	          	2013-02-07 10:11:00	\N	\N	2013-02-07 10:11:00
224	TZ	TZA	834	TZ	Tanzania	Dodoma	945087	41892895	AF	.tz	TZS	Shilling            	255       	                    	                    	sw-TZ,en,ar	149590	MZ,KE,CD,RW,ZM,BI,UG	          	2013-02-07 10:11:00	\N	\N	2013-02-07 10:11:00
225	TH	THA	764	TH	Thailand	Bangkok	514000	67089500	AS	.th	THB	Baht                	66        	#####               	^(d{5})$            	th,en	1605651	LA,MM,KH,MY         	          	2013-02-07 10:11:00	\N	\N	2013-02-07 10:11:00
226	TG	TGO	768	TO	Togo	Lome	56785	6587239	AF	.tg	XOF	Franc               	228       	                    	                    	fr-TG,ee,hna,kbp,dag,ha	2363686	BJ,GH,BF            	          	2013-02-07 10:11:00	\N	\N	2013-02-07 10:11:00
227	TK	TKL	772	TL	Tokelau		10	1466	OC	.tk	NZD	Dollar              	690       	                    	                    	tkl,en-TK	4031074	                    	          	2013-02-07 10:11:00	\N	\N	2013-02-07 10:11:00
228	TO	TON	776	TN	Tonga	Nuku'alofa	748	122580	OC	.to	TOP	Pa'anga             	676       	                    	                    	to,en-TO	4032283	                    	          	2013-02-07 10:11:00	\N	\N	2013-02-07 10:11:00
229	TT	TTO	780	TD	Trinidad and Tobago	Port of Spain	5128	1228691	NA	.tt	TTD	Dollar              	+1-868    	                    	                    	en-TT,hns,fr,es,zh	3573591	                    	          	2013-02-07 10:11:00	\N	\N	2013-02-07 10:11:00
230	TN	TUN	788	TS	Tunisia	Tunis	163610	10589025	AF	.tn	TND	Dinar               	216       	####                	^(d{4})$            	ar-TN,fr	2464461	DZ,LY               	          	2013-02-07 10:11:00	\N	\N	2013-02-07 10:11:00
231	TR	TUR	792	TU	Turkey	Ankara	780580	77804122	AS	.tr	TRY	Lira                	90        	#####               	^(d{5})$            	tr-TR,ku,diq,az,av	298795	SY,GE,IQ,IR,GR,AM,AZ	          	2013-02-07 10:11:00	\N	\N	2013-02-07 10:11:00
232	TM	TKM	795	TX	Turkmenistan	Ashgabat	488100	4940916	AS	.tm	TMT	Manat               	993       	######              	^(d{6})$            	tk,ru,uz	1218197	AF,IR,UZ,KZ         	          	2013-02-07 10:11:00	\N	\N	2013-02-07 10:11:00
234	TV	TUV	798	TV	Tuvalu	Funafuti	26	10472	OC	.tv	AUD	Dollar              	688       	                    	                    	tvl,en,sm,gil	2110297	                    	          	2013-02-07 10:11:00	\N	\N	2013-02-07 10:11:00
235	VI	VIR	850	VQ	U.S. Virgin Islands	Charlotte Amalie	352	108708	NA	.vi	USD	Dollar              	+1-340    	                    	                    	en-VI	4796775	                    	          	2013-02-07 10:11:00	\N	\N	2013-02-07 10:11:00
236	UG	UGA	800	UG	Uganda	Kampala	236040	33398682	AF	.ug	UGX	Shilling            	256       	                    	                    	en-UG,lg,sw,ar	226074	TZ,KE,SS,CD,RW      	          	2013-02-07 10:11:00	\N	\N	2013-02-07 10:11:00
237	UA	UKR	804	UP	Ukraine	Kiev	603700	45415596	EU	.ua	UAH	Hryvnia             	380       	#####               	^(d{5})$            	uk,ru-UA,rom,pl,hu	690791	PL,MD,HU,SK,BY,RO,RU	          	2013-02-07 10:11:00	\N	\N	2013-02-07 10:11:00
238	AE	ARE	784	AE	United Arab Emirates	Abu Dhabi	82880	4975593	AS	.ae	AED	Dirham              	971       	                    	                    	ar-AE,fa,en,hi,ur	290557	SA,OM               	          	2013-02-07 10:11:00	\N	\N	2013-02-07 10:11:00
241	UM	UMI	581		United States Minor Outlying Islands		0	0	OC	.um	USD	Dollar              	1         	                    	                    	en-UM	5854968	                    	          	2013-02-07 10:11:00	\N	\N	2013-02-07 10:11:00
242	UY	URY	858	UY	Uruguay	Montevideo	176220	3477000	SA	.uy	UYU	Peso                	598       	#####               	^(d{5})$            	es-UY	3439705	BR,AR               	          	2013-02-07 10:11:00	\N	\N	2013-02-07 10:11:00
243	UZ	UZB	860	UZ	Uzbekistan	Tashkent	447400	27865738	AS	.uz	UZS	Som                 	998       	######              	^(d{6})$            	uz,ru,tg	1512440	TM,AF,KG,TJ,KZ      	          	2013-02-07 10:11:00	\N	\N	2013-02-07 10:11:00
244	VU	VUT	548	NH	Vanuatu	Port Vila	12200	221552	OC	.vu	VUV	Vatu                	678       	                    	                    	bi,en-VU,fr-VU	2134431	                    	          	2013-02-07 10:11:00	\N	\N	2013-02-07 10:11:00
245	VA	VAT	336	VT	Vatican	Vatican City	0.440000000000000002	921	EU	.va	EUR	Euro                	379       	                    	                    	la,it,fr	3164670	IT                  	          	2013-02-07 10:11:00	\N	\N	2013-02-07 10:11:00
246	VE	VEN	862	VE	Venezuela	Caracas	912050	27223228	SA	.ve	VEF	Bolivar             	58        	####                	^(d{4})$            	es-VE	3625428	GY,BR,CO            	          	2013-02-07 10:11:00	\N	\N	2013-02-07 10:11:00
247	VN	VNM	704	VM	Vietnam	Hanoi	329560	89571130	AS	.vn	VND	Dong                	84        	######              	^(d{6})$            	vi,en,fr,zh,km	1562822	CN,LA,KH            	          	2013-02-07 10:11:00	\N	\N	2013-02-07 10:11:00
248	WF	WLF	876	WF	Wallis and Futuna	Mata Utu	274	16025	OC	.wf	XPF	Franc               	681       	#####               	^(986d{2})$         	wls,fud,fr-WF	4034749	                    	          	2013-02-07 10:11:00	\N	\N	2013-02-07 10:11:00
250	YE	YEM	887	YM	Yemen	Sanaa	527970	23495361	AS	.ye	YER	Rial                	967       	                    	                    	ar-YE	69543	SA,OM               	          	2013-02-07 10:11:00	\N	\N	2013-02-07 10:11:00
251	ZM	ZMB	894	ZA	Zambia	Lusaka	752614	13460305	AF	.zm	ZMK	Kwacha              	260       	#####               	^(d{5})$            	en-ZM,bem,loz,lun,lue,ny,toi	895949	ZW,TZ,MZ,CD,NA,MW,AO	          	2013-02-07 10:11:00	\N	\N	2013-02-07 10:11:00
3	AL	ALB	8	AL	Albania	Tirana	28748	2986952	EU	.al	ALL	Lek                 	355       	                    	                    	sq,el	783754	MK,GR,CS,ME,RS,XK   	          	2013-02-07 10:11:00	2	3	2013-04-11 16:15:53.73
32	BR	BRA	76	BR	Brazil	Brasilia	8511965	201103330	SA	.br	BRL	Real                	55        	#####-###           	^(d{8})$            	pt-BR,es,en,fr	3469034	SR,PE,BO,UY,GY,PY,GF	          	2013-02-07 10:11:00	BR	BRZ	2013-09-19 14:52:25.866
112	JP	JPN	392	JA	Japan	Tokyo	377835	127288000	AS	.jp	JPY	Yen                 	81        	###-####            	^(d{7})$            	ja	1861060	                    	          	2013-02-07 10:11:00	JA	JAP	2013-09-19 14:53:54.835
239	GB	GBR	826	UK	United Kingdom	London	244820	62348447	EU	.uk	GBP	Pound               	44        	@# #@@|@## #@@|@@# #	^(([A-Z]d{2}[A-Z]{2}	en-GB,cy-GB,gd	2635167	IE                  	          	2013-02-07 10:11:00	UK	UKS	2013-09-19 14:55:04.538
252	ZW	ZWE	716	ZI	Zimbabwe	Harare	390580	0	AF	.zw	ZWL	Dollar              	263       	                    	                    	en-ZW,sn,nr,nd	878675	ZA,MZ,BW,ZM         	          	2013-02-07 10:11:00	\N	\N	2013-11-19 14:03:16.283
240	US	USA	840	US	United States	Washington	9629091	310232863	NA	.us	USD	Dollar              	1         	#####-####          	^(d{9})$            	en-US,es-US,haw,fr	6252001	CA,MX,CU            	          	2013-02-07 10:11:00	US	USA	2013-09-19 16:10:20.878
\.



--
-- Data for Name: email_templates; Type: TABLE DATA; Schema: public; Owner: -
--

COPY public.email_templates (id, created, modified, from_email, reply_to_email, name, description, subject, email_text_content, email_variables, display_name) FROM stdin;
4	2014-05-08 12:13:50.69	2014-05-08 12:13:50.69	##SITE_NAME## Restyaboard <##FROM_EMAIL##>	##REPLY_TO_EMAIL##	changepassword	We will send this mail to user, when admin change users password.	Restyaboard / Password changed	<html>\n<head><meta http-equiv="Content-Type" content="text/html; charset=utf-8" /></head>\n<body style="margin:0">\n<header style="display:block;width:100%;padding-left:0;padding-right:0; border-bottom:solid 1px #dedede; float:left;background-color: #f7f7f7;">\n<div style="border: 1px solid #EEEEEE;">\n<h1 style="text-align:center;margin:10px 15px 5px;"> <a href="##SITE_URL##" title="##SITE_NAME##"><img src="##SITE_URL##/img/logo.png" alt="[Restyaboard]" title="##SITE_NAME##"></a> </h1>\n</div>\n</header>\n<main style="width:100%;padding-top:10px; padding-bottom:10px; margin:0 auto; float:left;">\n<div style="background-color:#f3f5f7;padding:10px;border: 1px solid #EEEEEE;">\n<div style="width: 500px;background-color: #f3f5f7;margin:0 auto;">\n<pre style="font-family: Arial, Helvetica, sans-serif; font-size: 13px;line-height:20px;"><h2 style="font-size:16px; font-family:Arial, Helvetica, sans-serif; margin: 20px 0px 0px;padding:10px 0px 0px 0px;">Hi,</h2><p style="white-space: normal; width: 100%;margin: 10px 0px 0px; font-family:Arial, Helvetica, sans-serif;"><br></p><p style="white-space: normal; width: 100%;margin: 0px 0px 0px; font-family:Arial, Helvetica, sans-serif;">Admin reset your password for your ##SITE_NAME## account.<br>Your new password: ##PASSWORD##<br></p><br><p style="white-space: normal; width: 100%;margin: 0px 0px 0px;font-family:Arial, Helvetica, sans-serif;">Thanks,<br>\nRestyaboard<br>\n##SITE_URL##</p>\n</pre>\n</div>\n</div>\n</main>\n<footer style="width:100%;padding-left:0;margin:0px auto;border-top: solid 1px #dedede; padding-bottom:10px; background:#fff;clear: both;padding-top: 10px;border-bottom: solid 1px #dedede;background-color: #f7f7f7;">\n<h6 style="text-align:center;margin:5px 15px;"> \n<a href="http://restya.com/board/?utm_source=Restyaboard - ##SITE_NAME##&utm_medium=email&utm_campaign=change_password_email" title="Open source. Trello like kanban board." rel="generator" style="font-size: 11px;text-align: center;text-decoration: none;color: #000;font-family: arial; padding-left:10px;">Powered by Restyaboard</a></h6>\n</footer>\n</body>\n</html>	SITE_NAME, SITE_URL, PASSWORD	Change Password
1	2014-05-08 12:13:37.268	2014-05-08 12:13:37.268	##SITE_NAME## Restyaboard <##FROM_EMAIL##>	##REPLY_TO_EMAIL##	activation	We will send this mail, when user registering an account he/she will get an activation request.	Restyaboard / Account confirmation	<html>\n<head><meta http-equiv="Content-Type" content="text/html; charset=utf-8" /></head>\n<body style="margin:0">\n<header style="display:block;width:100%;padding-left:0;padding-right:0; border-bottom:solid 1px #dedede; float:left;background-color: #f7f7f7;">\n<div style="border: 1px solid #EEEEEE;">\n<h1 style="text-align:center;margin:10px 15px 5px;"> <a href="##SITE_URL##" title="##SITE_NAME##"><img src="##SITE_URL##/img/logo.png" alt="[Restyaboard]" title="##SITE_NAME##"></a> </h1>\n</div>\n</header>\n<main style="width:100%;padding-top:10px; padding-bottom:10px; margin:0 auto; float:left;">\n<div style="background-color:#f3f5f7;padding:10px;border: 1px solid #EEEEEE;">\n<div style="width: 500px;background-color: #f3f5f7;margin:0 auto;">\n<pre style="font-family: Arial, Helvetica, sans-serif; font-size: 13px;line-height:20px;"><h2 style="font-size:16px; font-family:Arial, Helvetica, sans-serif; margin: 20px 0px 0px;padding:10px 0px 0px 0px;">Hi ##NAME##,\n</h2><p style="white-space: normal; width: 100%;margin: 10px 0px 0px; font-family:Arial, Helvetica, sans-serif;"><br></p><p style="white-space: normal; width: 100%;margin: 0px 0px 0px; font-family:Arial, Helvetica, sans-serif;">You are one step ahead. Please click the below URL to activate your account.<br>##ACTIVATION_URL##<br>If you didn't create a ##SITE_NAME## account and feel this is an error, please contact us at ##CONTACT_EMAIL##.<br></p><br><p style="white-space: normal; width: 100%;margin: 0px 0px 0px;font-family:Arial, Helvetica, sans-serif;">Thanks,<br>\nRestyaboard<br>\n##SITE_URL##</p>\n</pre>\n</div>\n</div>\n</main>\n<footer style="width:100%;padding-left:0;margin:0px auto;border-top: solid 1px #dedede; padding-bottom:10px; background:#fff;clear: both;padding-top: 10px;border-bottom: solid 1px #dedede;background-color: #f7f7f7;">\n<h6 style="text-align:center;margin:5px 15px;"> \n<a href="http://restya.com/board/?utm_source=Restyaboard - ##SITE_NAME##&utm_medium=email&utm_campaign=activation_email" title="Open source. Trello like kanban board." rel="generator" style="font-size: 11px;text-align: center;text-decoration: none;color: #000;font-family: arial; padding-left:10px;">Powered by Restyaboard</a></h6>\n</footer>\n</body>\n</html>	SITE_URL, SITE_NAME, CONTACT_EMAIL, NAME, ACTIVATION_URL	Activation
2	2014-05-08 12:14:07.472	2014-05-08 12:14:07.472	##SITE_NAME## Restyaboard <##FROM_EMAIL##>	##REPLY_TO_EMAIL##	welcome	We will send this mail, when user register in this site and get activate.	Restyaboard / Welcome	<html>\n<head><meta http-equiv="Content-Type" content="text/html; charset=utf-8" /></head>\n<body style="margin:0">\n<header style="display:block;width:100%;padding-left:0;padding-right:0; border-bottom:solid 1px #dedede; float:left;background-color: #f7f7f7;">\n<div style="border: 1px solid #EEEEEE;">\n<h1 style="text-align:center;margin:10px 15px 5px;"> <a href="##SITE_URL##" title="##SITE_NAME##"><img src="##SITE_URL##/img/logo.png" alt="[Restyaboard]" title="##SITE_NAME##"></a> </h1>\n</div>\n</header>\n<main style="width:100%;padding-top:10px; padding-bottom:10px; margin:0 auto; float:left;">\n<div style="background-color:#f3f5f7;padding:10px;border: 1px solid #EEEEEE;">\n<div style="width: 500px;background-color: #f3f5f7;margin:0 auto;">\n<pre style="font-family: Arial, Helvetica, sans-serif; font-size: 13px;line-height:20px;"><h2 style="font-size:16px; font-family:Arial, Helvetica, sans-serif; margin: 20px 0px 0px;padding:10px 0px 0px 0px;">Hi ##NAME##,</h2><p style="white-space: normal; width: 100%;margin: 10px 0px 0px; font-family:Arial, Helvetica, sans-serif;"><br></p><p style="white-space: normal; width: 100%;margin: 0px 0px 0px; font-family:Arial, Helvetica, sans-serif;">We wish to say a quick hello and thanks for registering at ##SITE_NAME##.<br>If you didn't create a ##SITE_NAME## account and feel this is an error, please contact us at ##CONTACT_EMAIL##.<br></p><br><p style="white-space: normal; width: 100%;margin: 0px 0px 0px;font-family:Arial, Helvetica, sans-serif;">Thanks,<br>\nRestyaboard<br>\n##SITE_URL##</p>\n</pre>\n</div>\n</div>\n</main>\n<footer style="width:100%;padding-left:0;margin:0px auto;border-top: solid 1px #dedede; padding-bottom:10px; background:#fff;clear: both;padding-top: 10px;border-bottom: solid 1px #dedede;background-color: #f7f7f7;">\n<h6 style="text-align:center;margin:5px 15px;"> \n<a href="http://restya.com/board/?utm_source=Restyaboard - ##SITE_NAME##&utm_medium=email&utm_campaign=welcome_email" title="Open source. Trello like kanban board." rel="generator" style="font-size: 11px;text-align: center;text-decoration: none;color: #000;font-family: arial; padding-left:10px;">Powered by Restyaboard</a></h6>\n</footer>\n</body>\n</html>	SITE_URL, SITE_NAME, CONTACT_EMAIL, NAME	Welcome
5	2014-05-08 12:14:07.472	2014-05-08 12:14:07.472	##SITE_NAME## Restyaboard <##FROM_EMAIL##>	##REPLY_TO_EMAIL##	newprojectuser	We will send this mail, when user added for board.	Restyaboard / ##BOARD_NAME## assigned by ##CURRENT_USER##	<html>\n<head><meta http-equiv="Content-Type" content="text/html; charset=utf-8" /></head>\n<body style="margin:0">\n<header style="display:block;width:100%;padding-left:0;padding-right:0; border-bottom:solid 1px #dedede; float:left;background-color: #f7f7f7;">\n<div style="border: 1px solid #EEEEEE;">\n<h1 style="text-align:center;margin:10px 15px 5px;"> <a href="##SITE_URL##" title="##SITE_NAME##"><img src="##SITE_URL##/img/logo.png" alt="[Restyaboard]" title="##SITE_NAME##"></a> </h1>\n</div>\n</header>\n<main style="width:100%\nCREA;padding-top:10px; padding-bottom:10px; margin:0 auto; float:left;">\n<div style="background-color:#f3f5f7;padding:10px;border: 1px solid #EEEEEE;">\n<div style="width: 500px;background-color: #f3f5f7;margin:0 auto;">\n<pre style="font-family: Arial, Helvetica, sans-serif; font-size: 13px;line-height:20px;"><h2 style="font-size:16px; font-family:Arial, Helvetica, sans-serif; margin: 20px 0px 0px;padding:10px 0px 0px 0px;">Hi ##NAME##,</h2>\n<p style="white-space: normal; width: 100%;margin: 0px 0px 0px; font-family:Arial, Helvetica, sans-serif;">##CURRENT_USER## has added you to the board ##BOARD_NAME## ##BOARD_URL##<br></p><br><p style="white-space: normal; width: 100%;margin: 0px 0px 0px;font-family:Arial, Helvetica, sans-serif;">Thanks,<br>\nRestyaboard<br>\n##SITE_URL##</p>\n</pre>\n</div>\n</div>\n</main>\n<footer style="width:100%;padding-left:0;margin:0px auto;border-top: solid 1px #dedede; padding-bottom:10px; background:#fff;clear: both;padding-top: 10px;border-bottom: solid 1px #dedede;background-color: #f7f7f7;">\n<h6 style="text-align:center;margin:5px 15px;"> \n<a href="http://restya.com/board/?utm_source=Restyaboard - ##SITE_NAME##&utm_medium=email&utm_campaign=new_board_member_email" title="Open source. Trello like kanban board." rel="generator" style="font-size: 11px;text-align: center;text-decoration: none;color: #000;font-family: arial; padding-left:10px;">Powered by Restyaboard</a></h6>\n</footer>\n</body>\n</html>	SITE_URL, SITE_NAME, NAME, BOARD_NAME, CURRENT_USER, BOARD_URL	New Board User
3	2014-05-08 12:13:59.784	2014-05-08 12:13:59.784	##SITE_NAME## Restyaboard <##FROM_EMAIL##>	##REPLY_TO_EMAIL##	forgetpassword	We will send this mail, when user submit the forgot password form	Restyaboard / Password reset	<html>\n<head><meta http-equiv="Content-Type" content="text/html; charset=utf-8" /></head>\n<body style="margin:0">\n<header style="display:block;width:100%;padding-left:0;padding-right:0; border-bottom:solid 1px #dedede; float:left;background-color: #f7f7f7;">\n<div style="border: 1px solid #EEEEEE;">\n<h1 style="text-align:center;margin:10px 15px 5px;"> <a href="##SITE_URL##" title="##SITE_NAME##"><img src="##SITE_URL##/img/logo.png" alt="[Restyaboard]" title="##SITE_NAME##"></a> </h1>\n</div>\n</header>\n<main style="width:100%;padding-top:10px; padding-bottom:10px; margin:0 auto; float:left;">\n<div style="background-color:#f3f5f7;padding:10px;border: 1px solid #EEEEEE;">\n<div style="width: 500px;background-color: #f3f5f7;margin:0 auto;">\n<pre style="font-family: Arial, Helvetica, sans-serif; font-size: 13px;line-height:20px;"><h2 style="font-size:16px; font-family:Arial, Helvetica, sans-serif; margin: 20px 0px 0px;padding:10px 0px 0px 0px;">Hi ##NAME##,</h2><p style="white-space: normal; width: 100%;margin: 10px 0px 0px; font-family:Arial, Helvetica, sans-serif;"><br></p><p style="white-space: normal; width: 100%;margin: 0px 0px 0px; font-family:Arial, Helvetica, sans-serif;">We have received a password reset request for your account at ##SITE_NAME##.<br>New password: ##PASSWORD##<br>If you didn't requested this action and feel this is an error, please contact us at ##CONTACT_EMAIL##.<br></p><br><p style="white-space: normal; width: 100%;margin: 0px 0px 0px;font-family:Arial, Helvetica, sans-serif;">Thanks,<br>\nRestyaboard<br>\n##SITE_URL##</p>\n</pre>\n</div>\n</div>\n</main>\n<footer style="width:100%;padding-left:0;margin:0px auto;border-top: solid 1px #dedede; padding-bottom:10px; background:#fff;clear: both;padding-top: 10px;border-bottom: solid 1px #dedede;background-color: #f7f7f7;">\n<h6 style="text-align:center;margin:5px 15px;"> \n<a href="http://restya.com/board/?utm_source=Restyaboard - ##SITE_NAME##&utm_medium=email&utm_campaign=forgot_password_email" title="Open source. Trello like kanban board." rel="generator" style="font-size: 11px;text-align: center;text-decoration: none;color: #000;font-family: arial; padding-left:10px;">Powered by Restyaboard</a></h6>\n</footer>\n</body>\n</html>	SITE_NAME, SITE_URL, CONTACT_EMAIL, NAME, PASSWORD	Forgot Password
8	2014-05-08 12:14:07.472	2014-05-08 12:14:07.472	##SITE_NAME## Restyaboard <##FROM_EMAIL##>	##REPLY_TO_EMAIL##	ldap_welcome	We will send this mail, when admin imports from LDAP.	Restyaboard / Welcome	<html>\n<head></head>\n<body style="margin:0">\n<header style="display:block;width:100%;padding-left:0;padding-right:0; border-bottom:solid 1px #dedede; float:left;background-color: #f7f7f7;">\n<div style="border: 1px solid #EEEEEE;">\n<h1 style="text-align:center;margin:10px 15px 5px;"> <a href="##SITE_URL##" title="##SITE_NAME##"><img src="##SITE_URL##/img/logo.png" alt="[Restyaboard]" title="##SITE_NAME##"></a> </h1>\n</div>\n</header>\n<main style="width:100%;padding-top:10px; padding-bottom:10px; margin:0 auto; float:left;">\n<div style="background-color:#f3f5f7;padding:10px;border: 1px solid #EEEEEE;">\n<div style="width: 500px;background-color: #f3f5f7;margin:0 auto;">\n<pre style="font-family: Arial, Helvetica, sans-serif; font-size: 13px;line-height:20px;"><h2 style="font-size:16px; font-family:Arial, Helvetica, sans-serif; margin: 20px 0px 0px;padding:10px 0px 0px 0px;">Hi ##NAME##,</h2><p style="white-space: normal; width: 100%;margin: 10px 0px 0px; font-family:Arial, Helvetica, sans-serif;"><br></p><p style="white-space: normal; width: 100%;margin: 0px 0px 0px; font-family:Arial, Helvetica, sans-serif;">Admin imported your LDAP account in ##SITE_NAME##. You can login with your LDAP username and password in ##SITE_URL##.<br></p><br><p style="white-space: normal; width: 100%;margin: 0px 0px 0px;font-family:Arial, Helvetica, sans-serif;">Thanks,<br>\nRestyaboard<br>\n##SITE_URL##</p>\n</pre>\n</div>\n</div>\n</main>\n<footer style="width:100%;padding-left:0;margin:0px auto;border-top: solid 1px #dedede; padding-bottom:10px; background:#fff;clear: both;padding-top: 10px;border-bottom: solid 1px #dedede;background-color: #f7f7f7;">\n<h6 style="text-align:center;margin:5px 15px;"> \n<a href="http://restya.com/board/?utm_source=Restyaboard - ##SITE_NAME##&utm_medium=email&utm_campaign=welcome_email" title="Open source. Trello like kanban board." rel="generator" style="font-size: 11px;text-align: center;text-decoration: none;color: #000;font-family: arial; padding-left:10px;">Powered by Restyaboard</a></h6>\n</footer>\n</body>\n</html>	SITE_URL, SITE_NAME, CONTACT_EMAIL, NAME	LDAP Welcome
6	2015-10-09 06:15:49.891	2015-10-09 06:15:49.891	##SITE_NAME## Restyaboard <##FROM_EMAIL##>	##REPLY_TO_EMAIL##	email_notification	We will send this mail, when user activities in this site.	Restyaboard / ##NOTIFICATION_COUNT## new notifications since ##SINCE##	<html>\n<head><meta http-equiv="Content-Type" content="text/html; charset=utf-8" /></head>\n<body style="margin:0">\n<header style="display:block;width:100%;padding-left:0;padding-right:0; border-bottom:solid 1px #dedede; float:left;background-color: #f7f7f7;">\n<div style="border: 1px solid #EEEEEE;">\n<h1 style="text-align:center;margin:10px 15px 5px;"> <a href="##SITE_URL##" title="Restyaboard"><img src="##SITE_URL##/img/logo.png" alt="[Restyaboard]" title="Restyaboard"></a> </h1>\n</div>\n</header>\n<main style="width:100%;padding-top:10px; padding-bottom:10px; margin:0 auto; float:left;">\n<div style="background-color:#f3f5f7;padding:10px;border: 1px solid #EEEEEE;">\n<div style="width: 500px;background-color: #f3f5f7;margin:0 auto;">\n<div style="font-family: Arial, Helvetica, sans-serif; font-size: 13px;line-height:20px;margin-top:30px;"><h2 style="font-size:16px; font-family:Arial, Helvetica, sans-serif; margin: 7px 0px 0px 43px;padding:35px 0px 0px 0px;">Here's what you missed...</h2>\n<div style="white-space: normal; width: 100%;margin: 10px 0px 0px; font-family:Arial, Helvetica, sans-serif;">##CONTENT##</div>\n</div>\n</div>\n</div>\n<div style="text-align:center;margin:5px 15px;padding:10px 0px;">\n<a href="##SITE_URL##/#/user/##USER_ID##/settings">Change email preferences</a>\n</div>\n</main>\n<footer style="width:100%;padding-left:0;margin:0px auto;border-top: solid 1px #dedede; padding-bottom:10px; background:#fff;clear: both;padding-top: 10px;border-bottom: solid 1px #dedede;background-color: #f7f7f7;">\n<h6 style="text-align:center;margin:5px 15px;"> \n<a href="http://restya.com/board/?utm_source=Restyaboard - ##SITE_NAME##&utm_medium=email&utm_campaign=notification_email" title="Open source. Trello like kanban board." rel="generator" style="font-size: 11px;text-align: center;text-decoration: none;color: #000;font-family: arial; padding-left:10px;">Powered by Restyaboard</a>\n</h6>\n</footer>\n</body>\n</html>	SITE_URL, SITE_NAME, CONTENT, NAME, NOTIFICATION_COUNT, SINCE	Email Notification
9	2018-05-16 15:36:21.063906	2018-05-16 15:36:21.063906	##SITE_NAME## Restyaboard <##FROM_EMAIL##>	##REPLY_TO_EMAIL##	new_project_user_invite	We will send this mail, when user invited for board.	Restyaboard / ##CURRENT_USER## invited you to join the board ##BOARD_NAME##	<html>\n<head><meta http-equiv="Content-Type" content="text/html; charset=utf-8" /></head>\n<body style="margin:0">\n<header style="display:block;width:100%;padding-left:0;padding-right:0; border-bottom:solid 1px #dedede; float:left;background-color: #f7f7f7;">\n<div style="border: 1px solid #EEEEEE;">\n<h1 style="text-align:center;margin:10px 15px 5px;"> <a href="##SITE_URL##" title="##SITE_NAME##"><img src="##SITE_URL##/img/logo.png" alt="[Restyaboard]" title="##SITE_NAME##"></a> </h1>\n</div>\n</header>\n<main style="width:100%\nCREA;padding-top:10px; padding-bottom:10px; margin:0 auto; float:left;">\n<div style="background-color:#f3f5f7;padding:10px;border: 1px solid #EEEEEE;">\n<div style="width: 500px;background-color: #f3f5f7;margin:0 auto;">\n<pre style="font-family: Arial, Helvetica, sans-serif; font-size: 13px;line-height:20px;"><h2 style="font-size:16px; font-family:Arial, Helvetica, sans-serif; margin: 20px 0px 0px;padding:10px 0px 0px 0px;">Hi ##NAME##,</h2>\n<p style="white-space: normal; width: 100%;margin: 0px 0px 0px; font-family:Arial, Helvetica, sans-serif;">##CURRENT_USER## invites you to join the board ##BOARD_NAME##. You can see this board ##BOARD_URL## after your registration. To register click this ##REGISTRATION_URL## <br></p><br><p style="white-space: normal; width: 100%;margin: 0px 0px 0px;font-family:Arial, Helvetica, sans-serif;">Thanks,<br>\nRestyaboard<br>\n##SITE_URL##</p>\n</pre>\n</div>\n</div>\n</main>\n<footer style="width:100%;padding-left:0;margin:0px auto;border-top: solid 1px #dedede; padding-bottom:10px; background:#fff;clear: both;padding-top: 10px;border-bottom: solid 1px #dedede;background-color: #f7f7f7;">\n<h6 style="text-align:center;margin:5px 15px;"> \n<a href="http://restya.com/board/?utm_source=Restyaboard - ##SITE_NAME##&utm_medium=email&utm_campaign=new_board_user_invite_email" title="Open source. Trello like kanban board." rel="generator" style="font-size: 11px;text-align: center;text-decoration: none;color: #000;font-family: arial; padding-left:10px;">Powered by Restyaboard</a></h6>\n</footer>\n</body>\n</html>	SITE_URL, SITE_NAME, NAME, BOARD_NAME, CURRENT_USER, BOARD_URL	New User Invite for Board
10	2019-04-19 19:34:07.967898	2019-04-19 19:34:07.967898	##SITE_NAME## Restyaboard <##FROM_EMAIL##>	##REPLY_TO_EMAIL##	due_date_notification	We will send this\nmail, One day before when the card due date end.	##SUBJECT##	<html>\n<head><meta http-equiv="Content-Type" content="text/html;\ncharset=utf-8" /></head>\n<body style="margin:0">\n<header style="display:block;width:100%;padding-left:0;padding-right:0;\nborder-bottom:solid 1px #dedede; float:left;background-color:\n#f7f7f7;">\n<div style="border: 1px solid #EEEEEE;">\n<h1 style="text-align:center;margin:10px 15px 5px;"> <a\nhref="##SITE_URL##" title="##SITE_NAME##"><img\nsrc="##SITE_URL##/img/logo.png" alt="[Restyaboard]"\ntitle="##SITE_NAME##"></a> </h1>\n</div>\n</header>\n<main style="width:100%;padding-top:10px; padding-bottom:10px;\nmargin:0 auto; float:left;">\n<div style="background-color:#f3f5f7;padding:10px;border: 1px solid #EEEEEE;">\n<div style="width: 500px;background-color: #f3f5f7;margin:0 auto;">\n<pre style="font-family: Arial, Helvetica, sans-serif; font-size:\n13px;line-height:20px;">\n<h2 style="font-size:18px; font-family:Arial, Helvetica, sans-serif;\npadding: 59px 0px 0px 0px;">Due soon…</h2>\n<p style="white-space: normal; width: 100%;margin: 10px 0px 0px;\nfont-family:Arial, Helvetica, sans-serif;">##CONTENT##</p>\n</pre>\n</div>\n</div>\n</main>\n<footer style="width:100%;padding-left:0;margin:0px auto;border-top:\nsolid 1px #dedede; padding-bottom:10px; background:#fff;clear:\nboth;padding-top: 10px;border-bottom: solid 1px\n#dedede;background-color: #f7f7f7;">\n<h6 style="text-align:center;margin:5px 15px;">\n<a href="http://restya.com/board/?utm_source=Restyaboard -\n##SITE_NAME##&utm_medium=email&utm_campaign=due_date_notification_email"\ntitle="Open source. Trello like kanban board." rel="generator"\nstyle="font-size: 11px;text-align: center;text-decoration: none;color:\n#000;font-family: arial; padding-left:10px;">Powered by\nRestyaboard</a>\n</h6>\n</footer>\n</body>\n</html>	SITE_URL, SITE_NAME, SUBJECT, CONTENT	Due Date Notification
11	2019-12-16 21:44:29.409115	2019-12-16 21:44:29.409115	##SITE_NAME## Restyaboard <##FROM_EMAIL##>	##REPLY_TO_EMAIL##	board_import_user_notification	We will send this mail to user, when user import the boards 	Restyaboard / Board imported	<html>\r\n<head></head>\r\n<body style="margin:0">\r\n<header style="display:block;width:100%;padding-left:0;padding-right:0; border-bottom:solid 1px #dedede; float:left;background-color: #f7f7f7;">\r\n<div style="border: 1px solid #EEEEEE;">\r\n<h1 style="text-align:center;margin:10px 15px 5px;"> <a href="##SITE_URL##" title="##SITE_NAME##"><img src="##SITE_URL##/img/logo.png" alt="[Restyaboard]" title="##SITE_NAME##"></a> </h1>\r\n</div>\r\n</header>\r\n<main style="width:100%;padding-top:10px; padding-bottom:10px; margin:0 auto; float:left;">\r\n<div style="background-color:#f3f5f7;padding:10px;border: 1px solid #EEEEEE;">\r\n<div style="width: 500px;background-color: #f3f5f7;margin:0 auto;">\r\n<pre style="font-family: Arial, Helvetica, sans-serif; font-size: 13px;line-height:20px;"><h2 style="font-size:16px; font-family:Arial, Helvetica, sans-serif; margin: 20px 0px 0px;padding:10px 0px 0px 0px;">Hi ##NAME##,</h2><p style="white-space: normal; width: 100%;margin: 10px 0px 0px; font-family:Arial, Helvetica, sans-serif;"><br></p><p style="white-space: normal; width: 100%;margin: 0px 0px 0px; font-family:Arial, Helvetica, sans-serif;">"##BOARD_NAME##" board has been successfully imported from ##BOARD_IMPORT_OPTION## ##BOARD_URL##<br></p><br><p style="white-space: normal; width: 100%;margin: 0px 0px 0px;font-family:Arial, Helvetica, sans-serif;">Thanks,<br>\r\nRestyaboard<br>\r\n##SITE_URL##</p>\r\n</pre>\r\n</div>\r\n</div>\r\n</main>\r\n<footer style="width:100%;padding-left:0;margin:0px auto;border-top: solid 1px #dedede; padding-bottom:10px; background:#fff;clear: both;padding-top: 10px;border-bottom: solid 1px #dedede;background-color: #f7f7f7;">\r\n<h6 style="text-align:center;margin:5px 15px;"> \r\n<a href="http://restya.com/board/?utm_source=Restyaboard - ##SITE_NAME##&utm_medium=email&utm_campaign=welcome_email" title="Open source. Trello like kanban board." rel="generator" style="font-size: 11px;text-align: center;text-decoration: none;color: #000;font-family: arial; padding-left:10px;">Powered by Restyaboard</a></h6>\r\n</footer>\r\n</body>\r\n</html>	SITE_NAME, SITE_URL, BOARD_IMPORT_OPTION, NAME, BOARD_URL, BOARD_NAME	Board Import User Notification
\.



--
-- Data for Name: ips; Type: TABLE DATA; Schema: public; Owner: -
--

COPY public.ips (id, created, modified, ip, host, user_agent, "order", city_id, state_id, country_id, latitude, longitude) FROM stdin;
1	2015-05-21 11:45:47.262	2015-05-21 11:45:47.262	93.184.216.34	115.111.183.202	Mozilla/5.0 (Windows NT 6.3; WOW64; rv:38.0) Gecko/20100101 Firefox/38.0	0	1	1	240	42.1507999999999967	-70.8228000000000009
\.



--
-- Data for Name: labels; Type: TABLE DATA; Schema: public; Owner: -
--

COPY public.labels (id, created, modified, name, card_count, color) FROM stdin;
\.



--
-- Data for Name: languages; Type: TABLE DATA; Schema: public; Owner: -
--

COPY public.languages (id, created, modified, name, iso2, iso3, is_active) FROM stdin;
1	2016-03-10 16:24:44.693	2016-03-10 16:24:44.693	Acoli	ach	ach	0
2	2016-03-10 16:24:44.72	2016-03-10 16:24:44.72	Adyghe	ady	ady	0
3	2016-03-10 16:24:44.721	2016-03-10 16:24:44.721	Afrikaans	af	af	0
4	2016-03-10 16:24:44.721	2016-03-10 16:24:44.721	Afrikaans (South Africa)	af_ZA	af_ZA	0
5	2016-03-10 16:24:44.722	2016-03-10 16:24:44.722	Akan	ak	ak	0
6	2016-03-10 16:24:44.722	2016-03-10 16:24:44.722	Albanian	sq	sq	0
7	2016-03-10 16:24:44.723	2016-03-10 16:24:44.723	Albanian (Albania)	sq_AL	sq_AL	0
8	2016-03-10 16:24:44.723	2016-03-10 16:24:44.723	Albanian Gheg	aln	aln	0
9	2016-03-10 16:24:44.723	2016-03-10 16:24:44.723	Amharic	am	am	0
10	2016-03-10 16:24:44.724	2016-03-10 16:24:44.724	Amharic (Ethiopia)	am_ET	am_ET	0
11	2016-03-10 16:24:44.724	2016-03-10 16:24:44.724	Arabic	ar	ar	0
12	2016-03-10 16:24:44.725	2016-03-10 16:24:44.725	Arabic (Egypt)	ar_EG	ar_EG	0
13	2016-03-10 16:24:44.725	2016-03-10 16:24:44.725	Arabic (Saudi Arabia)	ar_SA	ar_SA	0
14	2016-03-10 16:24:44.725	2016-03-10 16:24:44.725	Arabic (Sudan)	ar_SD	ar_SD	0
15	2016-03-10 16:24:44.726	2016-03-10 16:24:44.726	Arabic (Syria)	ar_SY	ar_SY	0
16	2016-03-10 16:24:44.726	2016-03-10 16:24:44.726	Arabic (Unitag)	ar_AA	ar_AA	0
17	2016-03-10 16:24:44.727	2016-03-10 16:24:44.727	Aragonese	an	an	0
18	2016-03-10 16:24:44.727	2016-03-10 16:24:44.727	Armenian	hy	hy	0
19	2016-03-10 16:24:44.727	2016-03-10 16:24:44.727	Armenian (Armenia)	hy_AM	hy_AM	0
20	2016-03-10 16:24:44.728	2016-03-10 16:24:44.728	Assamese	as	as	0
21	2016-03-10 16:24:44.728	2016-03-10 16:24:44.728	Assamese (India)	as_IN	as_IN	0
22	2016-03-10 16:24:44.728	2016-03-10 16:24:44.728	Asturian	ast	ast	0
23	2016-03-10 16:24:44.729	2016-03-10 16:24:44.729	Asturian (Spain)	ast_ES	ast_ES	0
24	2016-03-10 16:24:44.729	2016-03-10 16:24:44.729	Azerbaijani	az	az	0
25	2016-03-10 16:24:44.729	2016-03-10 16:24:44.729	Azerbaijani (Arabic)	az@Arab	az@Arab	0
26	2016-03-10 16:24:44.729	2016-03-10 16:24:44.729	Azerbaijani (Azerbaijan)	az_AZ	az_AZ	0
27	2016-03-10 16:24:44.73	2016-03-10 16:24:44.73	Azerbaijani (Iran)	az_IR	az_IR	0
28	2016-03-10 16:24:44.73	2016-03-10 16:24:44.73	Azerbaijani (Latin)	az@latin	az@latin	0
29	2016-03-10 16:24:44.73	2016-03-10 16:24:44.73	Balochi	bal	bal	0
30	2016-03-10 16:24:44.731	2016-03-10 16:24:44.731	Bashkir	ba	ba	0
31	2016-03-10 16:24:44.732	2016-03-10 16:24:44.732	Basque	eu	eu	0
32	2016-03-10 16:24:44.732	2016-03-10 16:24:44.732	Basque (Spain)	eu_ES	eu_ES	0
33	2016-03-10 16:24:44.732	2016-03-10 16:24:44.732	Bavarian	bar	bar	0
34	2016-03-10 16:24:44.733	2016-03-10 16:24:44.733	Belarusian	be	be	0
35	2016-03-10 16:24:44.733	2016-03-10 16:24:44.733	Belarusian (Belarus)	be_BY	be_BY	0
36	2016-03-10 16:24:44.733	2016-03-10 16:24:44.733	Belarusian (Tarask)	be@tarask	be@tarask	0
37	2016-03-10 16:24:44.734	2016-03-10 16:24:44.734	Bengali	bn	bn	0
38	2016-03-10 16:24:44.734	2016-03-10 16:24:44.734	Bengali (Bangladesh)	bn_BD	bn_BD	0
39	2016-03-10 16:24:44.734	2016-03-10 16:24:44.734	Bengali (India)	bn_IN	bn_IN	0
40	2016-03-10 16:24:44.735	2016-03-10 16:24:44.735	Bodo	brx	brx	0
41	2016-03-10 16:24:44.735	2016-03-10 16:24:44.735	Bosnian	bs	bs	0
42	2016-03-10 16:24:44.735	2016-03-10 16:24:44.735	Bosnian (Bosnia and Herzegovina)	bs_BA	bs_BA	0
43	2016-03-10 16:24:44.736	2016-03-10 16:24:44.736	Breton	br	br	0
44	2016-03-10 16:24:44.736	2016-03-10 16:24:44.736	Bulgarian	bg	bg	0
45	2016-03-10 16:24:44.739	2016-03-10 16:24:44.739	Bulgarian (Bulgaria)	bg_BG	bg_BG	0
46	2016-03-10 16:24:44.739	2016-03-10 16:24:44.739	Burmese	my	my	0
47	2016-03-10 16:24:44.739	2016-03-10 16:24:44.739	Burmese (Myanmar)	my_MM	my_MM	0
48	2016-03-10 16:24:44.74	2016-03-10 16:24:44.74	Catalan	ca	ca	0
49	2016-03-10 16:24:44.74	2016-03-10 16:24:44.74	Catalan (Spain)	ca_ES	ca_ES	0
50	2016-03-10 16:24:44.74	2016-03-10 16:24:44.74	Catalan (Valencian)	ca@valencia	ca@valencia	0
51	2016-03-10 16:24:44.741	2016-03-10 16:24:44.741	Cebuano	ceb	ceb	0
52	2016-03-10 16:24:44.741	2016-03-10 16:24:44.741	Central Atlas Tamazight	tzm	tzm	0
53	2016-03-10 16:24:44.741	2016-03-10 16:24:44.741	Chhattisgarhi	hne	hne	0
54	2016-03-10 16:24:44.742	2016-03-10 16:24:44.742	Chiga	cgg	cgg	0
55	2016-03-10 16:24:44.742	2016-03-10 16:24:44.742	Chinese	zh	zh	0
56	2016-03-10 16:24:44.743	2016-03-10 16:24:44.743	Chinese (China)	zh_CN	zh_CN	0
57	2016-03-10 16:24:44.743	2016-03-10 16:24:44.743	Chinese (China) (GB2312)	zh_CN.GB2312	zh_CN.GB2312	0
58	2016-03-10 16:24:44.743	2016-03-10 16:24:44.743	Chinese (Gan)	gan	gan	0
59	2016-03-10 16:24:44.744	2016-03-10 16:24:44.744	Chinese (Hakka)	hak	hak	0
60	2016-03-10 16:24:44.744	2016-03-10 16:24:44.744	Chinese (Hong Kong)	zh_HK	zh_HK	0
61	2016-03-10 16:24:44.744	2016-03-10 16:24:44.744	Chinese (Huizhou)	czh	czh	0
62	2016-03-10 16:24:44.745	2016-03-10 16:24:44.745	Chinese (Jinyu)	cjy	cjy	0
63	2016-03-10 16:24:44.745	2016-03-10 16:24:44.745	Chinese (Literary)	lzh	lzh	0
64	2016-03-10 16:24:44.746	2016-03-10 16:24:44.746	Chinese (Mandarin)	cmn	cmn	0
65	2016-03-10 16:24:44.746	2016-03-10 16:24:44.746	Chinese (Min Bei)	mnp	mnp	0
66	2016-03-10 16:24:44.747	2016-03-10 16:24:44.747	Chinese (Min Dong)	cdo	cdo	0
67	2016-03-10 16:24:44.747	2016-03-10 16:24:44.747	Chinese (Min Nan)	nan	nan	0
68	2016-03-10 16:24:44.747	2016-03-10 16:24:44.747	Chinese (Min Zhong)	czo	czo	0
69	2016-03-10 16:24:44.748	2016-03-10 16:24:44.748	Chinese (Pu-Xian)	cpx	cpx	0
70	2016-03-10 16:24:44.748	2016-03-10 16:24:44.748	Chinese Simplified	zh-Hans	zh-Hans	0
71	2016-03-10 16:24:44.749	2016-03-10 16:24:44.749	Chinese (Taiwan)	zh_TW	zh_TW	0
72	2016-03-10 16:24:44.749	2016-03-10 16:24:44.749	Chinese (Taiwan) (Big5) 	zh_TW.Big5	zh_TW.Big5	0
73	2016-03-10 16:24:44.749	2016-03-10 16:24:44.749	Chinese Traditional	zh-Hant	zh-Hant	0
74	2016-03-10 16:24:44.75	2016-03-10 16:24:44.75	Chinese (Wu)	wuu	wuu	0
75	2016-03-10 16:24:44.75	2016-03-10 16:24:44.75	Chinese (Xiang)	hsn	hsn	0
76	2016-03-10 16:24:44.75	2016-03-10 16:24:44.75	Chinese (Yue)	yue	yue	0
77	2016-03-10 16:24:44.751	2016-03-10 16:24:44.751	Chuvash	cv	cv	0
78	2016-03-10 16:24:44.751	2016-03-10 16:24:44.751	Colognian	ksh	ksh	0
79	2016-03-10 16:24:44.751	2016-03-10 16:24:44.751	Cornish	kw	kw	0
80	2016-03-10 16:24:44.752	2016-03-10 16:24:44.752	Corsican	co	co	0
81	2016-03-10 16:24:44.752	2016-03-10 16:24:44.752	Crimean Turkish	crh	crh	0
82	2016-03-10 16:24:44.752	2016-03-10 16:24:44.752	Croatian	hr	hr	0
83	2016-03-10 16:24:44.752	2016-03-10 16:24:44.752	Croatian (Croatia)	hr_HR	hr_HR	0
84	2016-03-10 16:24:44.752	2016-03-10 16:24:44.752	Czech	cs	cs	0
85	2016-03-10 16:24:44.753	2016-03-10 16:24:44.753	Czech (Czech Republic)	cs_CZ	cs_CZ	0
86	2016-03-10 16:24:44.753	2016-03-10 16:24:44.753	Danish	da	da	0
87	2016-03-10 16:24:44.753	2016-03-10 16:24:44.753	Danish (Denmark)	da_DK	da_DK	0
88	2016-03-10 16:24:44.754	2016-03-10 16:24:44.754	Divehi	dv	dv	0
89	2016-03-10 16:24:44.754	2016-03-10 16:24:44.754	Dogri	doi	doi	0
90	2016-03-10 16:24:44.754	2016-03-10 16:24:44.754	Dutch	nl	nl	0
91	2016-03-10 16:24:44.755	2016-03-10 16:24:44.755	Dutch (Belgium)	nl_BE	nl_BE	0
92	2016-03-10 16:24:44.755	2016-03-10 16:24:44.755	Dutch (Netherlands)	nl_NL	nl_NL	0
93	2016-03-10 16:24:44.755	2016-03-10 16:24:44.755	Dzongkha	dz	dz	0
94	2016-03-10 16:24:44.756	2016-03-10 16:24:44.756	Dzongkha (Bhutan)	dz_BT	dz_BT	0
95	2016-03-10 16:24:44.756	2016-03-10 16:24:44.756	English (Australia)	en_AU	en_AU	0
96	2016-03-10 16:24:44.757	2016-03-10 16:24:44.757	English (Austria)	en_AT	en_AT	0
97	2016-03-10 16:24:44.757	2016-03-10 16:24:44.757	English (Bangladesh)	en_BD	en_BD	0
98	2016-03-10 16:24:44.757	2016-03-10 16:24:44.757	English (Belgium)	en_BE	en_BE	0
99	2016-03-10 16:24:44.758	2016-03-10 16:24:44.758	English (Canada)	en_CA	en_CA	0
100	2016-03-10 16:24:44.758	2016-03-10 16:24:44.758	English (Chile)	en_CL	en_CL	0
101	2016-03-10 16:24:44.759	2016-03-10 16:24:44.759	English (Croatia)	en_HR	en_HR	0
102	2016-03-10 16:24:44.76	2016-03-10 16:24:44.76	English (Czech Republic)	en_CZ	en_CZ	0
103	2016-03-10 16:24:44.76	2016-03-10 16:24:44.76	English (Egypt)	en_EG	en_EG	0
104	2016-03-10 16:24:44.761	2016-03-10 16:24:44.761	English (Estonia)	en_ee	en_ee	0
105	2016-03-10 16:24:44.761	2016-03-10 16:24:44.761	English (Finland)	en_FI	en_FI	0
106	2016-03-10 16:24:44.761	2016-03-10 16:24:44.761	English (Germany)	en_DE	en_DE	0
107	2016-03-10 16:24:44.762	2016-03-10 16:24:44.762	English (Ghana)	en_GH	en_GH	0
108	2016-03-10 16:24:44.762	2016-03-10 16:24:44.762	English (Greece)	en_GR	en_GR	0
109	2016-03-10 16:24:44.763	2016-03-10 16:24:44.763	English (Hong Kong)	en_HK	en_HK	0
110	2016-03-10 16:24:44.763	2016-03-10 16:24:44.763	English (Hungary)	en_HU	en_HU	0
111	2016-03-10 16:24:44.763	2016-03-10 16:24:44.763	English (India)	en_IN	en_IN	0
112	2016-03-10 16:24:44.764	2016-03-10 16:24:44.764	English (Ireland)	en_IE	en_IE	0
113	2016-03-10 16:24:44.764	2016-03-10 16:24:44.764	English (Italy)	en_IT	en_IT	0
114	2016-03-10 16:24:44.764	2016-03-10 16:24:44.764	English (Latvia)	en_lv	en_lv	0
115	2016-03-10 16:24:44.764	2016-03-10 16:24:44.764	English (Lithuania)	en_lt	en_lt	0
116	2016-03-10 16:24:44.764	2016-03-10 16:24:44.764	English (Netherlands)	en_NL	en_NL	0
117	2016-03-10 16:24:44.764	2016-03-10 16:24:44.764	English (New Zealand)	en_NZ	en_NZ	0
118	2016-03-10 16:24:44.766	2016-03-10 16:24:44.766	English (Nigeria)	en_NG	en_NG	0
119	2016-03-10 16:24:44.766	2016-03-10 16:24:44.766	English (Norway)	en_NO	en_NO	0
120	2016-03-10 16:24:44.766	2016-03-10 16:24:44.766	English (Pakistan)	en_PK	en_PK	0
121	2016-03-10 16:24:44.767	2016-03-10 16:24:44.767	English (Poland)	en_PL	en_PL	0
122	2016-03-10 16:24:44.767	2016-03-10 16:24:44.767	English (Portugal)	en_PT	en_PT	0
123	2016-03-10 16:24:44.767	2016-03-10 16:24:44.767	English (Romania)	en_RO	en_RO	0
124	2016-03-10 16:24:44.768	2016-03-10 16:24:44.768	English (Slovakia)	en_SK	en_SK	0
125	2016-03-10 16:24:44.768	2016-03-10 16:24:44.768	English (South Africa)	en_ZA	en_ZA	0
126	2016-03-10 16:24:44.768	2016-03-10 16:24:44.768	English (Spain)	en_ES	en_ES	0
127	2016-03-10 16:24:44.768	2016-03-10 16:24:44.768	English (Sri Lanka)	en_LK	en_LK	0
128	2016-03-10 16:24:44.768	2016-03-10 16:24:44.768	English (Sweden)	en_SE	en_SE	0
129	2016-03-10 16:24:44.768	2016-03-10 16:24:44.768	English (Switzerland)	en_CH	en_CH	0
130	2016-03-10 16:24:44.769	2016-03-10 16:24:44.769	English (United Kingdom)	en_GB	en_GB	0
131	2016-03-10 16:24:44.769	2016-03-10 16:24:44.769	English (United States)	en_US	en_US	0
132	2016-03-10 16:24:44.769	2016-03-10 16:24:44.769	Erzya	myv	myv	0
133	2016-03-10 16:24:44.77	2016-03-10 16:24:44.77	Esperanto	eo	eo	0
134	2016-03-10 16:24:44.77	2016-03-10 16:24:44.77	Estonian	et	et	0
135	2016-03-10 16:24:44.771	2016-03-10 16:24:44.771	Estonian (Estonia)	et_EE	et_EE	0
136	2016-03-10 16:24:44.771	2016-03-10 16:24:44.771	Faroese	fo	fo	0
137	2016-03-10 16:24:44.771	2016-03-10 16:24:44.771	Faroese (Faroe Islands)	fo_FO	fo_FO	0
138	2016-03-10 16:24:44.772	2016-03-10 16:24:44.772	Filipino	fil	fil	0
139	2016-03-10 16:24:44.772	2016-03-10 16:24:44.772	Finnish	fi	fi	0
140	2016-03-10 16:24:44.773	2016-03-10 16:24:44.773	Finnish (Finland)	fi_FI	fi_FI	0
141	2016-03-10 16:24:44.774	2016-03-10 16:24:44.774	Franco-Provencal (Arpitan)	frp	frp	0
142	2016-03-10 16:24:44.774	2016-03-10 16:24:44.774	French	fr	fr	0
143	2016-03-10 16:24:44.774	2016-03-10 16:24:44.774	French (Belgium)	fr_BE	fr_BE	0
144	2016-03-10 16:24:44.774	2016-03-10 16:24:44.774	French (Canada)	fr_CA	fr_CA	0
145	2016-03-10 16:24:44.774	2016-03-10 16:24:44.774	French (France)	fr_FR	fr_FR	0
146	2016-03-10 16:24:44.775	2016-03-10 16:24:44.775	French (Switzerland)	fr_CH	fr_CH	0
147	2016-03-10 16:24:44.775	2016-03-10 16:24:44.775	Friulian	fur	fur	0
148	2016-03-10 16:24:44.775	2016-03-10 16:24:44.775	Fulah	ff	ff	0
149	2016-03-10 16:24:44.777	2016-03-10 16:24:44.777	Fulah (Senegal)	ff_SN	ff_SN	0
150	2016-03-10 16:24:44.777	2016-03-10 16:24:44.777	Gaelic, Scottish	gd	gd	0
151	2016-03-10 16:24:44.777	2016-03-10 16:24:44.777	Galician	gl	gl	0
152	2016-03-10 16:24:44.778	2016-03-10 16:24:44.778	Galician (Spain)	gl_ES	gl_ES	0
153	2016-03-10 16:24:44.778	2016-03-10 16:24:44.778	Ganda	lg	lg	0
154	2016-03-10 16:24:44.778	2016-03-10 16:24:44.778	Georgian	ka	ka	0
155	2016-03-10 16:24:44.779	2016-03-10 16:24:44.779	Georgian (Georgia)	ka_GE	ka_GE	0
156	2016-03-10 16:24:44.779	2016-03-10 16:24:44.779	German	de	de	0
157	2016-03-10 16:24:44.779	2016-03-10 16:24:44.779	German (Austria)	de_AT	de_AT	0
158	2016-03-10 16:24:44.78	2016-03-10 16:24:44.78	German (Germany)	de_DE	de_DE	0
159	2016-03-10 16:24:44.78	2016-03-10 16:24:44.78	German (Switzerland)	de_CH	de_CH	0
160	2016-03-10 16:24:44.78	2016-03-10 16:24:44.78	Greek	el	el	0
161	2016-03-10 16:24:44.78	2016-03-10 16:24:44.78	Greek (Greece)	el_GR	el_GR	0
162	2016-03-10 16:24:44.78	2016-03-10 16:24:44.78	Greenlandic	kl	kl	0
163	2016-03-10 16:24:44.78	2016-03-10 16:24:44.78	Gujarati	gu	gu	0
164	2016-03-10 16:24:44.782	2016-03-10 16:24:44.782	Gujarati (India)	gu_IN	gu_IN	0
165	2016-03-10 16:24:44.782	2016-03-10 16:24:44.782	Gun	gun	gun	0
166	2016-03-10 16:24:44.782	2016-03-10 16:24:44.782	Haitian (Haitian Creole)	ht	ht	0
167	2016-03-10 16:24:44.783	2016-03-10 16:24:44.783	Haitian (Haitian Creole) (Haiti)	ht_HT	ht_HT	0
168	2016-03-10 16:24:44.783	2016-03-10 16:24:44.783	Hausa	ha	ha	0
169	2016-03-10 16:24:44.783	2016-03-10 16:24:44.783	Hawaiian	haw	haw	0
170	2016-03-10 16:24:44.784	2016-03-10 16:24:44.784	Hebrew	he	he	0
171	2016-03-10 16:24:44.784	2016-03-10 16:24:44.784	Hebrew (Israel)	he_IL	he_IL	0
172	2016-03-10 16:24:44.785	2016-03-10 16:24:44.785	Hindi	hi	hi	0
173	2016-03-10 16:24:44.785	2016-03-10 16:24:44.785	Hindi (India)	hi_IN	hi_IN	0
174	2016-03-10 16:24:44.785	2016-03-10 16:24:44.785	Hungarian	hu	hu	0
175	2016-03-10 16:24:44.785	2016-03-10 16:24:44.785	Hungarian (Hungary)	hu_HU	hu_HU	0
176	2016-03-10 16:24:44.785	2016-03-10 16:24:44.785	Hungarian (Romanian)	hu_RO	hu_RO	0
177	2016-03-10 16:24:44.785	2016-03-10 16:24:44.785	Icelandic	is	is	0
178	2016-03-10 16:24:44.786	2016-03-10 16:24:44.786	Icelandic (Iceland)	is_IS	is_IS	0
179	2016-03-10 16:24:44.786	2016-03-10 16:24:44.786	Ido	io	io	0
180	2016-03-10 16:24:44.788	2016-03-10 16:24:44.788	Igbo	ig	ig	0
181	2016-03-10 16:24:44.788	2016-03-10 16:24:44.788	Iloko	ilo	ilo	0
182	2016-03-10 16:24:44.788	2016-03-10 16:24:44.788	Indonesian	id	id	0
183	2016-03-10 16:24:44.789	2016-03-10 16:24:44.789	Indonesian (Indonesia)	id_ID	id_ID	0
184	2016-03-10 16:24:44.789	2016-03-10 16:24:44.789	Interlingua	ia	ia	0
185	2016-03-10 16:24:44.789	2016-03-10 16:24:44.789	Inuktitut	iu	iu	0
186	2016-03-10 16:24:44.79	2016-03-10 16:24:44.79	Irish	ga	ga	0
187	2016-03-10 16:24:44.79	2016-03-10 16:24:44.79	Irish (Ireland)	ga_IE	ga_IE	0
188	2016-03-10 16:24:44.79	2016-03-10 16:24:44.79	Italian	it	it	0
189	2016-03-10 16:24:44.791	2016-03-10 16:24:44.791	Italian (Italy)	it_IT	it_IT	0
190	2016-03-10 16:24:44.791	2016-03-10 16:24:44.791	Italian (Switzerland)	it_CH	it_CH	0
191	2016-03-10 16:24:44.791	2016-03-10 16:24:44.791	Japanese	ja	ja	0
192	2016-03-10 16:24:44.791	2016-03-10 16:24:44.791	Japanese (Japan)	ja_JP	ja_JP	0
193	2016-03-10 16:24:44.791	2016-03-10 16:24:44.791	Javanese	jv	jv	0
194	2016-03-10 16:24:44.792	2016-03-10 16:24:44.792	Kabyle	kab	kab	0
195	2016-03-10 16:24:44.792	2016-03-10 16:24:44.792	Kannada	kn	kn	0
196	2016-03-10 16:24:44.792	2016-03-10 16:24:44.792	Kannada (India)	kn_IN	kn_IN	0
197	2016-03-10 16:24:44.793	2016-03-10 16:24:44.793	Kapampangan	pam	pam	0
198	2016-03-10 16:24:44.793	2016-03-10 16:24:44.793	Kashmiri	ks	ks	0
199	2016-03-10 16:24:44.793	2016-03-10 16:24:44.793	Kashmiri (India)	ks_IN	ks_IN	0
200	2016-03-10 16:24:44.795	2016-03-10 16:24:44.795	Kashubian	csb	csb	0
201	2016-03-10 16:24:44.795	2016-03-10 16:24:44.795	Kazakh	kk	kk	0
202	2016-03-10 16:24:44.795	2016-03-10 16:24:44.795	Kazakh (Arabic)	kk@Arab	kk@Arab	0
203	2016-03-10 16:24:44.796	2016-03-10 16:24:44.796	Kazakh (Cyrillic)	kk@Cyrl	kk@Cyrl	0
204	2016-03-10 16:24:44.796	2016-03-10 16:24:44.796	Kazakh (Kazakhstan)	kk_KZ	kk_KZ	0
205	2016-03-10 16:24:44.796	2016-03-10 16:24:44.796	Kazakh (Latin)	kk@latin	kk@latin	0
206	2016-03-10 16:24:44.797	2016-03-10 16:24:44.797	Khmer	km	km	0
207	2016-03-10 16:24:44.797	2016-03-10 16:24:44.797	Khmer (Cambodia)	km_KH	km_KH	0
208	2016-03-10 16:24:44.797	2016-03-10 16:24:44.797	Kinyarwanda	rw	rw	0
209	2016-03-10 16:24:44.797	2016-03-10 16:24:44.797	Klingon	tlh	tlh	0
210	2016-03-10 16:24:44.797	2016-03-10 16:24:44.797	Konkani	kok	kok	0
211	2016-03-10 16:24:44.798	2016-03-10 16:24:44.798	Korean	ko	ko	0
212	2016-03-10 16:24:44.798	2016-03-10 16:24:44.798	Korean (Korea)	ko_KR	ko_KR	0
213	2016-03-10 16:24:44.798	2016-03-10 16:24:44.798	Kurdish	ku	ku	0
214	2016-03-10 16:24:44.799	2016-03-10 16:24:44.799	Kurdish (Iraq)	ku_IQ	ku_IQ	0
215	2016-03-10 16:24:44.8	2016-03-10 16:24:44.8	Kyrgyz	ky	ky	0
216	2016-03-10 16:24:44.8	2016-03-10 16:24:44.8	Ladino	lad	lad	0
217	2016-03-10 16:24:44.8	2016-03-10 16:24:44.8	Lao	lo	lo	0
218	2016-03-10 16:24:44.801	2016-03-10 16:24:44.801	Lao (Laos)	lo_LA	lo_LA	0
219	2016-03-10 16:24:44.801	2016-03-10 16:24:44.801	Latgalian	ltg	ltg	0
220	2016-03-10 16:24:44.802	2016-03-10 16:24:44.802	Latin	la	la	0
221	2016-03-10 16:24:44.802	2016-03-10 16:24:44.802	Latvian	lv	lv	0
222	2016-03-10 16:24:44.803	2016-03-10 16:24:44.803	Latvian (Latvia)	lv_LV	lv_LV	0
223	2016-03-10 16:24:44.803	2016-03-10 16:24:44.803	Lezghian	lez	lez	0
224	2016-03-10 16:24:44.803	2016-03-10 16:24:44.803	Ligurian	lij	lij	0
225	2016-03-10 16:24:44.803	2016-03-10 16:24:44.803	Limburgian	li	li	0
226	2016-03-10 16:24:44.803	2016-03-10 16:24:44.803	Lingala	ln	ln	0
227	2016-03-10 16:24:44.804	2016-03-10 16:24:44.804	Lithuanian	lt	lt	0
228	2016-03-10 16:24:44.804	2016-03-10 16:24:44.804	Lithuanian (Lithuania)	lt_LT	lt_LT	0
229	2016-03-10 16:24:44.804	2016-03-10 16:24:44.804	Lojban	jbo	jbo	0
230	2016-03-10 16:24:44.805	2016-03-10 16:24:44.805	LOLCAT English	en@lolcat	en@lolcat	0
231	2016-03-10 16:24:44.805	2016-03-10 16:24:44.805	Lombard	lmo	lmo	0
232	2016-03-10 16:24:44.805	2016-03-10 16:24:44.805	Lower Sorbian	dsb	dsb	0
233	2016-03-10 16:24:44.807	2016-03-10 16:24:44.807	Low German	nds	nds	0
234	2016-03-10 16:24:44.807	2016-03-10 16:24:44.807	Luxembourgish	lb	lb	0
235	2016-03-10 16:24:44.807	2016-03-10 16:24:44.807	Macedonian	mk	mk	0
236	2016-03-10 16:24:44.808	2016-03-10 16:24:44.808	Macedonian (Macedonia)	mk_MK	mk_MK	0
237	2016-03-10 16:24:44.808	2016-03-10 16:24:44.808	Maithili	mai	mai	0
238	2016-03-10 16:24:44.808	2016-03-10 16:24:44.808	Malagasy	mg	mg	0
239	2016-03-10 16:24:44.808	2016-03-10 16:24:44.808	Malay	ms	ms	0
240	2016-03-10 16:24:44.808	2016-03-10 16:24:44.808	Malayalam	ml	ml	0
241	2016-03-10 16:24:44.808	2016-03-10 16:24:44.808	Malayalam (India)	ml_IN	ml_IN	0
242	2016-03-10 16:24:44.809	2016-03-10 16:24:44.809	Malay (Malaysia)	ms_MY	ms_MY	0
243	2016-03-10 16:24:44.809	2016-03-10 16:24:44.809	Maltese	mt	mt	0
244	2016-03-10 16:24:44.809	2016-03-10 16:24:44.809	Maltese (Malta)	mt_MT	mt_MT	0
245	2016-03-10 16:24:44.81	2016-03-10 16:24:44.81	Manipuri	mni	mni	0
246	2016-03-10 16:24:44.81	2016-03-10 16:24:44.81	Maori	mi	mi	0
247	2016-03-10 16:24:44.81	2016-03-10 16:24:44.81	Mapudungun	arn	arn	0
248	2016-03-10 16:24:44.812	2016-03-10 16:24:44.812	Marathi	mr	mr	0
249	2016-03-10 16:24:44.812	2016-03-10 16:24:44.812	Marathi (India)	mr_IN	mr_IN	0
250	2016-03-10 16:24:44.813	2016-03-10 16:24:44.813	Marshallese	mh	mh	0
251	2016-03-10 16:24:44.813	2016-03-10 16:24:44.813	Mirandese	mw1	mw1	0
252	2016-03-10 16:24:44.813	2016-03-10 16:24:44.813	Mongolian	mn	mn	0
253	2016-03-10 16:24:44.814	2016-03-10 16:24:44.814	Mongolian (Mongolia)	mn_MN	mn_MN	0
254	2016-03-10 16:24:44.814	2016-03-10 16:24:44.814	Nahuatl	nah	nah	0
255	2016-03-10 16:24:44.815	2016-03-10 16:24:44.815	Navajo	nv	nv	0
256	2016-03-10 16:24:44.815	2016-03-10 16:24:44.815	Ndebele, South	nr	nr	0
257	2016-03-10 16:24:44.815	2016-03-10 16:24:44.815	Neapolitan	nap	nap	0
258	2016-03-10 16:24:44.816	2016-03-10 16:24:44.816	Nepali	ne	ne	0
259	2016-03-10 16:24:44.816	2016-03-10 16:24:44.816	Nepali (Nepal)	ne_NP	ne_NP	0
260	2016-03-10 16:24:44.816	2016-03-10 16:24:44.816	Nias	nia	nia	0
261	2016-03-10 16:24:44.817	2016-03-10 16:24:44.817	N'ko	nqo	nqo	0
262	2016-03-10 16:24:44.817	2016-03-10 16:24:44.817	Northern Sami	se	se	0
263	2016-03-10 16:24:44.818	2016-03-10 16:24:44.818	Northern Sotho	nso	nso	0
264	2016-03-10 16:24:44.818	2016-03-10 16:24:44.818	Norwegian	no	no	0
265	2016-03-10 16:24:44.818	2016-03-10 16:24:44.818	Norwegian Bokmal	nb	nb	0
266	2016-03-10 16:24:44.818	2016-03-10 16:24:44.818	Norwegian Bokmal (Norway)	nb_NO	nb_NO	0
267	2016-03-10 16:24:44.818	2016-03-10 16:24:44.818	Norwegian (Norway)	no_NO	no_NO	0
268	2016-03-10 16:24:44.819	2016-03-10 16:24:44.819	Norwegian Nynorsk	nn	nn	0
269	2016-03-10 16:24:44.819	2016-03-10 16:24:44.819	Norwegian Nynorsk (Norway)	nn_NO	nn_NO	0
270	2016-03-10 16:24:44.819	2016-03-10 16:24:44.819	Nyanja	ny	ny	0
271	2016-03-10 16:24:44.82	2016-03-10 16:24:44.82	Occitan (post 1500)	oc	oc	0
272	2016-03-10 16:24:44.82	2016-03-10 16:24:44.82	Oriya	or	or	0
273	2016-03-10 16:24:44.82	2016-03-10 16:24:44.82	Oriya (India)	or_IN	or_IN	0
274	2016-03-10 16:24:44.822	2016-03-10 16:24:44.822	Oromo	om	om	0
275	2016-03-10 16:24:44.822	2016-03-10 16:24:44.822	Ossetic	os	os	0
276	2016-03-10 16:24:44.822	2016-03-10 16:24:44.822	Palatinate German	pfl	pfl	0
277	2016-03-10 16:24:44.822	2016-03-10 16:24:44.822	Panjabi (Punjabi)	pa	pa	0
278	2016-03-10 16:24:44.822	2016-03-10 16:24:44.822	Panjabi (Punjabi) (India)	pa_IN	pa_IN	0
279	2016-03-10 16:24:44.823	2016-03-10 16:24:44.823	Papiamento	pap	pap	0
280	2016-03-10 16:24:44.823	2016-03-10 16:24:44.823	Persian	fa	fa	0
281	2016-03-10 16:24:44.823	2016-03-10 16:24:44.823	Persian (Afghanistan)	fa_AF	fa_AF	0
282	2016-03-10 16:24:44.825	2016-03-10 16:24:44.825	Persian (Iran)	fa_IR	fa_IR	0
283	2016-03-10 16:24:44.825	2016-03-10 16:24:44.825	Piemontese	pms	pms	0
284	2016-03-10 16:24:44.825	2016-03-10 16:24:44.825	Pirate English	en@pirate	en@pirate	0
285	2016-03-10 16:24:44.826	2016-03-10 16:24:44.826	Polish	pl	pl	0
286	2016-03-10 16:24:44.826	2016-03-10 16:24:44.826	Polish (Poland)	pl_PL	pl_PL	0
287	2016-03-10 16:24:44.826	2016-03-10 16:24:44.826	Portuguese	pt	pt	0
288	2016-03-10 16:24:44.827	2016-03-10 16:24:44.827	Portuguese (Brazil)	pt_BR	pt_BR	0
289	2016-03-10 16:24:44.827	2016-03-10 16:24:44.827	Portuguese (Portugal)	pt_PT	pt_PT	0
290	2016-03-10 16:24:44.827	2016-03-10 16:24:44.827	Pushto	ps	ps	0
291	2016-03-10 16:24:44.828	2016-03-10 16:24:44.828	Romanian	ro	ro	0
292	2016-03-10 16:24:44.828	2016-03-10 16:24:44.828	Romanian (Romania)	ro_RO	ro_RO	0
293	2016-03-10 16:24:44.828	2016-03-10 16:24:44.828	Romansh	rm	rm	0
294	2016-03-10 16:24:44.829	2016-03-10 16:24:44.829	Russian	ru	ru	0
295	2016-03-10 16:24:44.829	2016-03-10 16:24:44.829	Russian (Estonia)	ru_ee	ru_ee	0
296	2016-03-10 16:24:44.829	2016-03-10 16:24:44.829	Russian (Latvia)	ru_lv	ru_lv	0
297	2016-03-10 16:24:44.83	2016-03-10 16:24:44.83	Russian (Lithuania)	ru_lt	ru_lt	0
298	2016-03-10 16:24:44.83	2016-03-10 16:24:44.83	Russian Petrine orthography	ru@petr1708	ru@petr1708	0
299	2016-03-10 16:24:44.83	2016-03-10 16:24:44.83	Russian (Russia)	ru_RU	ru_RU	0
300	2016-03-10 16:24:44.831	2016-03-10 16:24:44.831	Sakha (Yakut)	sah	sah	0
301	2016-03-10 16:24:44.831	2016-03-10 16:24:44.831	Samoan	sm	sm	0
302	2016-03-10 16:24:44.831	2016-03-10 16:24:44.831	Sango	sg	sg	0
303	2016-03-10 16:24:44.832	2016-03-10 16:24:44.832	Sanskrit	sa	sa	0
304	2016-03-10 16:24:44.832	2016-03-10 16:24:44.832	Santali	sat	sat	0
305	2016-03-10 16:24:44.832	2016-03-10 16:24:44.832	Sardinian	sc	sc	0
306	2016-03-10 16:24:44.833	2016-03-10 16:24:44.833	Scots	sco	sco	0
307	2016-03-10 16:24:44.833	2016-03-10 16:24:44.833	Serbian	sr	sr	0
308	2016-03-10 16:24:44.834	2016-03-10 16:24:44.834	Serbian (Ijekavian)	sr@Ijekavian	sr@Ijekavian	0
309	2016-03-10 16:24:44.834	2016-03-10 16:24:44.834	Serbian (Ijekavian Latin)	sr@ijekavianlatin	sr@ijekavianlatin	0
412	2016-03-10 16:24:44.87	2016-03-10 16:24:44.87	Yiddish	yi	yi	0
310	2016-03-10 16:24:44.834	2016-03-10 16:24:44.834	Serbian (Latin)	sr@latin	sr@latin	0
311	2016-03-10 16:24:44.835	2016-03-10 16:24:44.835	Serbian (Latin) (Serbia)	sr_RS@latin	sr_RS@latin	0
312	2016-03-10 16:24:44.835	2016-03-10 16:24:44.835	Serbian (Serbia)	sr_RS	sr_RS	0
313	2016-03-10 16:24:44.835	2016-03-10 16:24:44.835	Shona	sn	sn	0
314	2016-03-10 16:24:44.836	2016-03-10 16:24:44.836	Sicilian	scn	scn	0
315	2016-03-10 16:24:44.836	2016-03-10 16:24:44.836	Silesian	szl	szl	0
316	2016-03-10 16:24:44.836	2016-03-10 16:24:44.836	Sindhi	sd	sd	0
317	2016-03-10 16:24:44.837	2016-03-10 16:24:44.837	Sinhala	si	si	0
318	2016-03-10 16:24:44.837	2016-03-10 16:24:44.837	Sinhala (Sri Lanka)	si_LK	si_LK	0
319	2016-03-10 16:24:44.837	2016-03-10 16:24:44.837	Slovak	sk	sk	0
320	2016-03-10 16:24:44.838	2016-03-10 16:24:44.838	Slovak (Slovakia)	sk_SK	sk_SK	0
321	2016-03-10 16:24:44.838	2016-03-10 16:24:44.838	Slovenian	sl	sl	0
322	2016-03-10 16:24:44.838	2016-03-10 16:24:44.838	Slovenian (Slovenia)	sl_SI	sl_SI	0
323	2016-03-10 16:24:44.839	2016-03-10 16:24:44.839	Somali	so	so	0
324	2016-03-10 16:24:44.839	2016-03-10 16:24:44.839	Songhay	son	son	0
325	2016-03-10 16:24:44.84	2016-03-10 16:24:44.84	Sotho, Southern	st	st	0
326	2016-03-10 16:24:44.84	2016-03-10 16:24:44.84	Sotho, Southern (South Africa)	st_ZA	st_ZA	0
327	2016-03-10 16:24:44.84	2016-03-10 16:24:44.84	Southern Sami	sma	sma	0
328	2016-03-10 16:24:44.841	2016-03-10 16:24:44.841	Spanish	es	es	0
329	2016-03-10 16:24:44.841	2016-03-10 16:24:44.841	Spanish (Argentina)	es_AR	es_AR	0
330	2016-03-10 16:24:44.841	2016-03-10 16:24:44.841	Spanish (Bolivia)	es_BO	es_BO	0
331	2016-03-10 16:24:44.842	2016-03-10 16:24:44.842	Spanish (Chile)	es_CL	es_CL	0
332	2016-03-10 16:24:44.842	2016-03-10 16:24:44.842	Spanish (Colombia)	es_CO	es_CO	0
333	2016-03-10 16:24:44.842	2016-03-10 16:24:44.842	Spanish (Costa Rica)	es_CR	es_CR	0
334	2016-03-10 16:24:44.843	2016-03-10 16:24:44.843	Spanish (Dominican Republic)	es_DO	es_DO	0
335	2016-03-10 16:24:44.843	2016-03-10 16:24:44.843	Spanish (Ecuador)	es_EC	es_EC	0
336	2016-03-10 16:24:44.843	2016-03-10 16:24:44.843	Spanish (El Salvador)	es_SV	es_SV	0
337	2016-03-10 16:24:44.844	2016-03-10 16:24:44.844	Spanish (Guatemala)	es_GT	es_GT	0
338	2016-03-10 16:24:44.844	2016-03-10 16:24:44.844	Spanish (Honduras)	es_HN	es_HN	0
339	2016-03-10 16:24:44.844	2016-03-10 16:24:44.844	Spanish (Latin America)	es_419	es_419	0
340	2016-03-10 16:24:44.845	2016-03-10 16:24:44.845	Spanish (Mexico)	es_MX	es_MX	0
341	2016-03-10 16:24:44.845	2016-03-10 16:24:44.845	Spanish (Nicaragua)	es_NI	es_NI	0
342	2016-03-10 16:24:44.845	2016-03-10 16:24:44.845	Spanish (Panama)	es_PA	es_PA	0
343	2016-03-10 16:24:44.846	2016-03-10 16:24:44.846	Spanish (Paraguay)	es_PY	es_PY	0
344	2016-03-10 16:24:44.846	2016-03-10 16:24:44.846	Spanish (Peru)	es_PE	es_PE	0
345	2016-03-10 16:24:44.847	2016-03-10 16:24:44.847	Spanish (Puerto Rico)	es_PR	es_PR	0
346	2016-03-10 16:24:44.847	2016-03-10 16:24:44.847	Spanish (Spain)	es_ES	es_ES	0
347	2016-03-10 16:24:44.847	2016-03-10 16:24:44.847	Spanish (United States)	es_US	es_US	0
348	2016-03-10 16:24:44.848	2016-03-10 16:24:44.848	Spanish (Uruguay)	es_UY	es_UY	0
349	2016-03-10 16:24:44.848	2016-03-10 16:24:44.848	Spanish (Venezuela)	es_VE	es_VE	0
350	2016-03-10 16:24:44.848	2016-03-10 16:24:44.848	Sundanese	su	su	0
351	2016-03-10 16:24:44.849	2016-03-10 16:24:44.849	Swahili	sw	sw	0
352	2016-03-10 16:24:44.849	2016-03-10 16:24:44.849	Swahili (Democratic Republic of the Congo)	sw_CD	sw_CD	0
353	2016-03-10 16:24:44.849	2016-03-10 16:24:44.849	Swahili (Kenya)	sw_KE	sw_KE	0
354	2016-03-10 16:24:44.85	2016-03-10 16:24:44.85	Swati	ss	ss	0
355	2016-03-10 16:24:44.85	2016-03-10 16:24:44.85	Swedish	sv	sv	0
356	2016-03-10 16:24:44.851	2016-03-10 16:24:44.851	Swedish (Finland)	sv_FI	sv_FI	0
357	2016-03-10 16:24:44.851	2016-03-10 16:24:44.851	Swedish (Sweden)	sv_SE	sv_SE	0
358	2016-03-10 16:24:44.851	2016-03-10 16:24:44.851	Tagalog	tl	tl	0
359	2016-03-10 16:24:44.851	2016-03-10 16:24:44.851	Tagalog (Philippines)	tl_PH	tl_PH	0
360	2016-03-10 16:24:44.852	2016-03-10 16:24:44.852	Tajik	tg	tg	0
361	2016-03-10 16:24:44.852	2016-03-10 16:24:44.852	Tajik (Tajikistan)	tg_TJ	tg_TJ	0
362	2016-03-10 16:24:44.853	2016-03-10 16:24:44.853	Talossan	tzl	tzl	0
363	2016-03-10 16:24:44.853	2016-03-10 16:24:44.853	Tamil	ta	ta	0
364	2016-03-10 16:24:44.853	2016-03-10 16:24:44.853	Tamil (India)	ta_IN	ta_IN	0
365	2016-03-10 16:24:44.854	2016-03-10 16:24:44.854	Tamil (Sri-Lanka)	ta_LK	ta_LK	0
366	2016-03-10 16:24:44.854	2016-03-10 16:24:44.854	Tatar	tt	tt	0
367	2016-03-10 16:24:44.854	2016-03-10 16:24:44.854	Telugu	te	te	0
368	2016-03-10 16:24:44.854	2016-03-10 16:24:44.854	Telugu (India)	te_IN	te_IN	0
369	2016-03-10 16:24:44.854	2016-03-10 16:24:44.854	Tetum (Tetun)	tet	tet	0
370	2016-03-10 16:24:44.854	2016-03-10 16:24:44.854	Thai	th	th	0
371	2016-03-10 16:24:44.855	2016-03-10 16:24:44.855	Thai (Thailand)	th_TH	th_TH	0
372	2016-03-10 16:24:44.855	2016-03-10 16:24:44.855	Tibetan	bo	bo	0
373	2016-03-10 16:24:44.856	2016-03-10 16:24:44.856	Tibetan (China)	bo_CN	bo_CN	0
374	2016-03-10 16:24:44.856	2016-03-10 16:24:44.856	Tigrinya	ti	ti	0
375	2016-03-10 16:24:44.857	2016-03-10 16:24:44.857	Tongan	to	to	0
376	2016-03-10 16:24:44.858	2016-03-10 16:24:44.858	Tsonga	ts	ts	0
377	2016-03-10 16:24:44.858	2016-03-10 16:24:44.858	Tswana	tn	tn	0
378	2016-03-10 16:24:44.859	2016-03-10 16:24:44.859	Turkish	tr	tr	0
379	2016-03-10 16:24:44.859	2016-03-10 16:24:44.859	Turkish (Turkey)	tr_TR	tr_TR	0
380	2016-03-10 16:24:44.859	2016-03-10 16:24:44.859	Turkmen	tk	tk	0
381	2016-03-10 16:24:44.86	2016-03-10 16:24:44.86	Turkmen (Turkmenistan)	tk_TM	tk_TM	0
382	2016-03-10 16:24:44.86	2016-03-10 16:24:44.86	Udmurt	udm	udm	0
383	2016-03-10 16:24:44.86	2016-03-10 16:24:44.86	Uighur	ug	ug	0
384	2016-03-10 16:24:44.86	2016-03-10 16:24:44.86	Uighur (Arabic)	ug@Arab	ug@Arab	0
385	2016-03-10 16:24:44.86	2016-03-10 16:24:44.86	Uighur (Cyrillic)	ug@Cyrl	ug@Cyrl	0
386	2016-03-10 16:24:44.86	2016-03-10 16:24:44.86	Uighur (Latin)	ug@Latin	ug@Latin	0
387	2016-03-10 16:24:44.861	2016-03-10 16:24:44.861	Ukrainian	uk	uk	0
388	2016-03-10 16:24:44.861	2016-03-10 16:24:44.861	Ukrainian (Ukraine)	uk_UA	uk_UA	0
389	2016-03-10 16:24:44.863	2016-03-10 16:24:44.863	Upper Franconian	vmf	vmf	0
390	2016-03-10 16:24:44.863	2016-03-10 16:24:44.863	Upper Sorbian	hsb	hsb	0
391	2016-03-10 16:24:44.863	2016-03-10 16:24:44.863	Urdu	ur	ur	0
392	2016-03-10 16:24:44.863	2016-03-10 16:24:44.863	Urdu (Pakistan)	ur_PK	ur_PK	0
393	2016-03-10 16:24:44.863	2016-03-10 16:24:44.863	Uzbek	uz	uz	0
394	2016-03-10 16:24:44.863	2016-03-10 16:24:44.863	Uzbek (Arabic)	uz@Arab	uz@Arab	0
395	2016-03-10 16:24:44.864	2016-03-10 16:24:44.864	Uzbek (Cyrillic)	uz@Cyrl	uz@Cyrl	0
396	2016-03-10 16:24:44.864	2016-03-10 16:24:44.864	Uzbek (Latin)	uz@Latn	uz@Latn	0
397	2016-03-10 16:24:44.864	2016-03-10 16:24:44.864	Uzbek (Uzbekistan)	uz_UZ	uz_UZ	0
398	2016-03-10 16:24:44.865	2016-03-10 16:24:44.865	Venda	ve	ve	0
399	2016-03-10 16:24:44.865	2016-03-10 16:24:44.865	Venetian	vec	vec	0
400	2016-03-10 16:24:44.865	2016-03-10 16:24:44.865	Vietnamese	vi	vi	0
401	2016-03-10 16:24:44.866	2016-03-10 16:24:44.866	Vietnamese (Viet Nam)	vi_VN	vi_VN	0
402	2016-03-10 16:24:44.866	2016-03-10 16:24:44.866	Vlaams	vls	vls	0
403	2016-03-10 16:24:44.867	2016-03-10 16:24:44.867	Walloon	wa	wa	0
404	2016-03-10 16:24:44.867	2016-03-10 16:24:44.867	Waray-Waray	war	war	0
405	2016-03-10 16:24:44.867	2016-03-10 16:24:44.867	Welsh	cy	cy	0
406	2016-03-10 16:24:44.868	2016-03-10 16:24:44.868	Welsh (United Kingdom)	cy_GB	cy_GB	0
407	2016-03-10 16:24:44.868	2016-03-10 16:24:44.868	Western Frisian	fy	fy	0
408	2016-03-10 16:24:44.868	2016-03-10 16:24:44.868	Western Frisian (Netherlands)	fy_NL	fy_NL	0
409	2016-03-10 16:24:44.87	2016-03-10 16:24:44.87	Wolof	wo	wo	0
410	2016-03-10 16:24:44.87	2016-03-10 16:24:44.87	Wolof (Senegal)	wo_SN	wo_SN	0
411	2016-03-10 16:24:44.87	2016-03-10 16:24:44.87	Xhosa	xh	xh	0
413	2016-03-10 16:24:44.87	2016-03-10 16:24:44.87	Yoruba	yo	yo	0
414	2016-03-10 16:24:44.871	2016-03-10 16:24:44.871	Zulu	zu	zu	0
415	2016-03-10 16:24:44.871	2016-03-10 16:24:44.871	Zulu (South Africa)	zu_ZA	zu_ZA	0
\.



--
-- Data for Name: list_subscribers; Type: TABLE DATA; Schema: public; Owner: -
--

COPY public.list_subscribers (id, created, modified, list_id, user_id, is_subscribed) FROM stdin;
\.



--
-- Data for Name: lists; Type: TABLE DATA; Schema: public; Owner: -
--

COPY public.lists (id, created, modified, board_id, user_id, name, "position", is_archived, card_count, lists_subscriber_count, is_deleted, custom_fields, color) FROM stdin;
\.



--
-- Data for Name: login_types; Type: TABLE DATA; Schema: public; Owner: -
--

COPY public.login_types (id, created, modified, name) FROM stdin;
1	2015-04-07 18:42:59.514	2015-04-07 18:42:59.514	LDAP
2	2015-04-07 18:42:59.515	2015-04-07 18:42:59.515	Normal
\.



--
-- Data for Name: oauth_jwt; Type: TABLE DATA; Schema: public; Owner: -
--

COPY public.oauth_jwt (client_id, subject, public_key) FROM stdin;
\.


--
-- Data for Name: oauth_scopes; Type: TABLE DATA; Schema: public; Owner: -
--

COPY public.oauth_scopes (scope, is_default) FROM stdin;
read	t
write	f
\.


--
-- Data for Name: organization_user_roles; Type: TABLE DATA; Schema: public; Owner: -
--

COPY public.organization_user_roles (id, created, modified, name, description) FROM stdin;
1	2016-02-22 17:39:17.743	2016-02-22 17:39:17.743	Owner	Can view, create and edit org boards, and change settings for the organization.
2	2016-02-22 17:39:17.743	2016-02-22 17:39:17.743	Editor	Can view, create, and edit org boards, but not change settings.
3	2016-02-22 17:39:17.743	2016-02-22 17:39:17.743	Viewer	Can view only.
\.



--
-- Data for Name: organizations; Type: TABLE DATA; Schema: public; Owner: -
--

COPY public.organizations (id, created, modified, user_id, name, website_url, description, logo_url, organization_visibility, organizations_user_count, board_count) FROM stdin;
\.



--
-- Data for Name: organizations_users; Type: TABLE DATA; Schema: public; Owner: -
--

COPY public.organizations_users (id, created, modified, organization_id, user_id, organization_user_role_id) FROM stdin;
\.



--
-- Data for Name: roles; Type: TABLE DATA; Schema: public; Owner: -
--

COPY public.roles (id, created, modified, name) FROM stdin;
1	2014-09-02 19:43:15.815	2014-09-02 19:43:15.815	Admin
2	2014-09-02 19:43:15.815	2014-09-02 19:43:15.815	User
3	2014-09-02 19:43:15.815	2014-09-02 19:43:15.815	Guest
\.



--
-- Data for Name: setting_categories; Type: TABLE DATA; Schema: public; Owner: -
--

COPY public.setting_categories (id, created, modified, parent_id, name, description, "order") FROM stdin;
4	2014-11-21 02:52:08.822706	2014-11-21 02:52:08.822706	2	Server Details	\N	0
5	2014-11-21 02:52:08.822706	2014-11-21 02:52:08.822706	2	Connection Details	\N	0
7	2015-04-25 19:58:48.845	2015-04-25 19:58:48.845	6	Dropbox	\N	0
3	2014-11-21 02:52:08.822706	2014-11-21 02:52:08.822706	\N	System	\N	1
9	\N	\N	2	Enabled Login Options	Enabled Login Options	1
6	2015-04-25 19:58:48.845	2015-04-25 19:58:48.845	\N	Third Party API	\N	2
10	2016-02-22 17:39:16.971	2016-02-22 17:39:16.971	\N	IMAP	\N	3
14	2017-08-30 17:59:02.929467	2017-08-30 17:59:02.929467	\N	Notifications	\N	4
15	2018-10-29 19:23:34.416581	2018-10-29 19:23:34.416581	\N	Board	\N	6
16	2018-10-29 19:23:34.423174	2018-10-29 19:23:34.423174	\N	User	\N	7
17	2021-07-24 12:21:21.884956	2021-07-24 12:21:21.884956	\N	Mobile App	\N	8
\.



--
-- Data for Name: settings; Type: TABLE DATA; Schema: public; Owner: -
--

COPY public.settings (id, setting_category_id, setting_category_parent_id, name, value, description, type, options, label, "order") FROM stdin;
11	3	0	SITE_NAME	Restyaboard	\N	text	\N	Site Name	1
12	3	0	PAGING_COUNT	20	\N	text	\N	Paging Count	4
29	3	0	DEFAULT_REPLY_TO_EMAIL_ADDRESS	board@restya.com	\N	text	\N	Reply To Email Address	3
13	3	0	DEFAULT_FROM_EMAIL_ADDRESS	board@restya.com	\N	text	\N	From Email Address	2
32	10	0	IMAP_HOST		\N	text	\N	Incoming Mail Server	1
33	10	0	IMAP_PORT		e.g., 993	text	\N	Port	2
34	10	0	IMAP_EMAIL		\N	text	\N	Email address	3
35	10	0	IMAP_EMAIL_PASSWORD		\N	password	\N	Password	4
36	0	0	webhooks.last_processed_activity_id	0	\N	hidden	\N	Webhook Activity ID	0
39	11	0	XMPP_CLIENT_RESOURCE_NAME		\N	text	\N	Client Resource Name	3
30	3	0	DEFAULT_CONTACT_EMAIL_ADDRESS	board@restya.com	It is used in all outgoing emails	text	\N	Contact Email Address	4
61	14	0	AUTO_SUBSCRIBE_ON_BOARD	Enabled		select	Enabled,Disabled	Automatically subscribe a member when he's added to a board	1
62	14	0	AUTO_SUBSCRIBE_ON_CARD	Enabled		select	Enabled,Disabled	Automatically subscribe a member when he's added to a card	2
64	14	0	DEFAULT_DESKTOP_NOTIFICATION	Enabled		select	Enabled,Disabled	Default Desktop Notification	4
65	14	0	IS_LIST_NOTIFICATIONS_ENABLED	true		checkbox	\N	List level notification - when updating color, card, move, archive, unarchive, delete	5
66	14	0	IS_CARD_NOTIFICATIONS_ENABLED	true		checkbox	\N	Card level notification #1 - when updating color, due date, description, move, archive, unarchive, delete	6
67	14	0	IS_CARD_MEMBERS_NOTIFICATIONS_ENABLED	true		checkbox	\N	Card level notification #2 - when updating members	7
68	14	0	IS_CARD_LABELS_NOTIFICATIONS_ENABLED	true		checkbox	\N	Card level notification #3 - when updating labels	8
69	14	0	IS_CARD_CHECKLISTS_NOTIFICATIONS_ENABLED	true		checkbox	\N	Card level notification #4 - when updating checklist	9
70	14	0	IS_CARD_ATTACHMENTS_NOTIFICATIONS_ENABLED	true		checkbox	\N	Card level notification #5 - when updating attachment	10
42	15	0	DEFAULT_CARD_VIEW	Maximized	\N	select	Maximized,Normal Dockmodal	Default Card Open	2
80	15	0	ALLOWED_FILE_EXTENSIONS		Enter the file extensions to restrict the upload in card modal, leave it empty to accept all files. (e.g., .png, .docx, .jpg, .pdf)	textarea	\N	Allowed File Extensions	3
21	16	0	SITE_TIMEZONE	Europe/Andorra	\N	select	\N	Site Timezone	2
31	16	0	DEFAULT_LANGUAGE	en_US	\N	text	\N	Default Language	3
71	16	\N	IS_TWO_FACTOR_AUTHENTICATION_ENABLED	true	Is Two Way Factor Authentication is Enabled	checkbox	\N	Is Two Way Factor Authentication is Enabled	1
18	6	0	DROPBOX_APPKEY		Get the Dropbox App Key by visiting <a href="https://www.dropbox.com/developers/apps/" target="_blank">https://www.dropbox.com/developers/apps/</a>	text	\N	Dropbox App Key	1
20	6	0	FLICKR_API_KEY		Get the Flickr API Key  by visiting <a href="https://www.flickr.com/services/apps/" target="_blank">https://www.flickr.com/services/apps/</a>	text	\N	Flickr API Key	2
19	15	0	LABEL_ICON	icon-circle	<a href="https://fontawesome.com/v3.2.1/icons/" target="_blank">Font\nAwesome</a> class name. Recommended: icon-circle, icon-bullhorn,\nicon-tag, icon-bookmark, icon-pushpin, icon-star	text	\N	Label Icon	1
72	15	0	CALENDAR_VIEW_CARD_COLOR	Default Color	\N	select	Past Present Future colors based on Due Date, Card Color, Color of first Label	Calendar View Card Color 	4
63	14	0	DEFAULT_EMAIL_NOTIFICATION	Instantly		select	Never,Periodically,Instantly,Daily,Weekly	Default Email Notification	3
73	6	0	UNSPLASH_API_KEY		Get the Unsplash API Key  by visiting <a href="https://unsplash.com/developers" target="_blank">https://unsplash.com/developers</a>	text	\N	Unsplash API Key	2
\.



--
-- Data for Name: states; Type: TABLE DATA; Schema: public; Owner: -
--

COPY public.states (id, created, modified, country_id, name, is_active) FROM stdin;
1	2015-05-21 11:45:47.229	2015-05-21 11:45:47.229	240	Massachusetts	f
\.



--
-- Data for Name: timezones; Type: TABLE DATA; Schema: public; Owner: -
--

COPY public.timezones (id, created, modified, country_iso2, country_id, code, utc_offset, utc_dst_offset, name) FROM stdin;
1	2017-08-22 16:34:35.976572	2017-08-22 16:34:35.976572	AD	6	Europe/Andorra	+0200	+0200	(GMT+02:00) Andorra
2	2017-08-22 16:34:36.037768	2017-08-22 16:34:36.037768	AE	238	Asia/Dubai	+0400	+0400	(GMT+04:00) Dubai
3	2017-08-22 16:34:36.045667	2017-08-22 16:34:36.045667	AF	1	Asia/Kabul	+0430	+0430	(GMT+04:30) Kabul
4	2017-08-22 16:34:36.054086	2017-08-22 16:34:36.054086	AG	10	America/Port_of_Spain	-0400	-0400	(GMT-04:00) Port of Spain
6	2017-08-22 16:34:36.070916	2017-08-22 16:34:36.070916	AL	3	Europe/Tirane	+0200	+0200	(GMT+02:00) Tirane
7	2017-08-22 16:34:36.079059	2017-08-22 16:34:36.079059	AM	12	Asia/Yerevan	+0400	+0400	(GMT+04:00) Yerevan
8	2017-08-22 16:34:36.087409	2017-08-22 16:34:36.087409	AN	157	America/Curacao	-0400	-0400	(GMT-04:00) Curacao
9	2017-08-22 16:34:36.095805	2017-08-22 16:34:36.095805	AO	7	Africa/Lagos	+0100	+0100	(GMT+01:00) Lagos
10	2017-08-22 16:34:36.104323	2017-08-22 16:34:36.104323	AQ	9	Antarctica/Palmer	-0300	-0300	(GMT-03:00) Palmer
11	2017-08-22 16:34:36.112467	2017-08-22 16:34:36.112467	AQ	9	Antarctica/Rothera	-0300	-0300	(GMT-03:00) Rothera
12	2017-08-22 16:34:36.120761	2017-08-22 16:34:36.120761	AQ	9	Antarctica/Syowa	+0300	+0300	(GMT+03:00) Syowa
13	2017-08-22 16:34:36.129199	2017-08-22 16:34:36.129199	AQ	9	Antarctica/Mawson	+0500	+0500	(GMT+05:00) Mawson
14	2017-08-22 16:34:36.137341	2017-08-22 16:34:36.137341	AQ	9	Antarctica/Vostok	+0600	+0600	(GMT+06:00) Vostok
15	2017-08-22 16:34:36.145721	2017-08-22 16:34:36.145721	AQ	9	Antarctica/Davis	+0700	+0700	(GMT+07:00) Davis
16	2017-08-22 16:34:36.154167	2017-08-22 16:34:36.154167	AQ	9	Antarctica/DumontDUrville	+1000	+1000	(GMT+10:00) Dumont D'Urville
17	2017-08-22 16:34:36.162551	2017-08-22 16:34:36.162551	AQ	9	Antarctica/Casey	+1100	+1100	(GMT+11:00) Casey
18	2017-08-22 16:34:36.171105	2017-08-22 16:34:36.171105	AQ	9	Pacific/Auckland	+1200	+1200	(GMT+12:00) Auckland
19	2017-08-22 16:34:36.179216	2017-08-22 16:34:36.179216	AR	11	America/Argentina/Buenos_Aires	-0300	-0300	(GMT-03:00) Buenos Aires
20	2017-08-22 16:34:36.187569	2017-08-22 16:34:36.187569	AS	5	Pacific/Pago_Pago	-1100	-1100	(GMT-11:00) Pago Pago
21	2017-08-22 16:34:36.19588	2017-08-22 16:34:36.19588	AT	15	Europe/Vienna	+0200	+0200	(GMT+02:00) Vienna
22	2017-08-22 16:34:36.204196	2017-08-22 16:34:36.204196	AU	14	Australia/Perth	+0800	+0800	(GMT+08:00) Western Time - Perth
23	2017-08-22 16:34:36.212544	2017-08-22 16:34:36.212544	AU	14	Australia/Adelaide	+0930	+0930	(GMT+09:30) Central Time - Adelaide
24	2017-08-22 16:34:36.221007	2017-08-22 16:34:36.221007	AU	14	Australia/Darwin	+0930	+0930	(GMT+09:30) Central Time - Darwin
25	2017-08-22 16:34:36.229216	2017-08-22 16:34:36.229216	AU	14	Australia/Brisbane	+1000	+1000	(GMT+10:00) Eastern Time - Brisbane
26	2017-08-22 16:34:36.237554	2017-08-22 16:34:36.237554	AU	14	Australia/Hobart	+1000	+1000	(GMT+10:00) Eastern Time - Hobart
27	2017-08-22 16:34:36.245945	2017-08-22 16:34:36.245945	AU	14	Australia/Sydney	+1000	+1000	(GMT+10:00) Eastern Time - Melbourne, Sydney
29	2017-08-22 16:34:36.262655	2017-08-22 16:34:36.262655	AX	2	Europe/Helsinki	+0300	+0300	(GMT+03:00) Helsinki
30	2017-08-22 16:34:36.271091	2017-08-22 16:34:36.271091	AZ	16	Asia/Baku	+0400	+0400	(GMT+04:00) Baku
31	2017-08-22 16:34:36.27924	2017-08-22 16:34:36.27924	BA	29	Europe/Belgrade	+0200	+0200	(GMT+02:00) Central European Time - Belgrade
32	2017-08-22 16:34:36.287439	2017-08-22 16:34:36.287439	BB	20	America/Barbados	-0400	-0400	(GMT-04:00) Barbados
33	2017-08-22 16:34:36.295827	2017-08-22 16:34:36.295827	BD	19	Asia/Dhaka	+0600	+0600	(GMT+06:00) Dhaka
34	2017-08-22 16:34:36.30423	2017-08-22 16:34:36.30423	BE	22	Europe/Brussels	+0200	+0200	(GMT+02:00) Brussels
35	2017-08-22 16:34:36.312621	2017-08-22 16:34:36.312621	BF	37	Africa/Abidjan	+0000	+0000	(GMT+00:00) Abidjan
36	2017-08-22 16:34:36.320713	2017-08-22 16:34:36.320713	BG	36	Europe/Sofia	+0300	+0300	(GMT+03:00) Sofia
37	2017-08-22 16:34:36.329322	2017-08-22 16:34:36.329322	BH	18	Asia/Qatar	+0300	+0300	(GMT+03:00) Qatar
38	2017-08-22 16:34:36.33766	2017-08-22 16:34:36.33766	BI	38	Africa/Maputo	+0200	+0200	(GMT+02:00) Maputo
40	2017-08-22 16:34:36.354214	2017-08-22 16:34:36.354214	BM	25	Atlantic/Bermuda	-0300	-0300	(GMT-03:00) Bermuda
41	2017-08-22 16:34:36.362558	2017-08-22 16:34:36.362558	BN	35	Asia/Brunei	+0800	+0800	(GMT+08:00) Brunei
42	2017-08-22 16:34:36.370878	2017-08-22 16:34:36.370878	BO	27	America/La_Paz	-0400	-0400	(GMT-04:00) La Paz
44	2017-08-22 16:34:36.387568	2017-08-22 16:34:36.387568	BR	32	America/Rio_Branco	-0500	-0500	(GMT-05:00) Rio Branco
45	2017-08-22 16:34:36.395876	2017-08-22 16:34:36.395876	BR	32	America/Boa_Vista	-0400	-0400	(GMT-04:00) Boa Vista
46	2017-08-22 16:34:36.404278	2017-08-22 16:34:36.404278	BR	32	America/Campo_Grande	-0400	-0400	(GMT-04:00) Campo Grande
47	2017-08-22 16:34:36.412421	2017-08-22 16:34:36.412421	BR	32	America/Cuiaba	-0400	-0400	(GMT-04:00) Cuiaba
48	2017-08-22 16:34:36.421006	2017-08-22 16:34:36.421006	BR	32	America/Manaus	-0400	-0400	(GMT-04:00) Manaus
49	2017-08-22 16:34:36.429232	2017-08-22 16:34:36.429232	BR	32	America/Porto_Velho	-0400	-0400	(GMT-04:00) Porto Velho
50	2017-08-22 16:34:36.437695	2017-08-22 16:34:36.437695	BR	32	America/Araguaina	-0300	-0300	(GMT-03:00) Araguaina
51	2017-08-22 16:34:36.445981	2017-08-22 16:34:36.445981	BR	32	America/Bahia	-0300	-0300	(GMT-03:00) Salvador
52	2017-08-22 16:34:36.454206	2017-08-22 16:34:36.454206	BR	32	America/Belem	-0300	-0300	(GMT-03:00) Belem
53	2017-08-22 16:34:36.462591	2017-08-22 16:34:36.462591	BR	32	America/Fortaleza	-0300	-0300	(GMT-03:00) Fortaleza
54	2017-08-22 16:34:36.470897	2017-08-22 16:34:36.470897	BR	32	America/Maceio	-0300	-0300	(GMT-03:00) Maceio
55	2017-08-22 16:34:36.479305	2017-08-22 16:34:36.479305	BR	32	America/Recife	-0300	-0300	(GMT-03:00) Recife
56	2017-08-22 16:34:36.487574	2017-08-22 16:34:36.487574	BR	32	America/Sao_Paulo	-0300	-0300	(GMT-03:00) Sao Paulo
57	2017-08-22 16:34:36.495978	2017-08-22 16:34:36.495978	BR	32	America/Noronha	-0200	-0200	(GMT-02:00) Noronha
58	2017-08-22 16:34:36.504571	2017-08-22 16:34:36.504571	BS	17	America/Nassau	-0400	-0400	(GMT-04:00) Nassau
59	2017-08-22 16:34:36.512711	2017-08-22 16:34:36.512711	BT	26	Asia/Thimphu	+0600	+0600	(GMT+06:00) Thimphu
62	2017-08-22 16:34:36.537668	2017-08-22 16:34:36.537668	BY	21	Europe/Minsk	+0300	+0300	(GMT+03:00) Minsk
63	2017-08-22 16:34:36.546038	2017-08-22 16:34:36.546038	BZ	23	America/Belize	-0600	-0600	(GMT-06:00) Belize
64	2017-08-22 16:34:36.554437	2017-08-22 16:34:36.554437	CA	41	America/Vancouver	-0700	-0700	(GMT-07:00) Pacific Time - Vancouver
65	2017-08-22 16:34:36.562742	2017-08-22 16:34:36.562742	CA	41	America/Whitehorse	-0700	-0700	(GMT-07:00) Pacific Time - Whitehorse
66	2017-08-22 16:34:36.571004	2017-08-22 16:34:36.571004	CA	41	America/Dawson_Creek	-0700	-0700	(GMT-07:00) Mountain Time - Dawson Creek
67	2017-08-22 16:34:36.579395	2017-08-22 16:34:36.579395	CA	41	America/Edmonton	-0600	-0600	(GMT-06:00) Mountain Time - Edmonton
68	2017-08-22 16:34:36.587808	2017-08-22 16:34:36.587808	CA	41	America/Yellowknife	-0600	-0600	(GMT-06:00) Mountain Time - Yellowknife
69	2017-08-22 16:34:36.596041	2017-08-22 16:34:36.596041	CA	41	America/Regina	-0600	-0600	(GMT-06:00) Central Time - Regina
70	2017-08-22 16:34:36.604222	2017-08-22 16:34:36.604222	CA	41	America/Winnipeg	-0500	-0500	(GMT-05:00) Central Time - Winnipeg
71	2017-08-22 16:34:36.612724	2017-08-22 16:34:36.612724	CA	41	America/Iqaluit	-0400	-0400	(GMT-04:00) Eastern Time - Iqaluit
72	2017-08-22 16:34:36.620968	2017-08-22 16:34:36.620968	CA	41	America/Toronto	-0400	-0400	(GMT-04:00) Eastern Time - Toronto
73	2017-08-22 16:34:36.629385	2017-08-22 16:34:36.629385	CA	41	America/Halifax	-0300	-0300	(GMT-03:00) Atlantic Time - Halifax
74	2017-08-22 16:34:36.637626	2017-08-22 16:34:36.637626	CA	41	America/St_Johns	-0230	-0230	(GMT-02:30) Newfoundland Time - St. Johns
75	2017-08-22 16:34:36.645989	2017-08-22 16:34:36.645989	CC	49	Indian/Cocos	+0630	+0630	(GMT+06:30) Cocos
80	2017-08-22 16:34:36.687491	2017-08-22 16:34:36.687491	CH	220	Europe/Zurich	+0200	+0200	(GMT+02:00) Zurich
82	2017-08-22 16:34:36.704241	2017-08-22 16:34:36.704241	CK	52	Pacific/Rarotonga	-1000	-1000	(GMT-10:00) Rarotonga
83	2017-08-22 16:34:36.712632	2017-08-22 16:34:36.712632	CL	46	Pacific/Easter	-0500	-0500	(GMT-05:00) Easter Island
84	2017-08-22 16:34:36.721126	2017-08-22 16:34:36.721126	CL	46	America/Punta_Arenas	-0300	-0300	(GMT-03:00) Punta Arenas
85	2017-08-22 16:34:36.743339	2017-08-22 16:34:36.743339	CL	46	America/Santiago	-0300	-0300	(GMT-03:00) Santiago
87	2017-08-22 16:34:36.762732	2017-08-22 16:34:36.762732	CN	47	Asia/Shanghai	+0800	+0800	(GMT+08:00) China Time - Beijing
88	2017-08-22 16:34:36.771116	2017-08-22 16:34:36.771116	CO	50	America/Bogota	-0500	-0500	(GMT-05:00) Bogota
89	2017-08-22 16:34:36.779393	2017-08-22 16:34:36.779393	CR	53	America/Costa_Rica	-0600	-0600	(GMT-06:00) Costa Rica
91	2017-08-22 16:34:36.796064	2017-08-22 16:34:36.796064	CU	55	America/Havana	-0400	-0400	(GMT-04:00) Havana
92	2017-08-22 16:34:36.804404	2017-08-22 16:34:36.804404	CV	42	Atlantic/Cape_Verde	-0100	-0100	(GMT-01:00) Cape Verde
94	2017-08-22 16:34:36.82097	2017-08-22 16:34:36.82097	CX	48	Indian/Christmas	+0700	+0700	(GMT+07:00) Christmas
95	2017-08-22 16:34:36.829133	2017-08-22 16:34:36.829133	CY	57	Asia/Nicosia	+0300	+0300	(GMT+03:00) Nicosia
96	2017-08-22 16:34:36.837672	2017-08-22 16:34:36.837672	CZ	58	Europe/Prague	+0200	+0200	(GMT+02:00) Central European Time - Prague
97	2017-08-22 16:34:36.846025	2017-08-22 16:34:36.846025	DE	83	Europe/Berlin	+0200	+0200	(GMT+02:00) Berlin
98	2017-08-22 16:34:36.854221	2017-08-22 16:34:36.854221	DJ	61	Africa/Nairobi	+0300	+0300	(GMT+03:00) Nairobi
99	2017-08-22 16:34:36.862735	2017-08-22 16:34:36.862735	DK	60	Europe/Copenhagen	+0200	+0200	(GMT+02:00) Copenhagen
101	2017-08-22 16:34:36.879202	2017-08-22 16:34:36.879202	DO	63	America/Santo_Domingo	-0400	-0400	(GMT-04:00) Santo Domingo
102	2017-08-22 16:34:36.88778	2017-08-22 16:34:36.88778	DZ	4	Africa/Algiers	+0100	+0100	(GMT+01:00) Algiers
103	2017-08-22 16:34:36.896105	2017-08-22 16:34:36.896105	EC	65	Pacific/Galapagos	-0600	-0600	(GMT-06:00) Galapagos
104	2017-08-22 16:34:36.904371	2017-08-22 16:34:36.904371	EC	65	America/Guayaquil	-0500	-0500	(GMT-05:00) Guayaquil
105	2017-08-22 16:34:36.912777	2017-08-22 16:34:36.912777	EE	70	Europe/Tallinn	+0300	+0300	(GMT+03:00) Tallinn
106	2017-08-22 16:34:36.921007	2017-08-22 16:34:36.921007	EG	66	Africa/Cairo	+0200	+0200	(GMT+02:00) Cairo
108	2017-08-22 16:34:36.937611	2017-08-22 16:34:36.937611	ES	213	Atlantic/Canary	+0100	+0100	(GMT+01:00) Canary Islands
109	2017-08-22 16:34:36.945991	2017-08-22 16:34:36.945991	ES	213	Africa/Ceuta	+0200	+0200	(GMT+02:00) Ceuta
110	2017-08-22 16:34:36.954608	2017-08-22 16:34:36.954608	ES	213	Europe/Madrid	+0200	+0200	(GMT+02:00) Madrid
113	2017-08-22 16:34:36.979405	2017-08-22 16:34:36.979405	FJ	74	Pacific/Fiji	+1200	+1200	(GMT+12:00) Fiji
114	2017-08-22 16:34:36.987741	2017-08-22 16:34:36.987741	FK	72	Atlantic/Stanley	-0300	-0300	(GMT-03:00) Stanley
115	2017-08-22 16:34:36.995964	2017-08-22 16:34:36.995964	FM	144	Pacific/Chuuk	+1000	+1000	(GMT+10:00) Truk
116	2017-08-22 16:34:37.004298	2017-08-22 16:34:37.004298	FM	144	Pacific/Kosrae	+1100	+1100	(GMT+11:00) Kosrae
117	2017-08-22 16:34:37.012627	2017-08-22 16:34:37.012627	FM	144	Pacific/Pohnpei	+1100	+1100	(GMT+11:00) Ponape
118	2017-08-22 16:34:37.021041	2017-08-22 16:34:37.021041	FO	73	Atlantic/Faroe	+0100	+0100	(GMT+01:00) Faeroe
119	2017-08-22 16:34:37.029421	2017-08-22 16:34:37.029421	FR	76	Europe/Paris	+0200	+0200	(GMT+02:00) Paris
121	2017-08-22 16:34:37.045996	2017-08-22 16:34:37.045996	GB	239	Europe/London	+0100	+0100	(GMT+01:00) London
123	2017-08-22 16:34:37.062643	2017-08-22 16:34:37.062643	GE	82	Asia/Tbilisi	+0400	+0400	(GMT+04:00) Tbilisi
124	2017-08-22 16:34:37.071044	2017-08-22 16:34:37.071044	GF	77	America/Cayenne	-0300	-0300	(GMT-03:00) Cayenne
126	2017-08-22 16:34:37.08769	2017-08-22 16:34:37.08769	GH	84	Africa/Accra	+0000	+0000	(GMT+00:00) Accra
127	2017-08-22 16:34:37.096093	2017-08-22 16:34:37.096093	GI	85	Europe/Gibraltar	+0200	+0200	(GMT+02:00) Gibraltar
128	2017-08-22 16:34:37.104465	2017-08-22 16:34:37.104465	GL	87	America/Thule	-0300	-0300	(GMT-03:00) Thule
129	2017-08-22 16:34:37.112718	2017-08-22 16:34:37.112718	GL	87	America/Godthab	-0200	-0200	(GMT-02:00) Godthab
130	2017-08-22 16:34:37.121086	2017-08-22 16:34:37.121086	GL	87	America/Scoresbysund	+0000	+0000	(GMT+00:00) Scoresbysund
131	2017-08-22 16:34:37.129348	2017-08-22 16:34:37.129348	GL	87	America/Danmarkshavn	+0000	+0000	(GMT+00:00) Danmarkshavn
136	2017-08-22 16:34:37.171048	2017-08-22 16:34:37.171048	GR	86	Europe/Athens	+0300	+0300	(GMT+03:00) Athens
137	2017-08-22 16:34:37.17923	2017-08-22 16:34:37.17923	GS	210	Atlantic/South_Georgia	-0200	-0200	(GMT-02:00) South Georgia
138	2017-08-22 16:34:37.187575	2017-08-22 16:34:37.187575	GT	91	America/Guatemala	-0600	-0600	(GMT-06:00) Guatemala
139	2017-08-22 16:34:37.195897	2017-08-22 16:34:37.195897	GU	90	Pacific/Guam	+1000	+1000	(GMT+10:00) Guam
140	2017-08-22 16:34:37.204216	2017-08-22 16:34:37.204216	GW	94	Africa/Bissau	+0000	+0000	(GMT+00:00) Bissau
141	2017-08-22 16:34:37.212644	2017-08-22 16:34:37.212644	GY	95	America/Guyana	-0400	-0400	(GMT-04:00) Guyana
142	2017-08-22 16:34:37.220862	2017-08-22 16:34:37.220862	HK	99	Asia/Hong_Kong	+0800	+0800	(GMT+08:00) Hong Kong
143	2017-08-22 16:34:37.229913	2017-08-22 16:34:37.229913	HM	97	Indian/Kerguelen	+0500	+0500	(GMT+05:00) Kerguelen
144	2017-08-22 16:34:37.237564	2017-08-22 16:34:37.237564	HN	98	America/Tegucigalpa	-0600	-0600	(GMT-06:00) Central Time - Tegucigalpa
146	2017-08-22 16:34:37.254332	2017-08-22 16:34:37.254332	HT	96	America/Port-au-Prince	-0400	-0400	(GMT-04:00) Port-au-Prince
147	2017-08-22 16:34:37.262767	2017-08-22 16:34:37.262767	HU	100	Europe/Budapest	+0200	+0200	(GMT+02:00) Budapest
148	2017-08-22 16:34:37.271084	2017-08-22 16:34:37.271084	ID	103	Asia/Jakarta	+0700	+0700	(GMT+07:00) Jakarta
149	2017-08-22 16:34:37.279373	2017-08-22 16:34:37.279373	ID	103	Asia/Makassar	+0800	+0800	(GMT+08:00) Makassar
150	2017-08-22 16:34:37.287697	2017-08-22 16:34:37.287697	ID	103	Asia/Jayapura	+0900	+0900	(GMT+09:00) Jayapura
151	2017-08-22 16:34:37.296023	2017-08-22 16:34:37.296023	IE	106	Europe/Dublin	+0100	+0100	(GMT+01:00) Dublin
152	2017-08-22 16:34:37.304403	2017-08-22 16:34:37.304403	IL	108	Asia/Jerusalem	+0300	+0300	(GMT+03:00) Jerusalem
154	2017-08-22 16:34:37.321718	2017-08-22 16:34:37.321718	IN	102	Asia/Calcutta	+0530	+0530	(GMT+05:30) India Standard Time
155	2017-08-22 16:34:37.329298	2017-08-22 16:34:37.329298	IO	33	Indian/Chagos	+0600	+0600	(GMT+06:00) Chagos
156	2017-08-22 16:34:37.337606	2017-08-22 16:34:37.337606	IQ	105	Asia/Baghdad	+0300	+0300	(GMT+03:00) Baghdad
157	2017-08-22 16:34:37.346057	2017-08-22 16:34:37.346057	IR	104	Asia/Tehran	+0430	+0430	(GMT+04:30) Tehran
158	2017-08-22 16:34:37.354537	2017-08-22 16:34:37.354537	IS	101	Atlantic/Reykjavik	+0000	+0000	(GMT+00:00) Reykjavik
159	2017-08-22 16:34:37.362595	2017-08-22 16:34:37.362595	IT	109	Europe/Rome	+0200	+0200	(GMT+02:00) Rome
161	2017-08-22 16:34:37.379246	2017-08-22 16:34:37.379246	JM	111	America/Jamaica	-0500	-0500	(GMT-05:00) Jamaica
162	2017-08-22 16:34:37.387724	2017-08-22 16:34:37.387724	JO	114	Asia/Amman	+0300	+0300	(GMT+03:00) Amman
163	2017-08-22 16:34:37.395928	2017-08-22 16:34:37.395928	JP	112	Asia/Tokyo	+0900	+0900	(GMT+09:00) Tokyo
165	2017-08-22 16:34:37.412741	2017-08-22 16:34:37.412741	KG	120	Asia/Bishkek	+0600	+0600	(GMT+06:00) Bishkek
166	2017-08-22 16:34:37.42106	2017-08-22 16:34:37.42106	KH	39	Asia/Bangkok	+0700	+0700	(GMT+07:00) Bangkok
167	2017-08-22 16:34:37.4294	2017-08-22 16:34:37.4294	KI	117	Pacific/Tarawa	+1200	+1200	(GMT+12:00) Tarawa
168	2017-08-22 16:34:37.437718	2017-08-22 16:34:37.437718	KI	117	Pacific/Kiritimati	+1400	+1400	(GMT+14:00) Kiritimati
171	2017-08-22 16:34:37.462855	2017-08-22 16:34:37.462855	KP	165	Asia/Pyongyang	+0830	+0830	(GMT+08:30) Pyongyang
172	2017-08-22 16:34:37.471042	2017-08-22 16:34:37.471042	KR	211	Asia/Seoul	+0900	+0900	(GMT+09:00) Seoul
173	2017-08-22 16:34:37.479578	2017-08-22 16:34:37.479578	KW	119	Asia/Riyadh	+0300	+0300	(GMT+03:00) Riyadh
174	2017-08-22 16:34:37.487726	2017-08-22 16:34:37.487726	KY	43	America/Panama	-0500	-0500	(GMT-05:00) Panama
175	2017-08-22 16:34:37.496069	2017-08-22 16:34:37.496069	KZ	115	Asia/Aqtau	+0500	+0500	(GMT+05:00) Aqtau
176	2017-08-22 16:34:37.504391	2017-08-22 16:34:37.504391	KZ	115	Asia/Aqtobe	+0500	+0500	(GMT+05:00) Aqtobe
177	2017-08-22 16:34:37.512717	2017-08-22 16:34:37.512717	KZ	115	Asia/Almaty	+0600	+0600	(GMT+06:00) Almaty
179	2017-08-22 16:34:37.5294	2017-08-22 16:34:37.5294	LB	123	Asia/Beirut	+0300	+0300	(GMT+03:00) Beirut
182	2017-08-22 16:34:37.562804	2017-08-22 16:34:37.562804	LK	214	Asia/Colombo	+0530	+0530	(GMT+05:30) Colombo
183	2017-08-22 16:34:37.571064	2017-08-22 16:34:37.571064	LR	125	Africa/Monrovia	+0000	+0000	(GMT+00:00) Monrovia
184	2017-08-22 16:34:37.579226	2017-08-22 16:34:37.579226	LS	124	Africa/Johannesburg	+0200	+0200	(GMT+02:00) Johannesburg
185	2017-08-22 16:34:37.587544	2017-08-22 16:34:37.587544	LT	128	Europe/Vilnius	+0300	+0300	(GMT+03:00) Vilnius
186	2017-08-22 16:34:37.596067	2017-08-22 16:34:37.596067	LU	129	Europe/Luxembourg	+0200	+0200	(GMT+02:00) Luxembourg
187	2017-08-22 16:34:37.604343	2017-08-22 16:34:37.604343	LV	122	Europe/Riga	+0300	+0300	(GMT+03:00) Riga
188	2017-08-22 16:34:37.621056	2017-08-22 16:34:37.621056	LY	126	Africa/Tripoli	+0200	+0200	(GMT+02:00) Tripoli
189	2017-08-22 16:34:37.629509	2017-08-22 16:34:37.629509	MA	150	Africa/Casablanca	+0100	+0100	(GMT+01:00) Casablanca
190	2017-08-22 16:34:37.637624	2017-08-22 16:34:37.637624	MC	146	Europe/Monaco	+0200	+0200	(GMT+02:00) Monaco
191	2017-08-22 16:34:37.646178	2017-08-22 16:34:37.646178	MD	145	Europe/Chisinau	+0300	+0300	(GMT+03:00) Chisinau
195	2017-08-22 16:34:37.687909	2017-08-22 16:34:37.687909	MH	138	Pacific/Kwajalein	+1200	+1200	(GMT+12:00) Kwajalein
196	2017-08-22 16:34:37.696169	2017-08-22 16:34:37.696169	MH	138	Pacific/Majuro	+1200	+1200	(GMT+12:00) Majuro
199	2017-08-22 16:34:37.721435	2017-08-22 16:34:37.721435	MM	152	Asia/Yangon	+0630	+0630	(GMT+06:30) Rangoon
200	2017-08-22 16:34:37.729491	2017-08-22 16:34:37.729491	MN	147	Asia/Hovd	+0700	+0700	(GMT+07:00) Hovd
201	2017-08-22 16:34:37.737789	2017-08-22 16:34:37.737789	MN	147	Asia/Choibalsan	+0800	+0800	(GMT+08:00) Choibalsan
202	2017-08-22 16:34:37.754521	2017-08-22 16:34:37.754521	MN	147	Asia/Ulaanbaatar	+0800	+0800	(GMT+08:00) Ulaanbaatar
203	2017-08-22 16:34:37.76295	2017-08-22 16:34:37.76295	MO	130	Asia/Macau	+0800	+0800	(GMT+08:00) Macau
205	2017-08-22 16:34:37.779346	2017-08-22 16:34:37.779346	MQ	139	America/Martinique	-0400	-0400	(GMT-04:00) Martinique
208	2017-08-22 16:34:37.804554	2017-08-22 16:34:37.804554	MT	137	Europe/Malta	+0200	+0200	(GMT+02:00) Malta
209	2017-08-22 16:34:37.812918	2017-08-22 16:34:37.812918	MU	141	Indian/Mauritius	+0400	+0400	(GMT+04:00) Mauritius
210	2017-08-22 16:34:37.821196	2017-08-22 16:34:37.821196	MV	135	Indian/Maldives	+0500	+0500	(GMT+05:00) Maldives
212	2017-08-22 16:34:37.837923	2017-08-22 16:34:37.837923	MX	143	America/Tijuana	-0700	-0700	(GMT-07:00) Pacific Time - Tijuana
213	2017-08-22 16:34:37.846247	2017-08-22 16:34:37.846247	MX	143	America/Hermosillo	-0700	-0700	(GMT-07:00) Mountain Time - Hermosillo
214	2017-08-22 16:34:37.854538	2017-08-22 16:34:37.854538	MX	143	America/Mazatlan	-0600	-0600	(GMT-06:00) Mountain Time - Chihuahua, Mazatlan
215	2017-08-22 16:34:37.862911	2017-08-22 16:34:37.862911	MX	143	America/Mexico_City	-0500	-0500	(GMT-05:00) Central Time - Mexico City
216	2017-08-22 16:34:37.871172	2017-08-22 16:34:37.871172	MX	143	America/Cancun	-0500	-0500	(GMT-05:00) America Cancun
217	2017-08-22 16:34:37.879574	2017-08-22 16:34:37.879574	MY	134	Asia/Kuala_Lumpur	+0800	+0800	(GMT+08:00) Kuala Lumpur
219	2017-08-22 16:34:37.896253	2017-08-22 16:34:37.896253	NA	153	Africa/Windhoek	+0100	+0100	(GMT+01:00) Windhoek
220	2017-08-22 16:34:37.904591	2017-08-22 16:34:37.904591	NC	158	Pacific/Noumea	+1100	+1100	(GMT+11:00) Noumea
222	2017-08-22 16:34:37.921193	2017-08-22 16:34:37.921193	NF	164	Pacific/Norfolk	+1100	+1100	(GMT+11:00) Norfolk
224	2017-08-22 16:34:37.938075	2017-08-22 16:34:37.938075	NI	160	America/Managua	-0600	-0600	(GMT-06:00) Managua
225	2017-08-22 16:34:37.946257	2017-08-22 16:34:37.946257	NL	156	Europe/Amsterdam	+0200	+0200	(GMT+02:00) Amsterdam
226	2017-08-22 16:34:37.954589	2017-08-22 16:34:37.954589	NO	167	Europe/Oslo	+0200	+0200	(GMT+02:00) Oslo
227	2017-08-22 16:34:37.962863	2017-08-22 16:34:37.962863	NP	155	Asia/Katmandu	+0545	+0545	(GMT+05:45) Katmandu
228	2017-08-22 16:34:37.971218	2017-08-22 16:34:37.971218	NR	154	Pacific/Nauru	+1200	+1200	(GMT+12:00) Nauru
229	2017-08-22 16:34:37.979614	2017-08-22 16:34:37.979614	NU	163	Pacific/Niue	-1100	-1100	(GMT-11:00) Niue
233	2017-08-22 16:34:38.021909	2017-08-22 16:34:38.021909	PE	175	America/Lima	-0500	-0500	(GMT-05:00) Lima
234	2017-08-22 16:34:38.029583	2017-08-22 16:34:38.029583	PF	78	Pacific/Tahiti	-1000	-1000	(GMT-10:00) Tahiti
235	2017-08-22 16:34:38.037916	2017-08-22 16:34:38.037916	PF	78	Pacific/Marquesas	-0930	-0930	(GMT-09:30) Marquesas
236	2017-08-22 16:34:38.046261	2017-08-22 16:34:38.046261	PF	78	Pacific/Gambier	-0900	-0900	(GMT-09:00) Gambier
237	2017-08-22 16:34:38.05463	2017-08-22 16:34:38.05463	PG	173	Pacific/Port_Moresby	+1000	+1000	(GMT+10:00) Port Moresby
238	2017-08-22 16:34:38.063028	2017-08-22 16:34:38.063028	PH	176	Asia/Manila	+0800	+0800	(GMT+08:00) Manila
239	2017-08-22 16:34:38.071237	2017-08-22 16:34:38.071237	PK	169	Asia/Karachi	+0500	+0500	(GMT+05:00) Karachi
240	2017-08-22 16:34:38.08796	2017-08-22 16:34:38.08796	PL	178	Europe/Warsaw	+0200	+0200	(GMT+02:00) Warsaw
241	2017-08-22 16:34:38.096202	2017-08-22 16:34:38.096202	PM	192	America/Miquelon	-0200	-0200	(GMT-02:00) Miquelon
242	2017-08-22 16:34:38.104476	2017-08-22 16:34:38.104476	PN	177	Pacific/Pitcairn	-0800	-0800	(GMT-08:00) Pitcairn
243	2017-08-22 16:34:38.112865	2017-08-22 16:34:38.112865	PR	180	America/Puerto_Rico	-0400	-0400	(GMT-04:00) Puerto Rico
244	2017-08-22 16:34:38.121197	2017-08-22 16:34:38.121197	PS	171	Asia/Gaza	+0300	+0300	(GMT+03:00) Gaza
245	2017-08-22 16:34:38.129656	2017-08-22 16:34:38.129656	PT	179	Atlantic/Azores	+0000	+0000	(GMT+00:00) Azores
246	2017-08-22 16:34:38.137813	2017-08-22 16:34:38.137813	PT	179	Europe/Lisbon	+0100	+0100	(GMT+01:00) Lisbon
247	2017-08-22 16:34:38.154541	2017-08-22 16:34:38.154541	PW	170	Pacific/Palau	+0900	+0900	(GMT+09:00) Palau
248	2017-08-22 16:34:38.162971	2017-08-22 16:34:38.162971	PY	174	America/Asuncion	-0400	-0400	(GMT-04:00) Asuncion
250	2017-08-22 16:34:38.17955	2017-08-22 16:34:38.17955	RE	183	Indian/Reunion	+0400	+0400	(GMT+04:00) Reunion
251	2017-08-22 16:34:38.187781	2017-08-22 16:34:38.187781	RO	184	Europe/Bucharest	+0300	+0300	(GMT+03:00) Bucharest
253	2017-08-22 16:34:38.204536	2017-08-22 16:34:38.204536	RU	185	Europe/Kaliningrad	+0200	+0200	(GMT+02:00) Moscow-01 - Kaliningrad
254	2017-08-22 16:34:38.229518	2017-08-22 16:34:38.229518	RU	185	Europe/Moscow	+0300	+0300	(GMT+03:00) Moscow+00 - Moscow
255	2017-08-22 16:34:38.237696	2017-08-22 16:34:38.237696	RU	185	Europe/Samara	+0400	+0400	(GMT+04:00) Moscow+01 - Samara
256	2017-08-22 16:34:38.246159	2017-08-22 16:34:38.246159	RU	185	Asia/Yekaterinburg	+0500	+0500	(GMT+05:00) Moscow+02 - Yekaterinburg
257	2017-08-22 16:34:38.254595	2017-08-22 16:34:38.254595	RU	185	Asia/Omsk	+0600	+0600	(GMT+06:00) Moscow+03 - Omsk
258	2017-08-22 16:34:38.263039	2017-08-22 16:34:38.263039	RU	185	Asia/Krasnoyarsk	+0700	+0700	(GMT+07:00) Moscow+04 - Krasnoyarsk
259	2017-08-22 16:34:38.271188	2017-08-22 16:34:38.271188	RU	185	Asia/Irkutsk	+0800	+0800	(GMT+08:00) Moscow+05 - Irkutsk
260	2017-08-22 16:34:38.296189	2017-08-22 16:34:38.296189	RU	185	Asia/Yakutsk	+0900	+0900	(GMT+09:00) Moscow+06 - Yakutsk
261	2017-08-22 16:34:38.30464	2017-08-22 16:34:38.30464	RU	185	Asia/Vladivostok	+1000	+1000	(GMT+10:00) Moscow+07 - Vladivostok
262	2017-08-22 16:34:38.312856	2017-08-22 16:34:38.312856	RU	185	Asia/Magadan	+1100	+1100	(GMT+11:00) Moscow+08 - Magadan
263	2017-08-22 16:34:38.321292	2017-08-22 16:34:38.321292	RU	185	Asia/Kamchatka	+1200	+1200	(GMT+12:00) Moscow+09 - Petropavlovsk-Kamchatskiy
266	2017-08-22 16:34:38.347537	2017-08-22 16:34:38.347537	SB	207	Pacific/Guadalcanal	+1100	+1100	(GMT+11:00) Guadalcanal
267	2017-08-22 16:34:38.354536	2017-08-22 16:34:38.354536	SC	201	Indian/Mahe	+0400	+0400	(GMT+04:00) Mahe
268	2017-08-22 16:34:38.363942	2017-08-22 16:34:38.363942	SD	215	Africa/Khartoum	+0300	+0300	(GMT+03:00) Khartoum
269	2017-08-22 16:34:38.371061	2017-08-22 16:34:38.371061	SE	219	Europe/Stockholm	+0200	+0200	(GMT+02:00) Stockholm
270	2017-08-22 16:34:38.379541	2017-08-22 16:34:38.379541	SG	203	Asia/Singapore	+0800	+0800	(GMT+08:00) Singapore
279	2017-08-22 16:34:38.456178	2017-08-22 16:34:38.456178	SR	216	America/Paramaribo	-0300	-0300	(GMT-03:00) Paramaribo
282	2017-08-22 16:34:38.480811	2017-08-22 16:34:38.480811	SV	67	America/El_Salvador	-0600	-0600	(GMT-06:00) El Salvador
284	2017-08-22 16:34:38.497453	2017-08-22 16:34:38.497453	SY	221	Asia/Damascus	+0300	+0300	(GMT+03:00) Damascus
286	2017-08-22 16:34:38.530848	2017-08-22 16:34:38.530848	TD	45	Africa/Ndjamena	+0100	+0100	(GMT+01:00) Ndjamena
290	2017-08-22 16:34:38.589115	2017-08-22 16:34:38.589115	TJ	223	Asia/Dushanbe	+0500	+0500	(GMT+05:00) Dushanbe
291	2017-08-22 16:34:38.597557	2017-08-22 16:34:38.597557	TK	227	Pacific/Fakaofo	+1300	+1300	(GMT+13:00) Fakaofo
292	2017-08-22 16:34:38.614359	2017-08-22 16:34:38.614359	TL	64	Asia/Dili	+0900	+0900	(GMT+09:00) Dili
293	2017-08-22 16:34:38.622691	2017-08-22 16:34:38.622691	TM	232	Asia/Ashgabat	+0500	+0500	(GMT+05:00) Ashgabat
294	2017-08-22 16:34:38.630997	2017-08-22 16:34:38.630997	TN	230	Africa/Tunis	+0100	+0100	(GMT+01:00) Tunis
295	2017-08-22 16:34:38.639739	2017-08-22 16:34:38.639739	TO	228	Pacific/Tongatapu	+1300	+1300	(GMT+13:00) Tongatapu
296	2017-08-22 16:34:38.647646	2017-08-22 16:34:38.647646	TR	231	Europe/Istanbul	+0300	+0300	(GMT+03:00) Istanbul
298	2017-08-22 16:34:38.664823	2017-08-22 16:34:38.664823	TV	234	Pacific/Funafuti	+1200	+1200	(GMT+12:00) Funafuti
299	2017-08-22 16:34:38.672896	2017-08-22 16:34:38.672896	TW	222	Asia/Taipei	+0800	+0800	(GMT+08:00) Taipei
301	2017-08-22 16:34:38.689555	2017-08-22 16:34:38.689555	UA	237	Europe/Kiev	+0300	+0300	(GMT+03:00) Kiev
304	2017-08-22 16:34:38.71483	2017-08-22 16:34:38.71483	UM	241	Pacific/Honolulu	-1000	-1000	(GMT-10:00) Hawaii Time
305	2017-08-22 16:34:38.722671	2017-08-22 16:34:38.722671	UM	241	Pacific/Wake	+1200	+1200	(GMT+12:00) Wake
306	2017-08-22 16:34:38.731414	2017-08-22 16:34:38.731414	UM	241	Pacific/Enderbury	+1300	+1300	(GMT+13:00) Enderbury
308	2017-08-22 16:34:38.747642	2017-08-22 16:34:38.747642	US	240	America/Anchorage	-0800	-0800	(GMT-08:00) Alaska Time
309	2017-08-22 16:34:38.755955	2017-08-22 16:34:38.755955	US	240	America/Los_Angeles	-0700	-0700	(GMT-07:00) Pacific Time
310	2017-08-22 16:34:38.764291	2017-08-22 16:34:38.764291	US	240	America/Denver	-0600	-0600	(GMT-06:00) Mountain Time
311	2017-08-22 16:34:38.772553	2017-08-22 16:34:38.772553	US	240	America/Phoenix	-0700	-0700	(GMT-07:00) Mountain Time - Arizona
312	2017-08-22 16:34:38.780887	2017-08-22 16:34:38.780887	US	240	America/Chicago	-0500	-0500	(GMT-05:00) Central Time
313	2017-08-22 16:34:38.789135	2017-08-22 16:34:38.789135	US	240	America/New_York	-0400	-0400	(GMT-04:00) Eastern Time
314	2017-08-22 16:34:38.797943	2017-08-22 16:34:38.797943	UY	242	America/Montevideo	-0300	-0300	(GMT-03:00) Montevideo
315	2017-08-22 16:34:38.805889	2017-08-22 16:34:38.805889	UZ	243	Asia/Tashkent	+0500	+0500	(GMT+05:00) Tashkent
318	2017-08-22 16:34:38.830595	2017-08-22 16:34:38.830595	VE	246	America/Caracas	-0400	-0400	(GMT-04:00) Caracas
321	2017-08-22 16:34:38.85574	2017-08-22 16:34:38.85574	VN	247	Asia/Saigon	+0700	+0700	(GMT+07:00) Hanoi
322	2017-08-22 16:34:38.864114	2017-08-22 16:34:38.864114	VU	244	Pacific/Efate	+1100	+1100	(GMT+11:00) Efate
323	2017-08-22 16:34:38.872445	2017-08-22 16:34:38.872445	WF	248	Pacific/Wallis	+1200	+1200	(GMT+12:00) Wallis
324	2017-08-22 16:34:38.881186	2017-08-22 16:34:38.881186	WS	194	Pacific/Apia	+1300	+1300	(GMT+13:00) Apia
\.



--
-- Data for Name: user_logins; Type: TABLE DATA; Schema: public; Owner: -
--

COPY public.user_logins (id, created, modified, user_id, ip_id, user_agent, is_login_failed) FROM stdin;
\.



--
-- Name: acl_board_links_boards_user_roles acl_board_links_boards_user_roles_id; Type: CONSTRAINT; Schema: public; Owner: -
--

ALTER TABLE ONLY public.acl_board_links_boards_user_roles
    ADD CONSTRAINT acl_board_links_boards_user_roles_id PRIMARY KEY (id);


--
-- Name: acl_board_links acl_board_links_id; Type: CONSTRAINT; Schema: public; Owner: -
--

ALTER TABLE ONLY public.acl_board_links
    ADD CONSTRAINT acl_board_links_id PRIMARY KEY (id);


--
-- Name: acl_links_roles acl_links_roles_id; Type: CONSTRAINT; Schema: public; Owner: -
--

ALTER TABLE ONLY public.acl_links_roles
    ADD CONSTRAINT acl_links_roles_id PRIMARY KEY (id);


--
-- Name: acl_organization_links acl_organization_links_id; Type: CONSTRAINT; Schema: public; Owner: -
--

ALTER TABLE ONLY public.acl_organization_links
    ADD CONSTRAINT acl_organization_links_id PRIMARY KEY (id);


--
-- Name: acl_organization_links_organizations_user_roles acl_organization_links_organizations_user_roles_id; Type: CONSTRAINT; Schema: public; Owner: -
--

ALTER TABLE ONLY public.acl_organization_links_organizations_user_roles
    ADD CONSTRAINT acl_organization_links_organizations_user_roles_id PRIMARY KEY (id);


--
-- Name: board_stars board_stars_id; Type: CONSTRAINT; Schema: public; Owner: -
--

ALTER TABLE ONLY public.board_stars
    ADD CONSTRAINT board_stars_id PRIMARY KEY (id);


--
-- Name: board_subscribers board_subscribers_id; Type: CONSTRAINT; Schema: public; Owner: -
--

ALTER TABLE ONLY public.board_subscribers
    ADD CONSTRAINT board_subscribers_id PRIMARY KEY (id);


--
-- Name: board_user_roles board_user_roles_id; Type: CONSTRAINT; Schema: public; Owner: -
--

ALTER TABLE ONLY public.board_user_roles
    ADD CONSTRAINT board_user_roles_id PRIMARY KEY (id);


--
-- Name: boards_users board_users_id; Type: CONSTRAINT; Schema: public; Owner: -
--

ALTER TABLE ONLY public.boards_users
    ADD CONSTRAINT board_users_id PRIMARY KEY (id);


--
-- Name: boards boards_id; Type: CONSTRAINT; Schema: public; Owner: -
--

ALTER TABLE ONLY public.boards
    ADD CONSTRAINT boards_id PRIMARY KEY (id);


--
-- Name: card_attachments card_attachments_id; Type: CONSTRAINT; Schema: public; Owner: -
--

ALTER TABLE ONLY public.card_attachments
    ADD CONSTRAINT card_attachments_id PRIMARY KEY (id);


--
-- Name: card_subscribers card_subscribers_id; Type: CONSTRAINT; Schema: public; Owner: -
--

ALTER TABLE ONLY public.card_subscribers
    ADD CONSTRAINT card_subscribers_id PRIMARY KEY (id);


--
-- Name: cards_users card_users_id; Type: CONSTRAINT; Schema: public; Owner: -
--

ALTER TABLE ONLY public.cards_users
    ADD CONSTRAINT card_users_id PRIMARY KEY (id);


--
-- Name: card_voters card_voters_id; Type: CONSTRAINT; Schema: public; Owner: -
--

ALTER TABLE ONLY public.card_voters
    ADD CONSTRAINT card_voters_id PRIMARY KEY (id);


--
-- Name: cards cards_id; Type: CONSTRAINT; Schema: public; Owner: -
--

ALTER TABLE ONLY public.cards
    ADD CONSTRAINT cards_id PRIMARY KEY (id);


--
-- Name: cards_labels cards_labels_id; Type: CONSTRAINT; Schema: public; Owner: -
--

ALTER TABLE ONLY public.cards_labels
    ADD CONSTRAINT cards_labels_id PRIMARY KEY (id);


--
-- Name: checklist_items checklist_items_id; Type: CONSTRAINT; Schema: public; Owner: -
--

ALTER TABLE ONLY public.checklist_items
    ADD CONSTRAINT checklist_items_id PRIMARY KEY (id);


--
-- Name: checklists checklists_id; Type: CONSTRAINT; Schema: public; Owner: -
--

ALTER TABLE ONLY public.checklists
    ADD CONSTRAINT checklists_id PRIMARY KEY (id);


--
-- Name: cities cities_pkey; Type: CONSTRAINT; Schema: public; Owner: -
--

ALTER TABLE ONLY public.cities
    ADD CONSTRAINT cities_pkey PRIMARY KEY (id);


--
-- Name: countries countries_pkey; Type: CONSTRAINT; Schema: public; Owner: -
--

ALTER TABLE ONLY public.countries
    ADD CONSTRAINT countries_pkey PRIMARY KEY (id);


--
-- Name: email_templates email_templates_id; Type: CONSTRAINT; Schema: public; Owner: -
--

ALTER TABLE ONLY public.email_templates
    ADD CONSTRAINT email_templates_id PRIMARY KEY (id);


--
-- Name: ips ips_pkey; Type: CONSTRAINT; Schema: public; Owner: -
--

ALTER TABLE ONLY public.ips
    ADD CONSTRAINT ips_pkey PRIMARY KEY (id);


--
-- Name: labels labels_id; Type: CONSTRAINT; Schema: public; Owner: -
--

ALTER TABLE ONLY public.labels
    ADD CONSTRAINT labels_id PRIMARY KEY (id);


--
-- Name: lists lists_id; Type: CONSTRAINT; Schema: public; Owner: -
--

ALTER TABLE ONLY public.lists
    ADD CONSTRAINT lists_id PRIMARY KEY (id);


--
-- Name: list_subscribers lists_subscribers_pkey; Type: CONSTRAINT; Schema: public; Owner: -
--

ALTER TABLE ONLY public.list_subscribers
    ADD CONSTRAINT lists_subscribers_pkey PRIMARY KEY (id);


--
-- Name: login_types login_types_id; Type: CONSTRAINT; Schema: public; Owner: -
--

ALTER TABLE ONLY public.login_types
    ADD CONSTRAINT login_types_id PRIMARY KEY (id);


--
-- Name: oauth_jwt oauth_jwt_client_id; Type: CONSTRAINT; Schema: public; Owner: -
--

ALTER TABLE ONLY public.oauth_jwt
    ADD CONSTRAINT oauth_jwt_client_id PRIMARY KEY (client_id);


--
-- Name: organization_user_roles organization_user_roles_id; Type: CONSTRAINT; Schema: public; Owner: -
--

ALTER TABLE ONLY public.organization_user_roles
    ADD CONSTRAINT organization_user_roles_id PRIMARY KEY (id);


--
-- Name: organizations_users organization_users_id; Type: CONSTRAINT; Schema: public; Owner: -
--

ALTER TABLE ONLY public.organizations_users
    ADD CONSTRAINT organization_users_id PRIMARY KEY (id);


--
-- Name: organizations organizations_id; Type: CONSTRAINT; Schema: public; Owner: -
--

ALTER TABLE ONLY public.organizations
    ADD CONSTRAINT organizations_id PRIMARY KEY (id);


--
-- Name: roles roles_id; Type: CONSTRAINT; Schema: public; Owner: -
--

ALTER TABLE ONLY public.roles
    ADD CONSTRAINT roles_id PRIMARY KEY (id);


--
-- Name: setting_categories setting_categories_id; Type: CONSTRAINT; Schema: public; Owner: -
--

ALTER TABLE ONLY public.setting_categories
    ADD CONSTRAINT setting_categories_id PRIMARY KEY (id);


--
-- Name: settings settings_id; Type: CONSTRAINT; Schema: public; Owner: -
--

ALTER TABLE ONLY public.settings
    ADD CONSTRAINT settings_id PRIMARY KEY (id);


--
-- Name: states states_pkey; Type: CONSTRAINT; Schema: public; Owner: -
--

ALTER TABLE ONLY public.states
    ADD CONSTRAINT states_pkey PRIMARY KEY (id);


--
-- Name: user_logins user_logins_id; Type: CONSTRAINT; Schema: public; Owner: -
--

ALTER TABLE ONLY public.user_logins
    ADD CONSTRAINT user_logins_id PRIMARY KEY (id);


--
-- Name: acl_board_links_boards_user_roles_acl_board_link_id; Type: INDEX; Schema: public; Owner: -
--

CREATE INDEX acl_board_links_boards_user_roles_acl_board_link_id ON public.acl_board_links_boards_user_roles USING btree (acl_board_link_id);


--
-- Name: acl_board_links_boards_user_roles_board_user_role_id; Type: INDEX; Schema: public; Owner: -
--

CREATE INDEX acl_board_links_boards_user_roles_board_user_role_id ON public.acl_board_links_boards_user_roles USING btree (board_user_role_id);


--
-- Name: acl_board_links_group_id; Type: INDEX; Schema: public; Owner: -
--

CREATE INDEX acl_board_links_group_id ON public.acl_board_links USING btree (group_id);


--
-- Name: acl_board_links_slug; Type: INDEX; Schema: public; Owner: -
--

CREATE INDEX acl_board_links_slug ON public.acl_board_links USING btree (slug);


--
-- Name: acl_board_links_url; Type: INDEX; Schema: public; Owner: -
--

CREATE INDEX acl_board_links_url ON public.acl_board_links USING btree (url);


--
-- Name: acl_links_group_id; Type: INDEX; Schema: public; Owner: -
--

CREATE INDEX acl_links_group_id ON public.acl_links USING btree (group_id);


--
-- Name: acl_links_roles_acl_link_id; Type: INDEX; Schema: public; Owner: -
--

CREATE INDEX acl_links_roles_acl_link_id ON public.acl_links_roles USING btree (acl_link_id);


--
-- Name: acl_links_roles_role_id; Type: INDEX; Schema: public; Owner: -
--

CREATE INDEX acl_links_roles_role_id ON public.acl_links_roles USING btree (role_id);


--
-- Name: acl_links_slug; Type: INDEX; Schema: public; Owner: -
--

CREATE INDEX acl_links_slug ON public.acl_links USING btree (slug);


--
-- Name: acl_organization_links_group_id; Type: INDEX; Schema: public; Owner: -
--

CREATE INDEX acl_organization_links_group_id ON public.acl_organization_links USING btree (group_id);


--
-- Name: acl_organization_links_organizations_user_roles_acl_organizatio; Type: INDEX; Schema: public; Owner: -
--

CREATE INDEX acl_organization_links_organizations_user_roles_acl_organizatio ON public.acl_organization_links_organizations_user_roles USING btree (acl_organization_link_id);


--
-- Name: acl_organization_links_organizations_user_roles_organization_us; Type: INDEX; Schema: public; Owner: -
--

CREATE INDEX acl_organization_links_organizations_user_roles_organization_us ON public.acl_organization_links_organizations_user_roles USING btree (organization_user_role_id);


--
-- Name: acl_organization_links_slug; Type: INDEX; Schema: public; Owner: -
--

CREATE INDEX acl_organization_links_slug ON public.acl_organization_links USING btree (slug);


--
-- Name: acl_organization_links_url; Type: INDEX; Schema: public; Owner: -
--

CREATE INDEX acl_organization_links_url ON public.acl_organization_links USING btree (url);


--
-- Name: attachments_card_id; Type: INDEX; Schema: public; Owner: -
--

CREATE INDEX attachments_card_id ON public.card_attachments USING btree (card_id);


--
-- Name: board_stars_board_id; Type: INDEX; Schema: public; Owner: -
--

CREATE INDEX board_stars_board_id ON public.board_stars USING btree (board_id);


--
-- Name: board_stars_user_id; Type: INDEX; Schema: public; Owner: -
--

CREATE INDEX board_stars_user_id ON public.board_stars USING btree (user_id);


--
-- Name: board_subscribers_board_id; Type: INDEX; Schema: public; Owner: -
--

CREATE INDEX board_subscribers_board_id ON public.board_subscribers USING btree (board_id);


--
-- Name: board_subscribers_user_id; Type: INDEX; Schema: public; Owner: -
--

CREATE INDEX board_subscribers_user_id ON public.board_subscribers USING btree (user_id);


--
-- Name: board_users_board_id; Type: INDEX; Schema: public; Owner: -
--

CREATE INDEX board_users_board_id ON public.boards_users USING btree (board_id);


--
-- Name: board_users_user_id; Type: INDEX; Schema: public; Owner: -
--

CREATE INDEX board_users_user_id ON public.boards_users USING btree (user_id);


--
-- Name: boards_organization_id; Type: INDEX; Schema: public; Owner: -
--

CREATE INDEX boards_organization_id ON public.boards USING btree (organization_id);


--
-- Name: boards_user_id; Type: INDEX; Schema: public; Owner: -
--

CREATE INDEX boards_user_id ON public.boards USING btree (user_id);


--
-- Name: boards_users_board_user_role_id; Type: INDEX; Schema: public; Owner: -
--

CREATE INDEX boards_users_board_user_role_id ON public.boards_users USING btree (board_user_role_id);


--
-- Name: card_attachments_board_id; Type: INDEX; Schema: public; Owner: -
--

CREATE INDEX card_attachments_board_id ON public.card_attachments USING btree (board_id);


--
-- Name: card_attachments_list_id; Type: INDEX; Schema: public; Owner: -
--

CREATE INDEX card_attachments_list_id ON public.card_attachments USING btree (list_id);


--
-- Name: card_subscribers_card_id; Type: INDEX; Schema: public; Owner: -
--

CREATE INDEX card_subscribers_card_id ON public.card_subscribers USING btree (card_id);


--
-- Name: card_subscribers_user_id; Type: INDEX; Schema: public; Owner: -
--

CREATE INDEX card_subscribers_user_id ON public.card_subscribers USING btree (user_id);


--
-- Name: card_users_card_id; Type: INDEX; Schema: public; Owner: -
--

CREATE INDEX card_users_card_id ON public.cards_users USING btree (card_id);


--
-- Name: card_users_user_id; Type: INDEX; Schema: public; Owner: -
--

CREATE INDEX card_users_user_id ON public.cards_users USING btree (user_id);


--
-- Name: card_voters_card_id; Type: INDEX; Schema: public; Owner: -
--

CREATE INDEX card_voters_card_id ON public.card_voters USING btree (card_id);


--
-- Name: card_voters_user_id; Type: INDEX; Schema: public; Owner: -
--

CREATE INDEX card_voters_user_id ON public.card_voters USING btree (user_id);


--
-- Name: cards_board_id; Type: INDEX; Schema: public; Owner: -
--

CREATE INDEX cards_board_id ON public.cards USING btree (board_id);


--
-- Name: cards_labels_board_id; Type: INDEX; Schema: public; Owner: -
--

CREATE INDEX cards_labels_board_id ON public.cards_labels USING btree (board_id);


--
-- Name: cards_labels_card_id; Type: INDEX; Schema: public; Owner: -
--

CREATE INDEX cards_labels_card_id ON public.cards_labels USING btree (card_id);


--
-- Name: cards_labels_label_id; Type: INDEX; Schema: public; Owner: -
--

CREATE INDEX cards_labels_label_id ON public.cards_labels USING btree (label_id);


--
-- Name: cards_labels_list_id; Type: INDEX; Schema: public; Owner: -
--

CREATE INDEX cards_labels_list_id ON public.cards_labels USING btree (list_id);


--
-- Name: cards_list_id; Type: INDEX; Schema: public; Owner: -
--

CREATE INDEX cards_list_id ON public.cards USING btree (list_id);


--
-- Name: cards_user_id; Type: INDEX; Schema: public; Owner: -
--

CREATE INDEX cards_user_id ON public.cards USING btree (user_id);


--
-- Name: checklist_items_card_id; Type: INDEX; Schema: public; Owner: -
--

CREATE INDEX checklist_items_card_id ON public.checklist_items USING btree (card_id);


--
-- Name: checklist_items_checklist_id; Type: INDEX; Schema: public; Owner: -
--

CREATE INDEX checklist_items_checklist_id ON public.checklist_items USING btree (checklist_id);


--
-- Name: checklist_items_user_id; Type: INDEX; Schema: public; Owner: -
--

CREATE INDEX checklist_items_user_id ON public.checklist_items USING btree (user_id);


--
-- Name: checklists_card_id; Type: INDEX; Schema: public; Owner: -
--

CREATE INDEX checklists_card_id ON public.checklists USING btree (card_id);


--
-- Name: checklists_user_id; Type: INDEX; Schema: public; Owner: -
--

CREATE INDEX checklists_user_id ON public.checklists USING btree (user_id);


--
-- Name: email_templates_name; Type: INDEX; Schema: public; Owner: -
--

CREATE INDEX email_templates_name ON public.email_templates USING btree (name);


--
-- Name: ips_city_id; Type: INDEX; Schema: public; Owner: -
--

CREATE INDEX ips_city_id ON public.ips USING btree (city_id);


--
-- Name: ips_country_id; Type: INDEX; Schema: public; Owner: -
--

CREATE INDEX ips_country_id ON public.ips USING btree (country_id);


--
-- Name: ips_ip; Type: INDEX; Schema: public; Owner: -
--

CREATE INDEX ips_ip ON public.ips USING btree (ip);


--
-- Name: ips_state_id; Type: INDEX; Schema: public; Owner: -
--

CREATE INDEX ips_state_id ON public.ips USING btree (state_id);


--
-- Name: labels_name; Type: INDEX; Schema: public; Owner: -
--

CREATE INDEX labels_name ON public.labels USING btree (name);


--
-- Name: list_subscribers_list_id; Type: INDEX; Schema: public; Owner: -
--

CREATE INDEX list_subscribers_list_id ON public.list_subscribers USING btree (list_id);


--
-- Name: list_subscribers_user_id; Type: INDEX; Schema: public; Owner: -
--

CREATE INDEX list_subscribers_user_id ON public.list_subscribers USING btree (user_id);


--
-- Name: lists_board_id; Type: INDEX; Schema: public; Owner: -
--

CREATE INDEX lists_board_id ON public.lists USING btree (board_id);


--
-- Name: lists_user_id; Type: INDEX; Schema: public; Owner: -
--

CREATE INDEX lists_user_id ON public.lists USING btree (user_id);


--
-- Name: organization_users_organization_id; Type: INDEX; Schema: public; Owner: -
--

CREATE INDEX organization_users_organization_id ON public.organizations_users USING btree (organization_id);


--
-- Name: organization_users_user_id; Type: INDEX; Schema: public; Owner: -
--

CREATE INDEX organization_users_user_id ON public.organizations_users USING btree (user_id);


--
-- Name: organizations_user_id; Type: INDEX; Schema: public; Owner: -
--

CREATE INDEX organizations_user_id ON public.organizations USING btree (user_id);


--
-- Name: organizations_users_organization_user_role_id; Type: INDEX; Schema: public; Owner: -
--

CREATE INDEX organizations_users_organization_user_role_id ON public.organizations_users USING btree (organization_user_role_id);


--
-- Name: roles_name; Type: INDEX; Schema: public; Owner: -
--

CREATE INDEX roles_name ON public.roles USING btree (name);


--
-- Name: setting_categories_parent_id; Type: INDEX; Schema: public; Owner: -
--

CREATE INDEX setting_categories_parent_id ON public.setting_categories USING btree (parent_id);


--
-- Name: settings_setting_category_id; Type: INDEX; Schema: public; Owner: -
--

CREATE INDEX settings_setting_category_id ON public.settings USING btree (setting_category_id);


--
-- Name: settings_setting_category_parent_id; Type: INDEX; Schema: public; Owner: -
--

CREATE INDEX settings_setting_category_parent_id ON public.settings USING btree (setting_category_parent_id);


--
-- Name: user_logins_ip_id; Type: INDEX; Schema: public; Owner: -
--

CREATE INDEX user_logins_ip_id ON public.user_logins USING btree (ip_id);


--
-- Name: user_logins_user_id; Type: INDEX; Schema: public; Owner: -
--

CREATE INDEX user_logins_user_id ON public.user_logins USING btree (user_id);


--
-- Name: cards_labels label_card_count_update; Type: TRIGGER; Schema: public; Owner: -
--

CREATE TRIGGER label_card_count_update AFTER INSERT OR DELETE OR UPDATE ON public.cards_labels FOR EACH ROW EXECUTE PROCEDURE public.label_card_count_update();


--
-- Name: boards update_board_count; Type: TRIGGER; Schema: public; Owner: -
--

CREATE TRIGGER update_board_count AFTER INSERT OR DELETE OR UPDATE ON public.boards FOR EACH ROW EXECUTE PROCEDURE public.update_board_count();


--
-- Name: board_stars update_board_star_count; Type: TRIGGER; Schema: public; Owner: -
--

CREATE TRIGGER update_board_star_count AFTER INSERT OR DELETE OR UPDATE ON public.board_stars FOR EACH ROW EXECUTE PROCEDURE public.update_board_star_count();


--
-- Name: board_subscribers update_board_subscriber_count; Type: TRIGGER; Schema: public; Owner: -
--

CREATE TRIGGER update_board_subscriber_count AFTER INSERT OR DELETE OR UPDATE ON public.board_subscribers FOR EACH ROW EXECUTE PROCEDURE public.update_board_subscriber_count();


--
-- Name: boards_users update_board_user_count; Type: TRIGGER; Schema: public; Owner: -
--

CREATE TRIGGER update_board_user_count AFTER INSERT OR DELETE OR UPDATE ON public.boards_users FOR EACH ROW EXECUTE PROCEDURE public.update_board_user_count();


--
-- Name: card_attachments update_card_attachment_count; Type: TRIGGER; Schema: public; Owner: -
--

CREATE TRIGGER update_card_attachment_count AFTER INSERT OR DELETE OR UPDATE ON public.card_attachments FOR EACH ROW EXECUTE PROCEDURE public.update_card_attachment_count();


--
-- Name: checklists update_card_checklist_count; Type: TRIGGER; Schema: public; Owner: -
--

CREATE TRIGGER update_card_checklist_count AFTER INSERT OR DELETE OR UPDATE ON public.checklists FOR EACH ROW EXECUTE PROCEDURE public.update_card_checklist_count();


--
-- Name: checklist_items update_card_checklist_item_count; Type: TRIGGER; Schema: public; Owner: -
--

CREATE TRIGGER update_card_checklist_item_count AFTER INSERT OR DELETE OR UPDATE ON public.checklist_items FOR EACH ROW EXECUTE PROCEDURE public.update_card_checklist_item_count();


--
-- Name: cards update_card_count; Type: TRIGGER; Schema: public; Owner: -
--

CREATE TRIGGER update_card_count AFTER INSERT OR DELETE OR UPDATE ON public.cards FOR EACH ROW EXECUTE PROCEDURE public.update_card_count();


--
-- Name: card_subscribers update_card_subscriber_count; Type: TRIGGER; Schema: public; Owner: -
--

CREATE TRIGGER update_card_subscriber_count AFTER INSERT OR DELETE OR UPDATE ON public.card_subscribers FOR EACH ROW EXECUTE PROCEDURE public.update_card_subscriber_count();


--
-- Name: cards_users update_card_user_count; Type: TRIGGER; Schema: public; Owner: -
--

CREATE TRIGGER update_card_user_count AFTER INSERT OR DELETE OR UPDATE ON public.cards_users FOR EACH ROW EXECUTE PROCEDURE public.update_card_user_count();


--
-- Name: card_voters update_card_voters_count; Type: TRIGGER; Schema: public; Owner: -
--

CREATE TRIGGER update_card_voters_count AFTER INSERT OR DELETE OR UPDATE ON public.card_voters FOR EACH ROW EXECUTE PROCEDURE public.update_card_voters_count();


--
-- Name: lists update_list_count; Type: TRIGGER; Schema: public; Owner: -
--

CREATE TRIGGER update_list_count AFTER INSERT OR DELETE OR UPDATE ON public.lists FOR EACH ROW EXECUTE PROCEDURE public.update_list_count();


--
-- Name: list_subscribers update_list_subscriber_count; Type: TRIGGER; Schema: public; Owner: -
--

CREATE TRIGGER update_list_subscriber_count AFTER INSERT OR DELETE OR UPDATE ON public.list_subscribers FOR EACH ROW EXECUTE PROCEDURE public.update_list_subscriber_count();


--
-- Name: organizations update_organization_count; Type: TRIGGER; Schema: public; Owner: -
--

CREATE TRIGGER update_organization_count AFTER INSERT OR DELETE OR UPDATE ON public.organizations FOR EACH ROW EXECUTE PROCEDURE public.update_organization_count();


--
-- Name: organizations_users update_organization_user_count; Type: TRIGGER; Schema: public; Owner: -
--

CREATE TRIGGER update_organization_user_count AFTER INSERT OR DELETE OR UPDATE ON public.organizations_users FOR EACH ROW EXECUTE PROCEDURE public.update_organization_user_count();


--
-- Name: user_logins update_users_user_login_count; Type: TRIGGER; Schema: public; Owner: -
--

CREATE TRIGGER update_users_user_login_count AFTER INSERT OR DELETE OR UPDATE ON public.user_logins FOR EACH ROW EXECUTE PROCEDURE public.update_users_user_login_count();


--
-- Name: cities cities_country_id_fkey; Type: FK CONSTRAINT; Schema: public; Owner: -
--

ALTER TABLE ONLY public.cities
    ADD CONSTRAINT cities_country_id_fkey FOREIGN KEY (country_id) REFERENCES public.countries(id) ON DELETE CASCADE;


--
-- Name: cities cities_state_id_fkey; Type: FK CONSTRAINT; Schema: public; Owner: -
--

ALTER TABLE ONLY public.cities
    ADD CONSTRAINT cities_state_id_fkey FOREIGN KEY (state_id) REFERENCES public.states(id) ON DELETE CASCADE;


--
-- Name: states states_country_id_fkey; Type: FK CONSTRAINT; Schema: public; Owner: -
--

ALTER TABLE ONLY public.states
    ADD CONSTRAINT states_country_id_fkey FOREIGN KEY (country_id) REFERENCES public.countries(id) ON DELETE CASCADE;


--
-- Name: SEQUENCE acl_board_links_seq; Type: ACL; Schema: public; Owner: -
--

GRANT ALL ON SEQUENCE public.acl_board_links_seq TO restya;


--
-- Name: TABLE acl_board_links; Type: ACL; Schema: public; Owner: -
--

GRANT ALL ON TABLE public.acl_board_links TO restya;


--
-- Name: SEQUENCE acl_board_links_boards_user_roles_seq; Type: ACL; Schema: public; Owner: -
--

GRANT ALL ON SEQUENCE public.acl_board_links_boards_user_roles_seq TO restya;


--
-- Name: TABLE acl_board_links_boards_user_roles; Type: ACL; Schema: public; Owner: -
--

GRANT ALL ON TABLE public.acl_board_links_boards_user_roles TO restya;


--
-- Name: TABLE acl_board_links_listing; Type: ACL; Schema: public; Owner: -
--

GRANT ALL ON TABLE public.acl_board_links_listing TO restya;


--
-- Name: SEQUENCE acl_links_id_seq; Type: ACL; Schema: public; Owner: -
--

GRANT ALL ON SEQUENCE public.acl_links_id_seq TO restya;


--
-- Name: TABLE acl_links; Type: ACL; Schema: public; Owner: -
--

GRANT ALL ON TABLE public.acl_links TO restya;


--
-- Name: SEQUENCE acl_links_roles_roles_id_seq; Type: ACL; Schema: public; Owner: -
--

GRANT ALL ON SEQUENCE public.acl_links_roles_roles_id_seq TO restya;


--
-- Name: TABLE acl_links_roles; Type: ACL; Schema: public; Owner: -
--

GRANT ALL ON TABLE public.acl_links_roles TO restya;


--
-- Name: TABLE acl_links_listing; Type: ACL; Schema: public; Owner: -
--

GRANT ALL ON TABLE public.acl_links_listing TO restya;


--
-- Name: SEQUENCE acl_organization_links_seq; Type: ACL; Schema: public; Owner: -
--

GRANT ALL ON SEQUENCE public.acl_organization_links_seq TO restya;


--
-- Name: TABLE acl_organization_links; Type: ACL; Schema: public; Owner: -
--

GRANT ALL ON TABLE public.acl_organization_links TO restya;


--
-- Name: SEQUENCE acl_organization_links_organizations_user_roles_seq; Type: ACL; Schema: public; Owner: -
--

GRANT ALL ON SEQUENCE public.acl_organization_links_organizations_user_roles_seq TO restya;


--
-- Name: TABLE acl_organization_links_organizations_user_roles; Type: ACL; Schema: public; Owner: -
--

GRANT ALL ON TABLE public.acl_organization_links_organizations_user_roles TO restya;


--
-- Name: TABLE acl_organization_links_listing; Type: ACL; Schema: public; Owner: -
--

GRANT ALL ON TABLE public.acl_organization_links_listing TO restya;


--
-- Name: SEQUENCE activities_id_seq; Type: ACL; Schema: public; Owner: -
--

GRANT ALL ON SEQUENCE public.activities_id_seq TO restya;


--
-- Name: TABLE activities; Type: ACL; Schema: public; Owner: -
--

GRANT ALL ON TABLE public.activities TO restya;


--
-- Name: SEQUENCE boards_id_seq; Type: ACL; Schema: public; Owner: -
--

GRANT ALL ON SEQUENCE public.boards_id_seq TO restya;


--
-- Name: TABLE boards; Type: ACL; Schema: public; Owner: -
--

GRANT ALL ON TABLE public.boards TO restya;


--
-- Name: SEQUENCE cards_id_seq; Type: ACL; Schema: public; Owner: -
--

GRANT ALL ON SEQUENCE public.cards_id_seq TO restya;


--
-- Name: TABLE cards; Type: ACL; Schema: public; Owner: -
--

GRANT ALL ON TABLE public.cards TO restya;


--
-- Name: SEQUENCE checklist_items_id_seq; Type: ACL; Schema: public; Owner: -
--

GRANT ALL ON SEQUENCE public.checklist_items_id_seq TO restya;


--
-- Name: TABLE checklist_items; Type: ACL; Schema: public; Owner: -
--

GRANT ALL ON TABLE public.checklist_items TO restya;


--
-- Name: SEQUENCE checklists_id_seq; Type: ACL; Schema: public; Owner: -
--

GRANT ALL ON SEQUENCE public.checklists_id_seq TO restya;


--
-- Name: TABLE checklists; Type: ACL; Schema: public; Owner: -
--

GRANT ALL ON TABLE public.checklists TO restya;


--
-- Name: SEQUENCE labels_id_seq; Type: ACL; Schema: public; Owner: -
--

GRANT ALL ON SEQUENCE public.labels_id_seq TO restya;


--
-- Name: TABLE labels; Type: ACL; Schema: public; Owner: -
--

GRANT ALL ON TABLE public.labels TO restya;


--
-- Name: SEQUENCE lists_id_seq; Type: ACL; Schema: public; Owner: -
--

GRANT ALL ON SEQUENCE public.lists_id_seq TO restya;


--
-- Name: TABLE lists; Type: ACL; Schema: public; Owner: -
--

GRANT ALL ON TABLE public.lists TO restya;


--
-- Name: SEQUENCE organizations_id_seq; Type: ACL; Schema: public; Owner: -
--

GRANT ALL ON SEQUENCE public.organizations_id_seq TO restya;


--
-- Name: TABLE organizations; Type: ACL; Schema: public; Owner: -
--

GRANT ALL ON TABLE public.organizations TO restya;


--
-- Name: SEQUENCE users_id_seq; Type: ACL; Schema: public; Owner: -
--

GRANT ALL ON SEQUENCE public.users_id_seq TO restya;


--
-- Name: TABLE users; Type: ACL; Schema: public; Owner: -
--

GRANT ALL ON TABLE public.users TO restya;


--
-- Name: TABLE activities_listing; Type: ACL; Schema: public; Owner: -
--

GRANT ALL ON TABLE public.activities_listing TO restya;


--
-- Name: SEQUENCE boards_users_id_seq; Type: ACL; Schema: public; Owner: -
--

GRANT ALL ON SEQUENCE public.boards_users_id_seq TO restya;


--
-- Name: TABLE boards_users; Type: ACL; Schema: public; Owner: -
--

GRANT ALL ON TABLE public.boards_users TO restya;


--
-- Name: TABLE boards_users_listing; Type: ACL; Schema: public; Owner: -
--

GRANT ALL ON TABLE public.boards_users_listing TO restya;


--
-- Name: TABLE admin_boards_listing; Type: ACL; Schema: public; Owner: -
--

GRANT ALL ON TABLE public.admin_boards_listing TO restya;


--
-- Name: TABLE cities; Type: ACL; Schema: public; Owner: -
--

GRANT ALL ON TABLE public.cities TO restya;


--
-- Name: TABLE countries; Type: ACL; Schema: public; Owner: -
--

GRANT ALL ON TABLE public.countries TO restya;


--
-- Name: SEQUENCE ips_id_seq; Type: ACL; Schema: public; Owner: -
--

GRANT ALL ON SEQUENCE public.ips_id_seq TO restya;


--
-- Name: TABLE ips; Type: ACL; Schema: public; Owner: -
--

GRANT ALL ON TABLE public.ips TO restya;


--
-- Name: SEQUENCE login_types_id_seq; Type: ACL; Schema: public; Owner: -
--

GRANT ALL ON SEQUENCE public.login_types_id_seq TO restya;


--
-- Name: TABLE login_types; Type: ACL; Schema: public; Owner: -
--

GRANT ALL ON TABLE public.login_types TO restya;


--
-- Name: TABLE states; Type: ACL; Schema: public; Owner: -
--

GRANT ALL ON TABLE public.states TO restya;


--
-- Name: TABLE admin_users_listing; Type: ACL; Schema: public; Owner: -
--

GRANT ALL ON TABLE public.admin_users_listing TO restya;


--
-- Name: SEQUENCE attachments_id_seq; Type: ACL; Schema: public; Owner: -
--

GRANT ALL ON SEQUENCE public.attachments_id_seq TO restya;


--
-- Name: SEQUENCE boards_stars_id_seq; Type: ACL; Schema: public; Owner: -
--

GRANT ALL ON SEQUENCE public.boards_stars_id_seq TO restya;


--
-- Name: TABLE board_stars; Type: ACL; Schema: public; Owner: -
--

GRANT ALL ON TABLE public.board_stars TO restya;


--
-- Name: SEQUENCE boards_subscribers_id_seq; Type: ACL; Schema: public; Owner: -
--

GRANT ALL ON SEQUENCE public.boards_subscribers_id_seq TO restya;


--
-- Name: TABLE board_subscribers; Type: ACL; Schema: public; Owner: -
--

GRANT ALL ON TABLE public.board_subscribers TO restya;


--
-- Name: SEQUENCE board_user_roles_seq; Type: ACL; Schema: public; Owner: -
--

GRANT ALL ON SEQUENCE public.board_user_roles_seq TO restya;


--
-- Name: TABLE board_user_roles; Type: ACL; Schema: public; Owner: -
--

GRANT ALL ON TABLE public.board_user_roles TO restya;


--
-- Name: SEQUENCE cards_labels_id_seq; Type: ACL; Schema: public; Owner: -
--

GRANT ALL ON SEQUENCE public.cards_labels_id_seq TO restya;


--
-- Name: TABLE cards_labels; Type: ACL; Schema: public; Owner: -
--

GRANT ALL ON TABLE public.cards_labels TO restya;


--
-- Name: TABLE boards_labels_listing; Type: ACL; Schema: public; Owner: -
--

GRANT ALL ON TABLE public.boards_labels_listing TO restya;


--
-- Name: SEQUENCE card_attachments_id_seq; Type: ACL; Schema: public; Owner: -
--

GRANT ALL ON SEQUENCE public.card_attachments_id_seq TO restya;


--
-- Name: TABLE card_attachments; Type: ACL; Schema: public; Owner: -
--

GRANT ALL ON TABLE public.card_attachments TO restya;


--
-- Name: SEQUENCE cards_subscribers_id_seq; Type: ACL; Schema: public; Owner: -
--

GRANT ALL ON SEQUENCE public.cards_subscribers_id_seq TO restya;


--
-- Name: TABLE card_subscribers; Type: ACL; Schema: public; Owner: -
--

GRANT ALL ON TABLE public.card_subscribers TO restya;


--
-- Name: SEQUENCE card_voters_id_seq; Type: ACL; Schema: public; Owner: -
--

GRANT ALL ON SEQUENCE public.card_voters_id_seq TO restya;


--
-- Name: TABLE card_voters; Type: ACL; Schema: public; Owner: -
--

GRANT ALL ON TABLE public.card_voters TO restya;


--
-- Name: TABLE card_voters_listing; Type: ACL; Schema: public; Owner: -
--

GRANT ALL ON TABLE public.card_voters_listing TO restya;


--
-- Name: TABLE cards_labels_listing; Type: ACL; Schema: public; Owner: -
--

GRANT ALL ON TABLE public.cards_labels_listing TO restya;


--
-- Name: SEQUENCE cards_users_id_seq; Type: ACL; Schema: public; Owner: -
--

GRANT ALL ON SEQUENCE public.cards_users_id_seq TO restya;


--
-- Name: TABLE cards_users; Type: ACL; Schema: public; Owner: -
--

GRANT ALL ON TABLE public.cards_users TO restya;


--
-- Name: TABLE cards_users_listing; Type: ACL; Schema: public; Owner: -
--

GRANT ALL ON TABLE public.cards_users_listing TO restya;


--
-- Name: TABLE checklists_listing; Type: ACL; Schema: public; Owner: -
--

GRANT ALL ON TABLE public.checklists_listing TO restya;


--
-- Name: TABLE cards_listing; Type: ACL; Schema: public; Owner: -
--

GRANT ALL ON TABLE public.cards_listing TO restya;


--
-- Name: SEQUENCE lists_subscribers_id_seq; Type: ACL; Schema: public; Owner: -
--

GRANT ALL ON SEQUENCE public.lists_subscribers_id_seq TO restya;


--
-- Name: TABLE list_subscribers; Type: ACL; Schema: public; Owner: -
--

GRANT ALL ON TABLE public.list_subscribers TO restya;


--
-- Name: TABLE lists_listing; Type: ACL; Schema: public; Owner: -
--

GRANT ALL ON TABLE public.lists_listing TO restya;


--
-- Name: TABLE boards_listing; Type: ACL; Schema: public; Owner: -
--

GRANT ALL ON TABLE public.boards_listing TO restya;


--
-- Name: TABLE cards_elasticsearch_listing; Type: ACL; Schema: public; Owner: -
--

GRANT ALL ON TABLE public.cards_elasticsearch_listing TO restya;


--
-- Name: TABLE checklist_add_listing; Type: ACL; Schema: public; Owner: -
--

GRANT ALL ON TABLE public.checklist_add_listing TO restya;


--
-- Name: SEQUENCE cities_id_seq; Type: ACL; Schema: public; Owner: -
--

GRANT ALL ON SEQUENCE public.cities_id_seq TO restya;


--
-- Name: SEQUENCE cities_id_seq1; Type: ACL; Schema: public; Owner: -
--

GRANT ALL ON SEQUENCE public.cities_id_seq1 TO restya;


--
-- Name: SEQUENCE countries_id_seq; Type: ACL; Schema: public; Owner: -
--

GRANT ALL ON SEQUENCE public.countries_id_seq TO restya;


--
-- Name: SEQUENCE countries_id_seq1; Type: ACL; Schema: public; Owner: -
--

GRANT ALL ON SEQUENCE public.countries_id_seq1 TO restya;


--
-- Name: TABLE created_cards_listing; Type: ACL; Schema: public; Owner: -
--

GRANT ALL ON TABLE public.created_cards_listing TO restya;


--
-- Name: SEQUENCE email_templates_id_seq; Type: ACL; Schema: public; Owner: -
--

GRANT ALL ON SEQUENCE public.email_templates_id_seq TO restya;


--
-- Name: TABLE email_templates; Type: ACL; Schema: public; Owner: -
--

GRANT ALL ON TABLE public.email_templates TO restya;


--
-- Name: TABLE gadget_users_listing; Type: ACL; Schema: public; Owner: -
--

GRANT ALL ON TABLE public.gadget_users_listing TO restya;


--
-- Name: SEQUENCE languages_id_seq; Type: ACL; Schema: public; Owner: -
--

GRANT ALL ON SEQUENCE public.languages_id_seq TO restya;


--
-- Name: TABLE languages; Type: ACL; Schema: public; Owner: -
--

GRANT ALL ON TABLE public.languages TO restya;


--
-- Name: SEQUENCE list_subscribers_id_seq; Type: ACL; Schema: public; Owner: -
--

GRANT ALL ON SEQUENCE public.list_subscribers_id_seq TO restya;


--
-- Name: TABLE oauth_access_tokens; Type: ACL; Schema: public; Owner: -
--

GRANT ALL ON TABLE public.oauth_access_tokens TO restya;


--
-- Name: TABLE oauth_authorization_codes; Type: ACL; Schema: public; Owner: -
--

GRANT ALL ON TABLE public.oauth_authorization_codes TO restya;


--
-- Name: TABLE oauth_clients; Type: ACL; Schema: public; Owner: -
--

GRANT ALL ON TABLE public.oauth_clients TO restya;


--
-- Name: SEQUENCE oauth_clients_id_seq; Type: ACL; Schema: public; Owner: -
--

GRANT ALL ON SEQUENCE public.oauth_clients_id_seq TO restya;


--
-- Name: SEQUENCE oauth_clients_id_seq1; Type: ACL; Schema: public; Owner: -
--

GRANT ALL ON SEQUENCE public.oauth_clients_id_seq1 TO restya;


--
-- Name: TABLE oauth_jwt; Type: ACL; Schema: public; Owner: -
--

GRANT ALL ON TABLE public.oauth_jwt TO restya;


--
-- Name: TABLE oauth_refresh_tokens; Type: ACL; Schema: public; Owner: -
--

GRANT ALL ON TABLE public.oauth_refresh_tokens TO restya;


--
-- Name: TABLE oauth_scopes; Type: ACL; Schema: public; Owner: -
--

GRANT ALL ON TABLE public.oauth_scopes TO restya;


--
-- Name: SEQUENCE organizations_users_id_seq; Type: ACL; Schema: public; Owner: -
--

GRANT ALL ON SEQUENCE public.organizations_users_id_seq TO restya;


--
-- Name: TABLE organizations_users; Type: ACL; Schema: public; Owner: -
--

GRANT ALL ON TABLE public.organizations_users TO restya;


--
-- Name: TABLE organizations_users_listing; Type: ACL; Schema: public; Owner: -
--

GRANT ALL ON TABLE public.organizations_users_listing TO restya;


--
-- Name: TABLE organization_listing; Type: ACL; Schema: public; Owner: -
--

GRANT ALL ON TABLE public.organization_listing TO restya;


--
-- Name: SEQUENCE organization_user_roles_seq; Type: ACL; Schema: public; Owner: -
--

GRANT ALL ON SEQUENCE public.organization_user_roles_seq TO restya;


--
-- Name: TABLE organization_user_roles; Type: ACL; Schema: public; Owner: -
--

GRANT ALL ON TABLE public.organization_user_roles TO restya;


--
-- Name: TABLE organizations_listing; Type: ACL; Schema: public; Owner: -
--

GRANT ALL ON TABLE public.organizations_listing TO restya;


--
-- Name: SEQUENCE roles_id_seq; Type: ACL; Schema: public; Owner: -
--

GRANT ALL ON SEQUENCE public.roles_id_seq TO restya;


--
-- Name: TABLE roles; Type: ACL; Schema: public; Owner: -
--

GRANT ALL ON TABLE public.roles TO restya;


--
-- Name: TABLE role_links_listing; Type: ACL; Schema: public; Owner: -
--

GRANT ALL ON TABLE public.role_links_listing TO restya;


--
-- Name: TABLE setting_categories; Type: ACL; Schema: public; Owner: -
--

GRANT ALL ON TABLE public.setting_categories TO restya;


--
-- Name: SEQUENCE setting_categories_id_seq; Type: ACL; Schema: public; Owner: -
--

GRANT ALL ON SEQUENCE public.setting_categories_id_seq TO restya;


--
-- Name: SEQUENCE settings_id_seq; Type: ACL; Schema: public; Owner: -
--

GRANT ALL ON SEQUENCE public.settings_id_seq TO restya;


--
-- Name: TABLE settings; Type: ACL; Schema: public; Owner: -
--

GRANT ALL ON TABLE public.settings TO restya;


--
-- Name: TABLE settings_listing; Type: ACL; Schema: public; Owner: -
--

GRANT ALL ON TABLE public.settings_listing TO restya;


--
-- Name: TABLE simple_board_listing; Type: ACL; Schema: public; Owner: -
--

GRANT ALL ON TABLE public.simple_board_listing TO restya;


--
-- Name: SEQUENCE states_id_seq; Type: ACL; Schema: public; Owner: -
--

GRANT ALL ON SEQUENCE public.states_id_seq TO restya;


--
-- Name: SEQUENCE states_id_seq1; Type: ACL; Schema: public; Owner: -
--

GRANT ALL ON SEQUENCE public.states_id_seq1 TO restya;


--
-- Name: SEQUENCE timezones_id_seq; Type: ACL; Schema: public; Owner: -
--

GRANT ALL ON SEQUENCE public.timezones_id_seq TO restya;


--
-- Name: TABLE timezones; Type: ACL; Schema: public; Owner: -
--

GRANT ALL ON TABLE public.timezones TO restya;


--
-- Name: TABLE user_logins; Type: ACL; Schema: public; Owner: -
--

GRANT ALL ON TABLE public.user_logins TO restya;


--
-- Name: SEQUENCE user_logins_id_seq; Type: ACL; Schema: public; Owner: -
--

GRANT ALL ON SEQUENCE public.user_logins_id_seq TO restya;


--
-- Name: TABLE user_logins_listing; Type: ACL; Schema: public; Owner: -
--

GRANT ALL ON TABLE public.user_logins_listing TO restya;


--
-- Name: TABLE users_cards_listing; Type: ACL; Schema: public; Owner: -
--

GRANT ALL ON TABLE public.users_cards_listing TO restya;


--
-- Name: TABLE users_listing; Type: ACL; Schema: public; Owner: -
--

GRANT ALL ON TABLE public.users_listing TO restya;


--
-- Name: SEQUENCE webhooks_id_seq; Type: ACL; Schema: public; Owner: -
--

GRANT ALL ON SEQUENCE public.webhooks_id_seq TO restya;


--
-- Name: TABLE webhooks; Type: ACL; Schema: public; Owner: -
--

GRANT ALL ON TABLE public.webhooks TO restya;


--
--

